000
CXUS54 KTSA 010950
CF6TUL
PRELIMINARY LOCAL CLIMATOLOGICAL DATA (WS FORM: F-6)
STATION: TULSA OKLAHOMA
MONTH: FEBRUARY
YEAR: 2024
LATITUDE: 36 12 N
LONGITUDE: 95 54 W
TEMPERATURE IN F: :PCPN: SNOW: WIND :SUNSHINE: SKY :PK WND
================================================================================
1 2 3 4 5 6A 6B 7 8 9 10 11 12 13 14 15 16 17 18
12Z AVG MX 2MIN
DY MAX MIN AVG DEP HDD CDD WTR SNW DPTH SPD SPD DIR MIN PSBL S-S WX SPD DR
================================================================================
1 74 50 62 22 3 0 0.00 0.0 0 12.2 21 170 M M 7 29 170
2 68 53 61 21 4 0 0.00 0.0 0 12.2 22 170 M M 7 30 180
3 61 49 55 15 10 0 0.66 0.0 0 10.9 20 80 M M 10 1 30 90
4 52 44 48 8 17 0 0.28 0.0 0 11.2 21 10 M M 10 1 31 20
5 58 37 48 8 17 0 0.00 0.0 0 8.7 16 340 M M 2 1 23 330
6 64 30 47 6 18 0 0.00 0.0 0 4.6 13 130 M M 5 18 18 150
7 66 43 55 14 10 0 0.00 0.0 0 12.5 25 180 M M 9 33 160
8 72 54 63 22 2 0 0.00 0.0 0 15.4 26 200 M M 2 43 200
9 69 49 59 18 6 0 0.00 0.0 0 9.5 18 230 M M 8 32 240
10 56 42 49 7 16 0 0.00 0.0 0 10.3 17 40 M M 9 26 360
11 46 37 42 0 23 0 0.03 T 0 12.7 23 360 M M 9 32 360
12 53 32 43 1 22 0 0.17 0.1 0 8.7 17 10 M M 6 1 24 10
13 62 32 47 5 18 0 0.00 0.0 0 7.2 17 180 M M 1 24 170
14 70 34 52 10 13 0 0.00 0.0 0 11.5 26 190 M M 1 35 190
15 56 40 48 5 17 0 0.00 0.0 0 9.0 18 350 M M 6 25 350
16 47 32 40 -3 25 0 T 0.0 0 15.1 29 350 M M 8 1 38 340
17 35 22 29 -14 36 0 0.00 0.0 0 10.0 21 350 M M 5 29 360
18 54 21 38 -6 27 0 0.00 0.0 0 6.5 14 240 M M 0 20 220
19 63 34 49 5 16 0 0.00 0.0 0 9.2 22 170 M M 2 29 160
20 73 31 52 8 13 0 0.00 0.0 0 6.7 18 150 M M 2 24 150
21 83 42 63 19 2 0 0.00 0.0 0 9.5 21 180 M M 5 30 180
22 74 49 62 17 3 0 0.00 0.0 0 9.6 25 340 M M 3 40 350
23 70 41 56 11 9 0 0.00 0.0 0 8.2 23 290 M M 1 33 270
24 71 40 56 11 9 0 0.00 0.0 0 7.5 17 190 M M 1 25 190
25 77 51 64 18 1 0 0.00 0.0 0 7.4 23 190 M M 4 31 190
26 84 44 64 18 1 0 0.00 0.0 0 9.3 18 190 M M 6 26 190
27 80 38 59 13 6 0 0.00 0.0 0 14.9 33 340 M M 8 44 350
28 45 24 35 -12 30 0 0.00 0.0 0 10.6 29 330 M M 6 38 330
29 56 27 42 -5 23 0 0.02 T 0 7.2 21 170 M M 8 4 28 170
================================================================================
SM 1839 1122 397 0 1.16 0.1 288.3 M 151
================================================================================
AV 63.4 38.7 9.9 FASTST M M 5 MAX(MPH)
MISC ----> 33 340 44 350
================================================================================
NOTES:
# LAST OF SEVERAL OCCURRENCES
COLUMN 17 PEAK WIND IN M.P.H.
PRELIMINARY LOCAL CLIMATOLOGICAL DATA (WS FORM: F-6) , PAGE 2
STATION: TULSA OKLAHOMA
MONTH: FEBRUARY
YEAR: 2024
LATITUDE: 36 12 N
LONGITUDE: 95 54 W
[TEMPERATURE DATA] [PRECIPITATION DATA] SYMBOLS USED IN COLUMN 16
AVERAGE MONTHLY: 51.1 TOTAL FOR MONTH: 1.16 1 = FOG OR MIST
DPTR FM NORMAL: 8.3 DPTR FM NORMAL: -0.46 2 = FOG REDUCING VISIBILITY
HIGHEST: 84 ON 26 GRTST 24HR 0.88 ON 3- 4 TO 1/4 MILE OR LESS
LOWEST: 21 ON 18 3 = THUNDER
SNOW, ICE PELLETS, HAIL 4 = ICE PELLETS
TOTAL MONTH: 0.1 INCH 5 = HAIL
GRTST 24HR 0.1 ON 12-12 6 = FREEZING RAIN OR DRIZZLE
GRTST DEPTH: 0 7 = DUSTSTORM OR SANDSTORM:
VSBY 1/2 MILE OR LESS
8 = SMOKE OR HAZE
[NO. OF DAYS WITH] [WEATHER - DAYS WITH] 9 = BLOWING SNOW
X = TORNADO
MAX 32 OR BELOW: 0 0.01 INCH OR MORE: 5
MAX 90 OR ABOVE: 0 0.10 INCH OR MORE: 3
MIN 32 OR BELOW: 9 0.50 INCH OR MORE: 1
MIN 0 OR BELOW: 0 1.00 INCH OR MORE: 0
[HDD (BASE 65) ]
TOTAL THIS MO. 397 CLEAR (SCALE 0-3) 10
DPTR FM NORMAL -225 PTCLDY (SCALE 4-7) 13
TOTAL FM JUL 1 2539 CLOUDY (SCALE 8-10) 6
DPTR FM NORMAL -309
[CDD (BASE 65) ]
TOTAL THIS MO. 0
DPTR FM NORMAL -2 [PRESSURE DATA]
TOTAL FM JAN 1 0 HIGHEST SLP 30.53 ON 17
DPTR FM NORMAL -2 LOWEST SLP 29.36 ON 27
[REMARKS]
#FINAL-02-24#