000
CXUS54 KTSA 011100
CLMTUL
CLIMATE REPORT
NATIONAL WEATHER SERVICE TULSA OK
1030 AM CDT WED NOV 01 2023
...................................
...THE TULSA OKLAHOMA CLIMATE SUMMARY FOR THE MONTH OF OCTOBER 2023...
CLIMATE NORMAL PERIOD 1991 TO 2020
CLIMATE RECORD PERIOD 1882 TO 2023
WEATHER OBSERVED NORMAL DEPART LAST YEAR`S
VALUE DATE(S) VALUE FROM VALUE DATE(S)
NORMAL
................................................................
TEMPERATURE (F)
RECORD
HIGH 94 10/02/2003
LOW 23 10/28/1925
HIGHEST 89 10/01 74 15 89 10/05
10/21
LOWEST 25 10/31 51 -26 26 10/19
AVG. MAXIMUM 74.0 73.6 0.4 76.9
AVG. MINIMUM 51.7 50.9 0.8 48.9
MEAN 62.3 62.3 0.0 62.9
DAYS MAX >= 90 0 1.0 -1.0 0
DAYS MAX <= 32 0 0.0 0.0 0
DAYS MIN <= 32 2 0.7 1.3 2
DAYS MIN <= 0 0 0.0 0.0 0
PRECIPITATION (INCHES)
RECORD
MAXIMUM 16.51 1941
MINIMUM T 1924
TOTALS 4.76 3.78 0.98 1.92
DAILY AVG. 0.15 0.12 0.03 0.06
DAYS >= .01 7 8.4 -1.4 9
DAYS >= .10 6 5.0 1.0 5
DAYS >= .50 5 2.5 2.5 1
DAYS >= 1.00 1 1.2 -0.2 1
GREATEST
24 HR. TOTAL 1.85 10/04 TO 10/04
SNOWFALL (INCHES)
RECORDS
TOTAL 0.3 1993
TOTALS 0.0 0.0 0.0 0.0
SINCE 7/1 0.0 0.0 0.0 MM
SNOWDEPTH AVG. 0 0
DAYS >= 1.0 0 0.0 0.0 0
GREATEST
SNOW DEPTH 0 0 MM
24 HR TOTAL MM
DEGREE DAYS
HEATING TOTAL 154 160 -6 125
SINCE 7/1 171 177 -6 MM
COOLING TOTAL 94 74 20 68
SINCE 1/1 2295 2119 176 MM
................................................................
WIND (MPH)
AVERAGE WIND SPEED 9.2
HIGHEST WIND SPEED/DIRECTION 47/290 DATE 10/04
HIGHEST GUST SPEED/DIRECTION 66/290 DATE 10/04
SKY COVER
POSSIBLE SUNSHINE (PERCENT) MM
AVERAGE SKY COVER 0.49
NUMBER OF DAYS FAIR 11
NUMBER OF DAYS PC 12
NUMBER OF DAYS CLOUDY 8
AVERAGE RH (PERCENT) 68
WEATHER CONDITIONS. NUMBER OF DAYS WITH
THUNDERSTORM 3 MIXED PRECIP 0
HEAVY RAIN 4 RAIN 5
LIGHT RAIN 10 FREEZING RAIN 0
LT FREEZING RAIN 0 HAIL 0
HEAVY SNOW 0 SNOW 0
LIGHT SNOW 0 SLEET 0
FOG 10 FOG W/VIS <= 1/4 MILE 0
HAZE 4
- INDICATES NEGATIVE NUMBERS.
R INDICATES RECORD WAS SET OR TIED.
MM INDICATES DATA IS MISSING.
T INDICATES TRACE AMOUNT.
$$