000
CXUS55 KREV 010902
CF6TVL
PRELIMINARY LOCAL CLIMATOLOGICAL DATA (WS FORM: F-6)
STATION: SOUTH LAKE TAHOE CA
MONTH: AUGUST
YEAR: 2023
LATITUDE: 38 53 N
LONGITUDE: 119 60 W
TEMPERATURE IN F: :PCPN: SNOW: WIND :SUNSHINE: SKY :PK WND
================================================================================
1 2 3 4 5 6A 6B 7 8 9 10 11 12 13 14 15 16 17 18
12Z AVG MX 2MIN
DY MAX MIN AVG DEP HDD CDD WTR SNW DPTH SPD SPD DIR MIN PSBL S-S WX SPD DR
================================================================================
1 80 46 63 1 2 0 0.00 M M 3.9 16 20 M M 0 20 30
2 79 44 62 0 3 0 0.00 M M 4.3 16 190 M M 2 21 190
3 77 44 61 -1 4 0 0.00 M M 4.4 15 20 M M 1 22 40
4 78 44 61 -1 4 0 0.00 M M 4.0 14 20 M M 1 21 190
5 79 39 59 -3 6 0 0.00 M M 3.6 15 250 M M 0 25 240
6 80 42 61 -1 4 0 0.00 M M 3.7 13 20 M M 0 17 20
7 79 43 61 -1 4 0 0.00 M M 4.9 18 190 M M 0 24 200
8 79 42 61 -1 4 0 0.00 M M 3.9 15 190 M M 0 24 200
9 78 39 59 -2 6 0 0.00 M M 3.6 15 200 M M 0 25 170
10 78 37 58 -3 7 0 0.00 M M 5.3 14 30 M M 0 19 30
11 79 44 62 1 3 0 T M M 4.6 22 170 M M 2 3 29 180
12 83 47 65 4 0 0 0.01 M M 3.9 15 180 M M 3 3 19 190
13 86 51 69 8 0 4 0.00 M M 3.3 20 180 M M 0 24 190
14 79 51 65 4 0 0 0.14 M M 2.0 13 10 M M 3 13 18 20
15 76 45 61 0 4 0 0.12 M M 2.9 15 190 M M 3 3 21 200
16 80 44 62 2 3 0 0.02 M M 3.8 15 190 M M 5 3 19 170
17 81 53 67 7 0 2 0.01 M M 2.4 16 190 M M 4 3 20 230
18 77 45 61 1 4 0 0.01 M M 2.9 18 20 M M 2 3 23 30
19 76 44 60 0 5 0 0.10 M M 2.9 22 180 M M 4 13 30 200
20 62 51 57 -3 8 0 0.43 M M 3.2 10 80 M M 9 1 19 50
21 64 46 55 -5 10 0 0.20 M M 4.5 17 180 M M 8 1 22 180
22 65 46 56 -4 9 0 0.02 M M 2.4 15 180 M M 7 1 18 170
23 74 42 58 -1 7 0 0.00 M M 2.3 10 20 M M 1 14 20
24 80 44 62 3 3 0 0.01 M M 6.0 28 180 M M 1 35 180
25 78 44 61 2 4 0 0.00 M M 5.0 20 190 M M 2 27 200
26 78 42 60 1 5 0 0.00 M M 4.3 16 190 M M 1 22 190
27 79 42 61 2 4 0 0.00 M M 3.5 13 20 M M 0 17 30
28 83 42 63 5 2 0 0.00 M M 3.3 13 30 M M 0 18 20
29 79 44 62 4 3 0 0.00 M M 5.6 20 180 M M 0 30 200
30 80 35 58 0 7 0 0.00 M M 2.8 10 30 M M 0 13 30
31 75 34 55 -3 10 0 0.00 M M 7.3 25 180 M M 0 42 180
================================================================================
SM 2401 1356 135 6 1.07 M 120.5 M 59
================================================================================
AV 77.5 43.7 3.9 FASTST M M 2 MAX(MPH)
MISC ----> 28 180 42 180
================================================================================
NOTES:
# LAST OF SEVERAL OCCURRENCES
COLUMN 17 PEAK WIND IN M.P.H.
PRELIMINARY LOCAL CLIMATOLOGICAL DATA (WS FORM: F-6) , PAGE 2
STATION: SOUTH LAKE TAHOE CA
MONTH: AUGUST
YEAR: 2023
LATITUDE: 38 53 N
LONGITUDE: 119 60 W
[TEMPERATURE DATA] [PRECIPITATION DATA] SYMBOLS USED IN COLUMN 16
AVERAGE MONTHLY: 60.6 TOTAL FOR MONTH: 1.07 1 = FOG OR MIST
DPTR FM NORMAL: 0.2 DPTR FM NORMAL: 0.71 2 = FOG REDUCING VISIBILITY
HIGHEST: 86 ON 13 GRTST 24HR 0.59 ON 20-21 TO 1/4 MILE OR LESS
LOWEST: 34 ON 31 3 = THUNDER
SNOW, ICE PELLETS, HAIL 4 = ICE PELLETS
TOTAL MONTH: M 5 = HAIL
GRTST 24HR M ON M 6 = FREEZING RAIN OR DRIZZLE
GRTST DEPTH: M ON M 7 = DUSTSTORM OR SANDSTORM:
VSBY 1/2 MILE OR LESS
8 = SMOKE OR HAZE
[NO. OF DAYS WITH] [WEATHER - DAYS WITH] 9 = BLOWING SNOW
X = TORNADO
MAX 32 OR BELOW: 0 0.01 INCH OR MORE: 11
MAX 90 OR ABOVE: 0 0.10 INCH OR MORE: 5
MIN 32 OR BELOW: 0 0.50 INCH OR MORE: 0
MIN 0 OR BELOW: 0 1.00 INCH OR MORE: 0
[HDD (BASE 65) ]
TOTAL THIS MO. 135 CLEAR (SCALE 0-3) 25
DPTR FM NORMAL -18 PTCLDY (SCALE 4-7) 4
TOTAL FM JUL 1 191 CLOUDY (SCALE 8-10) 2
DPTR FM NORMAL -91
[CDD (BASE 65) ]
TOTAL THIS MO. 6
DPTR FM NORMAL -2 [PRESSURE DATA]
TOTAL FM JAN 1 49 HIGHEST SLP M ON M
DPTR FM NORMAL 21 LOWEST SLP 29.70 ON 31
[REMARKS]
#FINAL-08-23#