000
CXUS54 KSHV 011300
CF6TYR
PRELIMINARY LOCAL CLIMATOLOGICAL DATA (WS FORM: F-6)
STATION: TYLER
MONTH: MAY
YEAR: 2022
LATITUDE: 32 22 N
LONGITUDE: 95 24 W
TEMPERATURE IN F: :PCPN: SNOW: WIND :SUNSHINE: SKY :PK WND
================================================================================
1 2 3 4 5 6A 6B 7 8 9 10 11 12 13 14 15 16 17 18
12Z AVG MX 2MIN
DY MAX MIN AVG DEP HDD CDD WTR SNW DPTH SPD SPD DIR MIN PSBL S-S WX SPD DR
================================================================================
1 86 63 75 6 0 10 0.00 0.0 0 8.3 16 140 M M 2 21 140
2 88 71 80 10 0 15 0.02 0.0 0 13.8 23 180 M M 5 30 190
3 77 64 71 1 0 6 0.53 0.0 0 9.0 23 180 M M 8 13 29 170
4 90 66 78 8 0 13 0.00 0.0 0 10.1 18 170 M M 5 1 26 160
5 77 61 69 -1 0 4 2.93 0.0 0 8.7 23 320 M M 6 138 30 320
6 83 55 69 -2 0 4 0.00 0.0 0 3.6 12 210 M M 0 14 310
7 88 68 78 7 0 13 0.00 0.0 0 9.4 17 140 M M 5 3 22 110
8 93 75 84 13 0 19 0.00 0.0 0 13.6 24 170 M M 3 8 29 210
9 93 75 84 12 0 19 0.00 0.0 0 13.8 21 170 M M 5 28 150
10 92 73 83 11 0 18 0.00 0.0 0 10.3 17 140 M M 2 23 190
11 89 71 80 8 0 15 0.00 0.0 0 7.9 15 150 M M 1 20 200
12 91 68 80 8 0 15 0.00 0.0 0 7.7 14 170 M M 0 1 18 180
13 90 65 78 5 0 13 0.00 0.0 0 9.1 15 190 M M 0 20 200
14 91 71 81 8 0 16 0.00 0.0 0 7.5 16 170 M M 0 23 160
15 91 69 80 7 0 15 0.05 0.0 0 8.8 24 340 M M 0 3 46 340
16 90 67 79 5 0 14 0.19 0.0 0 8.2 24 70 M M 2 3 33 70
17 92 72 82 8 0 17 0.00 0.0 0 9.7 16 190 M M 0 21 210
18 93 72 83 9 0 18 0.00 0.0 0 13.5 22 190 M M 1 28 170
19 92 72 82 7 0 17 0.00 0.0 0 16.9 28 180 M M 1 34 180
20 94 73 84 9 0 19 0.00 0.0 0 16.3 24 160 M M 4 8 31 180
21 95 62 79 4 0 14 0.62 0.0 0 11.8 24 310 M M 4 13 36 270
22 68 61 65 -11 0 0 0.01 0.0 0 8.0 15 230 M M 10 18 18 230
23 78 62 70 -6 0 5 0.00 0.0 0 8.2 16 110 M M 8 20 110
24 86 62 74 -2 0 9 0.20 0.0 0 10.5 29 160 M M 7 138 38 180
25 76 61 69 -7 0 4 0.22 0.0 0 9.5 18 270 M M 6 13 24 270
26 88 56 72 -5 0 7 0.00 0.0 0 9.0 23 280 M M 0 31 300
27 88 56 72 -5 0 7 0.00 0.0 0 3.8 14 340 M M 0 18 350
28 93 61 77 0 0 12 0.00 0.0 0 10.1 16 160 M M 0 25 160
29 92 70 81 3 0 16 0.00 0.0 0 14.9 23 180 M M 2 28 200
30 93 75 84 6 0 19 0.00 0.0 0 16.3 23 170 M M 4 32 170
31 95 75 85 7 0 20 0.00 0.0 0 10.8 18 200 M M 5 24 160
================================================================================
SM 2732 2072 0 393 4.77 0.0 319.1 M 96
================================================================================
AV 88.1 66.8 10.3 FASTST M M 3 MAX(MPH)
MISC ----> 29 160 46 340
================================================================================
NOTES:
# LAST OF SEVERAL OCCURRENCES
COLUMN 17 PEAK WIND IN M.P.H.
PRELIMINARY LOCAL CLIMATOLOGICAL DATA (WS FORM: F-6) , PAGE 2
STATION: TYLER
MONTH: MAY
YEAR: 2022
LATITUDE: 32 22 N
LONGITUDE: 95 24 W
[TEMPERATURE DATA] [PRECIPITATION DATA] SYMBOLS USED IN COLUMN 16
AVERAGE MONTHLY: 77.5 TOTAL FOR MONTH: 4.77 1 = FOG OR MIST
DPTR FM NORMAL: 3.8 DPTR FM NORMAL: 0.70 2 = FOG REDUCING VISIBILITY
HIGHEST: 95 ON 31,21 GRTST 24HR 2.93 ON 5- 5 TO 1/4 MILE OR LESS
LOWEST: 55 ON 6 3 = THUNDER
SNOW, ICE PELLETS, HAIL 4 = ICE PELLETS
TOTAL MONTH: 0.0 INCH 5 = HAIL
GRTST 24HR 0.0 6 = FREEZING RAIN OR DRIZZLE
GRTST DEPTH: 0 7 = DUSTSTORM OR SANDSTORM:
VSBY 1/2 MILE OR LESS
8 = SMOKE OR HAZE
[NO. OF DAYS WITH] [WEATHER - DAYS WITH] 9 = BLOWING SNOW
X = TORNADO
MAX 32 OR BELOW: 0 0.01 INCH OR MORE: 9
MAX 90 OR ABOVE: 18 0.10 INCH OR MORE: 6
MIN 32 OR BELOW: 0 0.50 INCH OR MORE: 3
MIN 0 OR BELOW: 0 1.00 INCH OR MORE: 1
[HDD (BASE 65) ]
TOTAL THIS MO. 0 CLEAR (SCALE 0-3) 17
DPTR FM NORMAL -8 PTCLDY (SCALE 4-7) 13
TOTAL FM JUL 1 1764 CLOUDY (SCALE 8-10) 1
DPTR FM NORMAL -306
[CDD (BASE 65) ]
TOTAL THIS MO. 393
DPTR FM NORMAL 115 [PRESSURE DATA]
TOTAL FM JAN 1 574 HIGHEST SLP 30.20 ON 22
DPTR FM NORMAL 141 LOWEST SLP 29.59 ON 20
[REMARKS]
#FINAL-05-22#