000
CXUS53 KUNR 021611
CF6UNR
PRELIMINARY LOCAL CLIMATOLOGICAL DATA (WS FORM: F-6)
STATION: EAST RAPID CITY SD
MONTH: NOVEMBER
YEAR: 2023
LATITUDE: 44 4 N
LONGITUDE: 103 13 W
TEMPERATURE IN F: :PCPN: SNOW: WIND :SUNSHINE: SKY :PK WND
================================================================================
1 2 3 4 5 6A 6B 7 8 9 10 11 12 13 14 15 16 17 18
12Z AVG MX 2MIN
DY MAX MIN AVG DEP HDD CDD WTR SNW DPTH SPD SPD DIR MIN PSBL S-S WX SPD DR
================================================================================
1 53 37 45 3 20 0 0.00 0.0 0 3.4 8 20 M M M 14 270
2 63 34 49 7 16 0 0.00 0.0 0 5.0 12 100 M M M 16 90
3 57 39 48 7 17 0 T 0.0 0 3.8 15 10 M M M 18 20
4 62 41 52 11 13 0 0.07 0.0 0 5.5 17 140 M M 0 24 140
5 73 44 59 18 6 0 T 0.0 0 7.0 30 320 M M 0 41 330
6 59 40 50 10 15 0 0.00 0.0 0 4.7 12 120 M M 0 16 150
7 57 36 47 7 18 0 0.00 0.0 0 3.9 14 360 M M M 20 270
8 49 39 44 4 21 0 0.00 0.0 0 9.3 30 320 M M M 44 320
9 45 28 37 -2 28 0 0.00 0.0 0 8.1 24 330 M M M 38 320
10 46 21 34 -5 31 0 0.00 0.0 0 4.5 12 110 M M M 16 120
11 53 29 41 3 24 0 0.00 0.0 0 3.9 12 280 M M M 15 280
12 61 41 51 13 14 0 0.00 0.0 0 5.2 14 10 M M M 20 10
13 71 29 50 12 15 0 0.00 0.0 0 6.5 18 180 M M M 32 200
14 61 40 51 14 14 0 0.00 0.0 0 6.4 22 360 M M M 33 360
15 70 43 57 20 8 0 0.00 0.0 0 5.1 14 200 M M M 18 200
16 61 24 43 6 22 0 0.00 0.0 0 9.6 32 330 M M M 51 330
17 58 24 41 5 24 0 0.00 0.0 0 4.3 16 350 M M M 24 350
18 59 41 50 14 15 0 0.00 0.0 0 4.9 10 300 M M M 15 270
19 48 38 43 7 22 0 0.00 0.0 0 4.9 9 290 M M M 12 290
20 49 37 43 8 22 0 0.02 0.0 0 16.9 32 320 M M M 49 320
21 52 30 41 6 24 0 0.00 0.0 0 3.8 12 300 M M M 17 300
22 63 36 50 16 15 0 0.00 0.0 0 11.0 25 360 M M M 36 330
23 36 17 27 -7 38 0 0.01 0.1 0 8.9 14 30 M M M 20 360
24 19 13 16 -18 49 0 0.01 0.2 0 6.9 13 140 M M M 17 140
25 35 14 25 -8 40 0 0.02 0.6 1 5.1 28 320 M M M 41 320
26 37 27 32 -1 33 0 T T T 12.2 36 330 M M M 55 330
27 42 26 34 2 31 0 0.00 0.0 T 5.7 21 330 M M M 29 330
28 54 26 40 8 25 0 0.00 0.0 0 6.1 17 330 M M M 23 320
29 56 28 42 10 23 0 0.00 0.0 0 8.2 23 360 M M M 35 360
30 36 24 30 -2 35 0 0.00 0.0 M 5.7 14 320 M M M 18 330
================================================================================
SM 1585 946 678 0 0.13 0.9 196.5 M 0
================================================================================
AV 52.8 31.5 6.6 FASTST M M 0 MAX(MPH)
MISC ----> 36 330 55 330
================================================================================
NOTES:
# LAST OF SEVERAL OCCURRENCES
COLUMN 17 PEAK WIND IN M.P.H.
PRELIMINARY LOCAL CLIMATOLOGICAL DATA (WS FORM: F-6) , PAGE 2
STATION: EAST RAPID CITY SD
MONTH: NOVEMBER
YEAR: 2023
LATITUDE: 44 4 N
LONGITUDE: 103 13 W
[TEMPERATURE DATA] [PRECIPITATION DATA] SYMBOLS USED IN COLUMN 16
AVERAGE MONTHLY: 42.2 TOTAL FOR MONTH: 0.13 1 = FOG OR MIST
DPTR FM NORMAL: 5.4 DPTR FM NORMAL: -0.35 2 = FOG REDUCING VISIBILITY
HIGHEST: 73 ON 5 GRTST 24HR 0.07 ON 4- 4 TO 1/4 MILE OR LESS
LOWEST: 13 ON 24 3 = THUNDER
SNOW, ICE PELLETS, HAIL 4 = ICE PELLETS
TOTAL MONTH: 0.9 INCH 5 = HAIL
GRTST 24HR 0.6 ON 25-25 6 = FREEZING RAIN OR DRIZZLE
GRTST DEPTH: 1 ON 25 7 = DUSTSTORM OR SANDSTORM:
VSBY 1/2 MILE OR LESS
8 = SMOKE OR HAZE
[NO. OF DAYS WITH] [WEATHER - DAYS WITH] 9 = BLOWING SNOW
X = TORNADO
MAX 32 OR BELOW: 1 0.01 INCH OR MORE: 5
MAX 90 OR ABOVE: 0 0.10 INCH OR MORE: 0
MIN 32 OR BELOW: 15 0.50 INCH OR MORE: 0
MIN 0 OR BELOW: 0 1.00 INCH OR MORE: 0
[HDD (BASE 65) ]
TOTAL THIS MO. 678 CLEAR (SCALE 0-3) 3
DPTR FM NORMAL -168 PTCLDY (SCALE 4-7) 0
TOTAL FM JUL 1 1300 CLOUDY (SCALE 8-10) 27
DPTR FM NORMAL -253
[CDD (BASE 65) ]
TOTAL THIS MO. 0
DPTR FM NORMAL 0 [PRESSURE DATA]
TOTAL FM JAN 1 767 HIGHEST SLP M ON M
DPTR FM NORMAL 88 LOWEST SLP 26.40 ON 5
[REMARKS]
#FINAL-11-23#