000
CXUS53 KUNR 010930
CF6UNR
PRELIMINARY LOCAL CLIMATOLOGICAL DATA (WS FORM: F-6)
STATION: EAST RAPID CITY SD
MONTH: SEPTEMBER
YEAR: 2023
LATITUDE: 44 4 N
LONGITUDE: 103 13 W
TEMPERATURE IN F: :PCPN: SNOW: WIND :SUNSHINE: SKY :PK WND
================================================================================
1 2 3 4 5 6A 6B 7 8 9 10 11 12 13 14 15 16 17 18
12Z AVG MX 2MIN
DY MAX MIN AVG DEP HDD CDD WTR SNW DPTH SPD SPD DIR MIN PSBL S-S WX SPD DR
================================================================================
1 92 62 77 9 0 12 0.00 0.0 0 5.5 13 360 M M M 18 10
2 101 71 86 18 0 21 0.00 0.0 0 5.0 16 290 M M M 23 280
3 97 72 85 17 0 20 0.00 0.0 0 6.7 17 200 M M M 30 230
4 91 59 75 8 0 10 0.36 0.0 0 6.8 28 330 M M M 35 52 330
5 66 52 59 -8 6 0 0.05 0.0 0 16.0 34 320 M M M 49 330
6 78 45 62 -5 3 0 0.00 0.0 0 6.3 21 140 M M M 28 150
7 83 54 69 3 0 4 0.00 0.0 0 7.1 20 330 M M M 29 350
8 88 61 75 9 0 10 0.08 0.0 0 7.5 21 30 M M M 3 32 150
9 71 56 64 -1 1 0 0.23 0.0 0 7.4 21 10 M M M 35 26 10
10 58 50 54 -11 11 0 0.09 0.0 0 4.6 15 60 M M M 3 24 50
11 72 50 61 -4 4 0 0.00 0.0 0 3.6 12 120 M M M 16 150
12 79 53 66 2 0 1 0.00 0.0 M 3.5 5 250 M M M 26 160
13 85 53 69 5 0 4 0.15 0.0 0 M M M M M M 3 35 180
14 68 58 63 0 2 0 0.01 0.0 0 5.6 17 300 M M M 25 320
15 73 55 64 1 1 0 0.00 0.0 0 7.2 20 10 M M M 25 10
16 77 53 65 3 0 0 0.00 0.0 0 4.8 10 40 M M M 15 30
17 83 51 67 5 0 2 0.00 0.0 0 4.2 12 120 M M M 18 260
18 88 62 75 13 0 10 0.00 0.0 0 6.6 16 10 M M M 22 20
19 81 61 71 10 0 6 T 0.0 0 8.6 25 10 M M M 3 39 10
20 75 57 66 5 0 1 0.00 0.0 0 5.2 12 300 M M M 16 300
21 77 53 65 5 0 0 T 0.0 0 5.9 15 140 M M M 23 130
22 64 53 59 -1 6 0 0.24 0.0 0 4.7 22 100 M M M 3 30 100
23 61 46 54 -5 11 0 0.05 0.0 0 6.2 25 360 M M M 37 360
24 72 55 64 5 1 0 0.00 0.0 0 10.1 28 330 M M M 39 330
25 76 52 64 6 1 0 0.00 0.0 0 4.1 10 30 M M M 15 40
26 76 49 63 5 2 0 0.00 0.0 0 6.6 23 140 M M 0 33 150
27 78 47 63 6 2 0 0.00 0.0 0 3.4 13 20 M M M 16 20
28 69 54 62 5 3 0 T 0.0 0 10.1 24 330 M M M 3 36 320
29 72 52 62 6 3 0 0.03 0.0 0 6.6 25 330 M M M 3 36 330
30 80 52 66 10 0 1 0.00 0.0 0 6.3 21 140 M M M 25 150
================================================================================
SM 2331 1648 57 102 1.29 0.0 186.2 M 0
================================================================================
AV 77.7 54.9 6.4 FASTST M M 0 MAX(MPH)
MISC ----> 34 320 52 330
================================================================================
NOTES:
# LAST OF SEVERAL OCCURRENCES
COLUMN 17 PEAK WIND IN M.P.H.
PRELIMINARY LOCAL CLIMATOLOGICAL DATA (WS FORM: F-6) , PAGE 2
STATION: EAST RAPID CITY SD
MONTH: SEPTEMBER
YEAR: 2023
LATITUDE: 44 4 N
LONGITUDE: 103 13 W
[TEMPERATURE DATA] [PRECIPITATION DATA] SYMBOLS USED IN COLUMN 16
AVERAGE MONTHLY: 66.3 TOTAL FOR MONTH: 1.29 1 = FOG OR MIST
DPTR FM NORMAL: 3.9 DPTR FM NORMAL: -0.11 2 = FOG REDUCING VISIBILITY
HIGHEST: 101 ON 2 GRTST 24HR 0.36 ON 4- 4 TO 1/4 MILE OR LESS
LOWEST: 45 ON 6 3 = THUNDER
SNOW, ICE PELLETS, HAIL 4 = ICE PELLETS
TOTAL MONTH: 0.0 INCH 5 = HAIL
GRTST 24HR 0.0 6 = FREEZING RAIN OR DRIZZLE
GRTST DEPTH: 0 7 = DUSTSTORM OR SANDSTORM:
VSBY 1/2 MILE OR LESS
8 = SMOKE OR HAZE
[NO. OF DAYS WITH] [WEATHER - DAYS WITH] 9 = BLOWING SNOW
X = TORNADO
MAX 32 OR BELOW: 0 0.01 INCH OR MORE: 10
MAX 90 OR ABOVE: 4 0.10 INCH OR MORE: 4
MIN 32 OR BELOW: 0 0.50 INCH OR MORE: 0
MIN 0 OR BELOW: 0 1.00 INCH OR MORE: 0
[HDD (BASE 65) ]
TOTAL THIS MO. 57 CLEAR (SCALE 0-3) 1
DPTR FM NORMAL -100 PTCLDY (SCALE 4-7) 0
TOTAL FM JUL 1 82 CLOUDY (SCALE 8-10) 29
DPTR FM NORMAL -103
[CDD (BASE 65) ]
TOTAL THIS MO. 102
DPTR FM NORMAL 23 [PRESSURE DATA]
TOTAL FM JAN 1 765 HIGHEST SLP M ON M
DPTR FM NORMAL 92 LOWEST SLP 26.40 ON 4
[REMARKS]
#FINAL-09-23#