000
CXUS54 KEWX 051854
CF6UVA
PRELIMINARY LOCAL CLIMATOLOGICAL DATA (WS FORM: F-6)
STATION: UVALDE
MONTH: JUNE
YEAR: 2022
LATITUDE: 29 12 N
LONGITUDE: 99 44 W
TEMPERATURE IN F: :PCPN: SNOW: WIND :SUNSHINE: SKY :PK WND
================================================================================
1 2 3 4 5 6A 6B 7 8 9 10 11 12 13 14 15 16 17 18
12Z AVG MX 2MIN
DY MAX MIN AVG DEP HDD CDD WTR SNW DPTH SPD SPD DIR MIN PSBL S-S WX SPD DR
================================================================================
1 97 74 86 M 0 21 0.00 M M 12.0 18 120 M M 5 24 130
2 95 72 84 M 0 19 0.00 M M 6.9 14 120 M M 4 18 190
3 95 74 85 M 0 20 0.00 M M 6.6 13 140 M M 4 18 130
4 98 66 82 M 0 17 0.00 M M 8.7 24 360 M M 1 8 41 330
5 103 69 86 M 0 21 0.00 M M 10.3 18 140 M M 0 23 130
6 105 73 89 M 0 24 0.00 M M 10.4 17 120 M M 2 22 120
7 105 74 90 M 0 25 0.00 M M 11.9 17 120 M M 3 24 120
8 101 70 86 M 0 21 0.00 M M 9.7 17 140 M M 2 1 24 100
9 98 72 85 M 0 20 0.00 M M 8.2 13 120 M M 4 21 130
10 101 75 88 M 0 23 0.00 M M 6.9 14 140 M M 3 18 100
11 104 72 88 M 0 23 0.00 M M 6.7 16 140 M M 0 18 21 140
12 87 73 80 M 0 15 0.00 M M 6.7 13 140 M M 0 22 140
13 103 73 88 M 0 23 0.00 M M 14.4 23 130 M M 1 18 31 130
14 101 75 88 M 0 23 0.00 M M 15.4 22 140 M M 1 35 150
15 100 77 89 M 0 24 0.00 M M 14.0 18 130 M M 4 28 170
16 101 73 87 M 0 22 0.00 M M 12.0 18 140 M M 1 18 26 150
17 97 67 82 M 0 17 0.00 M M 7.5 14 90 M M 0 1 28 90
18 98 69 84 M 0 19 0.00 M M 8.9 14 120 M M 3 22 100
19 99 73 86 M 0 21 0.00 M M 9.1 16 130 M M 3 23 160
20 100 71 86 M 0 21 0.00 M M 9.0 17 130 M M 2 25 130
21 99 72 86 M 0 21 0.00 M M 9.2 17 140 M M 3 24 120
22 97 72 85 M 0 20 0.00 M M 6.8 12 130 M M 3 18 140
23 100 70 85 M 0 20 0.00 M M 7.2 14 170 M M 0 21 220
24 101 73 87 M 0 22 0.00 M M 8.3 16 140 M M 0 26 140
25 100 73 87 M 0 22 0.00 M M 10.0 17 140 M M 1 26 140
26 99 72 86 M 0 21 0.00 M M 6.9 15 130 M M 3 21 130
27 100 72 86 M 0 21 0.00 M M 7.9 22 110 M M 2 8 33 40
28 96 73 85 M 0 20 0.03 M M 6.9 17 80 M M 2 29 100
29 98 72 85 M 0 20 0.00 M M 6.5 15 130 M M 1 20 110
30 100 73 87 M 0 22 0.00 M M 5.7 13 130 M M 2 21 120
================================================================================
SM 2978 2164 0 628 0.03 M 270.9 M 60
================================================================================
AV 99.3 72.1 9.0 FASTST M M 2 MAX(MPH)
MISC ----> 24 360 41 330
================================================================================
NOTES:
# LAST OF SEVERAL OCCURRENCES
COLUMN 17 PEAK WIND IN M.P.H.
PRELIMINARY LOCAL CLIMATOLOGICAL DATA (WS FORM: F-6) , PAGE 2
STATION: UVALDE
MONTH: JUNE
YEAR: 2022
LATITUDE: 29 12 N
LONGITUDE: 99 44 W
[TEMPERATURE DATA] [PRECIPITATION DATA] SYMBOLS USED IN COLUMN 16
AVERAGE MONTHLY: 85.7 TOTAL FOR MONTH: 0.03 1 = FOG OR MIST
DPTR FM NORMAL: 0.0 DPTR FM NORMAL: M 2 = FOG REDUCING VISIBILITY
HIGHEST: 105 ON 7, 6 GRTST 24HR 0.03 ON 28-28 TO 1/4 MILE OR LESS
LOWEST: 66 ON 4 3 = THUNDER
SNOW, ICE PELLETS, HAIL 4 = ICE PELLETS
TOTAL MONTH: M 5 = HAIL
GRTST 24HR M ON M 6 = FREEZING RAIN OR DRIZZLE
GRTST DEPTH: M ON M 7 = DUSTSTORM OR SANDSTORM:
VSBY 1/2 MILE OR LESS
8 = SMOKE OR HAZE
[NO. OF DAYS WITH] [WEATHER - DAYS WITH] 9 = BLOWING SNOW
X = TORNADO
MAX 32 OR BELOW: 0 0.01 INCH OR MORE: 1
MAX 90 OR ABOVE: 29 0.10 INCH OR MORE: 0
MIN 32 OR BELOW: 0 0.50 INCH OR MORE: 0
MIN 0 OR BELOW: 0 1.00 INCH OR MORE: 0
[HDD (BASE 65) ]
TOTAL THIS MO. 0 CLEAR (SCALE 0-3) 23
DPTR FM NORMAL M PTCLDY (SCALE 4-7) 7
TOTAL FM JUL 1 1290 CLOUDY (SCALE 8-10) 0
DPTR FM NORMAL M
[CDD (BASE 65) ]
TOTAL THIS MO. 628
DPTR FM NORMAL M [PRESSURE DATA]
TOTAL FM JAN 1 1548 HIGHEST SLP M ON M
DPTR FM NORMAL M LOWEST SLP M ON M
[REMARKS]
#FINAL-06-22#