000
CXUS56 KSTO 011300
CF6VCB
PRELIMINARY LOCAL CLIMATOLOGICAL DATA (WS FORM: F-6)
STATION: VACAVILLE
MONTH: MAY
YEAR: 2023
LATITUDE: 38 22 N
LONGITUDE: 121-58 E
TEMPERATURE IN F: :PCPN: SNOW: WIND :SUNSHINE: SKY :PK WND
================================================================================
1 2 3 4 5 6A 6B 7 8 9 10 11 12 13 14 15 16 17 18
12Z AVG MX 2MIN
DY MAX MIN AVG DEP HDD CDD WTR SNW DPTH SPD SPD DIR MIN PSBL S-S WX SPD DR
================================================================================
1 61 48 55 -8 10 0 0.15 M M 7.4 14 210 M M 8 1 19 220
2 63 48 56 -7 9 0 T M M 6.3 17 130 M M 7 23 130
3 63 46 55 -8 10 0 0.00 M M 4.9 18 150 M M 6 25 130
4 64 45 55 -8 10 0 0.00 M M 5.7 12 220 M M 7 16 230
5 68 49 59 -5 6 0 0.00 M M 9.3 18 240 M M 7 26 240
6 66 48 57 -7 8 0 0.09 M M 9.3 21 220 M M 5 1 29 250
7 69 37 53 -11 12 0 0.00 M M 5.7 16 240 M M 1 21 210
8 69 46 58 -6 7 0 0.04 M M 6.9 15 220 M M 4 18 20 210
9 74 43 59 -5 6 0 0.00 M M 3.7 13 220 M M 1 18 210
10 70 43 57 -8 8 0 0.00 M M 10.3 20 210 M M 0 27 210
11 77 41 59 -6 6 0 0.00 M M 4.7 15 220 M M 0 19 230
12 86 48 67 2 0 2 0.00 M M 3.9 9 220 M M 0 15 340
13 96 52 74 9 0 9 0.00 M M 4.6 14 340 M M 0 18 330
14 87 56 72 6 0 7 0.00 M M 5.9 16 220 M M 0 20 210
15 86 52 69 3 0 4 0.00 M M 6.2 14 220 M M 0 20 200
16 93 48 71 5 0 6 0.00 M M 2.5 9 170 M M 0 13 260
17 91 52 72 6 0 7 0.00 M M 4.7 13 210 M M 0 16 180
18 90 51 71 5 0 6 0.00 M M 4.7 13 220 M M 0 16 180
19 88 54 71 4 0 6 0.00 M M 5.7 13 220 M M 0 17 190
20 83 54 69 2 0 4 0.00 M M 9.1 15 220 M M 0 22 220
21 88 53 71 4 0 6 0.00 M M 5.4 13 230 M M 0 17 180
22 91 52 72 5 0 7 0.00 M M 5.5 13 220 M M 0 16 240
23 76 55 66 -2 0 1 0.00 M M 13.6 21 210 M M 0 30 220
24 76 53 65 -3 0 0 0.00 M M 12.7 20 210 M M 0 30 220
25 73 53 63 -5 2 0 0.00 M M 12.1 23 220 M M M 32 220
26 76 54 65 -3 0 0 0.00 M M 11.6 20 220 M M M 25 210
27 79 53 66 -2 0 1 0.00 M M 8.2 18 220 M M M 24 220
28 77 57 67 -2 0 2 0.00 M M 7.9 23 220 M M M 32 220
29 77 54 66 -3 0 1 0.00 M M 10.1 20 220 M M M 29 220
30 76 51 64 -5 1 0 0.00 M M 9.8 22 230 M M 0 30 230
31 79 52 66 -3 0 1 0.00 M M 8.2 15 220 M M 0 19 210
================================================================================
SM 2412 1548 95 70 0.28 M 226.6 M 46
================================================================================
AV 77.8 49.9 7.3 FASTST M M 2 MAX(MPH)
MISC ----> # 23 220 # 32 220
================================================================================
NOTES:
# LAST OF SEVERAL OCCURRENCES
COLUMN 17 PEAK WIND IN M.P.H.
PRELIMINARY LOCAL CLIMATOLOGICAL DATA (WS FORM: F-6) , PAGE 2
STATION: VACAVILLE
MONTH: MAY
YEAR: 2023
LATITUDE: 38 22 N
LONGITUDE: 121-58 E
[TEMPERATURE DATA] [PRECIPITATION DATA] SYMBOLS USED IN COLUMN 16
AVERAGE MONTHLY: 63.9 TOTAL FOR MONTH: 0.28 1 = FOG OR MIST
DPTR FM NORMAL: -2.2 DPTR FM NORMAL: -0.53 2 = FOG REDUCING VISIBILITY
HIGHEST: 96 ON 13 GRTST 24HR 0.15 ON 1- 1 TO 1/4 MILE OR LESS
LOWEST: 37 ON 7 3 = THUNDER
SNOW, ICE PELLETS, HAIL 4 = ICE PELLETS
TOTAL MONTH: M 5 = HAIL
GRTST 24HR M ON M 6 = FREEZING RAIN OR DRIZZLE
GRTST DEPTH: M ON M 7 = DUSTSTORM OR SANDSTORM:
VSBY 1/2 MILE OR LESS
8 = SMOKE OR HAZE
[NO. OF DAYS WITH] [WEATHER - DAYS WITH] 9 = BLOWING SNOW
X = TORNADO
MAX 32 OR BELOW: 0 0.01 INCH OR MORE: 3
MAX 90 OR ABOVE: 5 0.10 INCH OR MORE: 1
MIN 32 OR BELOW: 0 0.50 INCH OR MORE: 0
MIN 0 OR BELOW: 0 1.00 INCH OR MORE: 0
[HDD (BASE 65) ]
TOTAL THIS MO. 95 CLEAR (SCALE 0-3) 19
DPTR FM NORMAL 29 PTCLDY (SCALE 4-7) 7
TOTAL FM JUL 1 2741 CLOUDY (SCALE 8-10) 5
DPTR FM NORMAL 302
[CDD (BASE 65) ]
TOTAL THIS MO. 70
DPTR FM NORMAL -28 [PRESSURE DATA]
TOTAL FM JAN 1 98 HIGHEST SLP 30.12 ON 7
DPTR FM NORMAL -20 LOWEST SLP 29.71 ON 14
[REMARKS]
#FINAL-05-23#