000
CXUS54 KCRP 031536
CF6VCT
PRELIMINARY LOCAL CLIMATOLOGICAL DATA (WS FORM: F-6)
STATION: VICTORIA
MONTH: MARCH
YEAR: 2024
LATITUDE: 28 51 N
LONGITUDE: 96 55 W
TEMPERATURE IN F: :PCPN: SNOW: WIND :SUNSHINE: SKY :PK WND
================================================================================
1 2 3 4 5 6A 6B 7 8 9 10 11 12 13 14 15 16 17 18
12Z AVG MX 2MIN
DY MAX MIN AVG DEP HDD CDD WTR SNW DPTH SPD SPD DIR MIN PSBL S-S WX SPD DR
================================================================================
1 70 49 60 -1 5 0 0.00 0.0 0 5.9 14 10 M M 7 8 17 360
2 72 49 61 -1 4 0 0.00 0.0 0 5.2 14 150 M M 7 18 18 140
3 76 62 69 7 0 4 0.00 0.0 0 7.4 15 150 M M 10 128 20 140
4 82 67 75 13 0 10 0.00 0.0 0 7.9 17 160 M M 7 128 22 130
5 90 64 77 15 0 12 0.00 0.0 0 5.4 16 300 M M 4 128 21 200
6 80 62 71 9 0 6 0.00 0.0 0 8.1 16 120 M M 5 18 23 110
7 79 61 70 7 0 5 0.01 0.0 0 12.2 23 130 M M 8 18 28 140
8 86 64 75 12 0 10 0.00 0.0 0 9.3 25 350 M M 6 18 36 360
9 66 49 58 -5 7 0 0.00 0.0 0 14.5 26 340 M M 2 35 350
10 69 43 56 -7 9 0 0.00 0.0 0 5.8 14 50 M M 0 18 40
11 73 53 63 -1 2 0 0.00 0.0 0 8.2 17 130 M M 7 22 130
12 78 55 67 3 0 2 0.00 0.0 0 9.6 20 160 M M 5 1 26 160
13 82 64 73 9 0 8 0.00 0.0 0 14.6 26 160 M M 8 18 36 150
14 82 71 77 13 0 12 T 0.0 0 16.8 28 160 M M 10 18 37 150
15 84 69 77 13 0 12 T 0.0 0 11.0 22 40 M M 9 18 29 50
16 87 67 77 13 0 12 0.01 0.0 0 10.2 18 170 M M 6 138 25 170
17 72 63 68 3 0 3 0.39 0.0 0 8.8 26 60 M M 9 13 33 60
18 71 50 61 -4 4 0 0.00 0.0 0 14.5 26 50 M M 5 36 10
19 60 46 53 -12 12 0 0.02 0.0 0 4.5 13 10 M M 7 16 10
20 70 55 63 -2 2 0 T 0.0 0 6.9 15 130 M M 10 8 19 150
21 70 62 66 0 0 1 1.48 0.0 0 8.4 18 140 M M 10 13 24 120
22 81 61 71 5 0 6 0.00 0.0 0 9.8 21 360 M M 5 1 30 360
23 78 53 66 0 0 1 0.00 0.0 0 7.1 15 160 M M 0 18 170
24 77 57 67 1 0 2 0.00 0.0 0 18.4 32 150 M M 6 1 51 150
25 80 57 69 3 0 4 0.02 0.0 0 12.2 26 160 M M 6 18 36 160
26 72 50 61 -5 4 0 0.00 0.0 0 9.2 21 360 M M 0 29 350
27 73 48 61 -6 4 0 0.00 0.0 0 6.9 20 10 M M 2 28 330
28 77 47 62 -5 3 0 0.00 0.0 0 7.7 18 150 M M 0 25 150
29 79 56 68 1 0 3 0.00 0.0 0 13.6 28 150 M M 2 39 160
30 78 60 69 2 0 4 0.00 0.0 0 10.2 20 150 M M 5 26 160
31 80 65 73 6 0 8 0.00 0.0 0 12.5 23 160 M M 10 18 30 190
================================================================================
SM 2374 1779 56 125 1.93 0.0 302.8 M 178
================================================================================
AV 76.6 57.4 9.8 FASTST M M 6 MAX(MPH)
MISC ----> 32 150 51 150
================================================================================
NOTES:
# LAST OF SEVERAL OCCURRENCES
COLUMN 17 PEAK WIND IN M.P.H.
PRELIMINARY LOCAL CLIMATOLOGICAL DATA (WS FORM: F-6) , PAGE 2
STATION: VICTORIA
MONTH: MARCH
YEAR: 2024
LATITUDE: 28 51 N
LONGITUDE: 96 55 W
[TEMPERATURE DATA] [PRECIPITATION DATA] SYMBOLS USED IN COLUMN 16
AVERAGE MONTHLY: 67.0 TOTAL FOR MONTH: 1.93 1 = FOG OR MIST
DPTR FM NORMAL: 2.6 DPTR FM NORMAL: -1.06 2 = FOG REDUCING VISIBILITY
HIGHEST: 90 ON 5 GRTST 24HR 1.48 ON 21-21 TO 1/4 MILE OR LESS
LOWEST: 43 ON 10 3 = THUNDER
SNOW, ICE PELLETS, HAIL 4 = ICE PELLETS
TOTAL MONTH: 0.0 INCH 5 = HAIL
GRTST 24HR 0.0 6 = FREEZING RAIN OR DRIZZLE
GRTST DEPTH: 0 7 = DUSTSTORM OR SANDSTORM:
VSBY 1/2 MILE OR LESS
8 = SMOKE OR HAZE
[NO. OF DAYS WITH] [WEATHER - DAYS WITH] 9 = BLOWING SNOW
X = TORNADO
MAX 32 OR BELOW: 0 0.01 INCH OR MORE: 6
MAX 90 OR ABOVE: 1 0.10 INCH OR MORE: 2
MIN 32 OR BELOW: 0 0.50 INCH OR MORE: 1
MIN 0 OR BELOW: 0 1.00 INCH OR MORE: 1
[HDD (BASE 65) ]
TOTAL THIS MO. 56 CLEAR (SCALE 0-3) 7
DPTR FM NORMAL -53 PTCLDY (SCALE 4-7) 15
TOTAL FM JUL 1 965 CLOUDY (SCALE 8-10) 9
DPTR FM NORMAL -175
[CDD (BASE 65) ]
TOTAL THIS MO. 125
DPTR FM NORMAL 33 [PRESSURE DATA]
TOTAL FM JAN 1 170 HIGHEST SLP 30.32 ON 10
DPTR FM NORMAL 27 LOWEST SLP 29.45 ON 25
[REMARKS]
#FINAL-03-24#