000
CXUS54 KCRP 011516
CF6VCT
PRELIMINARY LOCAL CLIMATOLOGICAL DATA (WS FORM: F-6)
STATION: VICTORIA
MONTH: JANUARY
YEAR: 2021
LATITUDE: 28 51 N
LONGITUDE: 96 55 W
TEMPERATURE IN F: :PCPN: SNOW: WIND :SUNSHINE: SKY :PK WND
================================================================================
1 2 3 4 5 6A 6B 7 8 9 10 11 12 13 14 15 16 17 18
12Z AVG MX 2MIN
DY MAX MIN AVG DEP HDD CDD WTR SNW DPTH SPD SPD DIR MIN PSBL S-S WX SPD DR
================================================================================
1 59 38 49 -5 16 0 0.00 0.0 0 9.9 18 300 M M 0 23 290
2 62 35 49 -5 16 0 0.00 0.0 0 7.6 16 310 M M 0 25 290
3 70 35 53 -1 12 0 0.00 0.0 0 6.7 16 180 M M 0 23 200
4 77 42 60 6 5 0 0.00 0.0 0 4.5 15 220 M M 3 12 19 220
5 66 57 62 8 3 0 0.01 0.0 0 6.4 15 140 M M 10 12 18 150
6 74 48 61 7 4 0 0.40 0.0 0 9.8 24 190 M M 6 1 29 210
7 63 43 53 -1 12 0 0.00 0.0 0 11.2 22 320 M M 0 27 310
8 60 34 47 -7 18 0 0.00 0.0 0 7.5 16 20 M M 0 20 10
9 56 33 45 -9 20 0 T 0.0 0 7.7 18 50 M M 4 1 23 60
10 49 37 43 -11 22 0 0.59 0.0 0 16.6 32 80 M M 10 13 38 80
11 50 33 42 -12 23 0 0.00 0.0 0 10.6 20 340 M M 6 1 27 340
12 46 27 37 -17 28 0 0.00 0.0 0 2.7 8 350 M M 6 18 10 350
13 63 29 46 -8 19 0 0.00 0.0 0 6.8 13 180 M M 0 1 16 230
14 77 33 55 1 10 0 0.00 0.0 0 8.8 22 290 M M 0 1 26 290
15 64 33 49 -5 16 0 0.00 0.0 0 10.7 26 320 M M 0 32 320
16 65 33 49 -5 16 0 0.00 0.0 0 5.8 12 160 M M 8 8 15 300
17 72 35 54 0 11 0 0.00 0.0 0 4.7 14 150 M M 4 16 150
18 77 42 60 6 5 0 0.00 0.0 0 11.5 23 150 M M 4 29 160
19 77 57 67 13 0 2 0.03 0.0 0 11.4 26 140 M M 10 1 33 140
20 71 54 63 9 2 0 0.03 0.0 0 8.0 15 170 M M 10 1 19 180
21 67 55 61 7 4 0 0.02 0.0 0 3.2 10 310 M M 10 12 12 320
22 79 59 69 15 0 4 0.01 0.0 0 5.5 13 310 M M 7 12 17 320
23 67 57 62 8 3 0 0.04 0.0 0 8.6 15 100 M M 10 1 19 80
24 76 61 69 15 0 4 0.01 0.0 0 13.6 26 160 M M 10 12 31 160
25 79 63 71 17 0 6 0.00 0.0 0 12.0 23 180 M M 9 18 30 190
26 81 54 68 14 0 3 0.00 0.0 0 7.0 15 80 M M 4 19 80
27 69 46 58 4 7 0 0.02 0.0 0 13.0 25 10 M M 4 33 10
28 62 36 49 -6 16 0 0.00 0.0 0 6.7 15 50 M M 0 19 50
29 70 42 56 1 9 0 0.00 0.0 0 9.5 20 140 M M 4 1 25 150
30 77 62 70 15 0 5 0.00 0.0 0 12.2 30 180 M M 9 1 38 170
31 72 46 59 4 6 0 0.00 0.0 0 11.9 25 350 M M 2 12 32 10
================================================================================
SM 2097 1359 303 24 1.16 0.0 272.1 M 150
================================================================================
AV 67.6 43.8 8.8 FASTST M M 5 MAX(MPH)
MISC ----> 32 80 # 38 80
================================================================================
NOTES:
# LAST OF SEVERAL OCCURRENCES
COLUMN 17 PEAK WIND IN M.P.H.
PRELIMINARY LOCAL CLIMATOLOGICAL DATA (WS FORM: F-6) , PAGE 2
STATION: VICTORIA
MONTH: JANUARY
YEAR: 2021
LATITUDE: 28 51 N
LONGITUDE: 96 55 W
[TEMPERATURE DATA] [PRECIPITATION DATA] SYMBOLS USED IN COLUMN 16
AVERAGE MONTHLY: 55.7 TOTAL FOR MONTH: 1.16 1 = FOG OR MIST
DPTR FM NORMAL: 1.8 DPTR FM NORMAL: -1.36 2 = FOG REDUCING VISIBILITY
HIGHEST: 81 ON 26 GRTST 24HR 0.59 ON 10-10 TO 1/4 MILE OR LESS
LOWEST: 27 ON 12 3 = THUNDER
SNOW, ICE PELLETS, HAIL 4 = ICE PELLETS
TOTAL MONTH: 0.0 INCH 5 = HAIL
GRTST 24HR 0.0 6 = FREEZING RAIN OR DRIZZLE
GRTST DEPTH: 0 7 = DUSTSTORM OR SANDSTORM:
VSBY 1/2 MILE OR LESS
8 = SMOKE OR HAZE
[NO. OF DAYS WITH] [WEATHER - DAYS WITH] 9 = BLOWING SNOW
X = TORNADO
MAX 32 OR BELOW: 0 0.01 INCH OR MORE: 10
MAX 90 OR ABOVE: 0 0.10 INCH OR MORE: 2
MIN 32 OR BELOW: 2 0.50 INCH OR MORE: 1
MIN 0 OR BELOW: 0 1.00 INCH OR MORE: 0
[HDD (BASE 65) ]
TOTAL THIS MO. 303 CLEAR (SCALE 0-3) 11
DPTR FM NORMAL -55 PTCLDY (SCALE 4-7) 11
TOTAL FM JUL 1 704 CLOUDY (SCALE 8-10) 9
DPTR FM NORMAL -150
[CDD (BASE 65) ]
TOTAL THIS MO. 24
DPTR FM NORMAL 10 [PRESSURE DATA]
TOTAL FM JAN 1 24 HIGHEST SLP 30.57 ON 28
DPTR FM NORMAL 10 LOWEST SLP 29.67 ON 25
[REMARKS]
#FINAL-01-21#