000
CXUS55 KVEF 010910
CF6VGT
PRELIMINARY LOCAL CLIMATOLOGICAL DATA (WS FORM: F-6)
STATION: NORTH_LAS_VEGAS NV
MONTH: OCTOBER
YEAR: 2021
LATITUDE: 36 12 N
LONGITUDE: 115 12 W
TEMPERATURE IN F: :PCPN: SNOW: WIND :SUNSHINE: SKY :PK WND
================================================================================
1 2 3 4 5 6A 6B 7 8 9 10 11 12 13 14 15 16 17 18
12Z AVG MX 2MIN
DY MAX MIN AVG DEP HDD CDD WTR SNW DPTH SPD SPD DIR MIN PSBL S-S WX SPD DR
================================================================================
1 85 63 74 -2 0 9 0.00 M M 6.6 17 320 M M 0 21 310
2 90 62 76 1 0 11 0.00 M M 4.3 10 280 M M 0 13 280
3 92 69 81 6 0 16 0.00 M M 4.9 12 310 M M 0 14 340
4 90 67 79 5 0 14 0.00 M M 4.2 10 110 M M 0 12 120
5 81 70 76 2 0 11 T M M 5.6 23 200 M M 3 28 200
6 84 64 74 1 0 9 0.00 M M 4.3 14 150 M M 0 16 120
7 84 62 73 0 0 8 0.00 M M 6.1 15 130 M M 0 20 120
8 78 60 69 -3 0 4 T M M 11.5 35 200 M M 3 44 200
9 79 56 68 -4 0 3 0.00 M M 6.8 22 350 M M 1 27 350
10 80 60 70 -2 0 5 0.00 M M 7.4 21 330 M M 0 26 320
11 78 49 64 -7 1 0 T M M 19.4 46 320 M M 2 8 62 320
12 66 47 57 -14 8 0 T M M 15.9 36 320 M M 3 48 330
13 68 50 59 -11 6 0 0.00 M M 6.3 16 320 M M 0 21 330
14 74 49 62 -8 3 0 0.00 M M 4.6 13 60 M M 0 19 110
15 75 54 65 -4 0 0 0.00 M M 4.6 13 350 M M 0 17 60
16 79 50 65 -4 0 0 0.00 M M 4.8 16 90 M M 0 19 80
17 83 53 68 0 0 3 0.00 M M 7.8 17 140 M M 0 23 140
18 67 55 61 -7 4 0 0.00 M M 13.2 30 320 M M 2 41 300
19 70 50 60 -8 5 0 0.00 M M 6.3 20 300 M M 0 25 300
20 75 48 62 -5 3 0 0.00 M M 4.0 10 330 M M 0 12 330
21 80 53 67 0 0 2 0.00 M M 3.2 9 290 M M 0 11 100
22 85 52 69 3 0 4 0.00 M M 8.9 22 180 M M 0 28 170
23 80 63 72 6 0 7 0.00 M M 6.7 23 160 M M 0 28 150
24 78 58 68 2 0 3 0.00 M M 8.6 20 140 M M 0 25 180
25 80 55 68 3 0 3 T M M 14.4 36 340 M M 3 47 350
26 69 54 62 -3 3 0 0.00 M M 13.1 28 310 M M 0 33 290
27 75 50 63 -1 2 0 0.00 M M 3.7 9 290 M M 0 12 140
28 83 57 70 6 0 5 0.00 M M 5.4 15 330 M M 0 18 340
29 83 56 70 6 0 5 0.00 M M 4.6 9 310 M M 0 11 90
30 82 53 68 5 0 3 0.00 M M 4.4 12 140 M M 0 14 130
31 83 61 72 9 0 7 0.00 M M 7.5 21 200 M M 0 26 210
================================================================================
SM 2456 1750 35 132 T M 229.1 M 17
================================================================================
AV 79.2 56.5 7.4 FASTST M M 1 MAX(MPH)
MISC ----> 46 320 62 320
================================================================================
NOTES:
# LAST OF SEVERAL OCCURRENCES
COLUMN 17 PEAK WIND IN M.P.H.
PRELIMINARY LOCAL CLIMATOLOGICAL DATA (WS FORM: F-6) , PAGE 2
STATION: NORTH_LAS_VEGAS NV
MONTH: OCTOBER
YEAR: 2021
LATITUDE: 36 12 N
LONGITUDE: 115 12 W
[TEMPERATURE DATA] [PRECIPITATION DATA] SYMBOLS USED IN COLUMN 16
AVERAGE MONTHLY: 67.8 TOTAL FOR MONTH: T 1 = FOG OR MIST
DPTR FM NORMAL: -1.2 DPTR FM NORMAL: -0.35 2 = FOG REDUCING VISIBILITY
HIGHEST: 92 ON 3 GRTST 24HR T ON 5- 5 TO 1/4 MILE OR LESS
LOWEST: 47 ON 12 3 = THUNDER
SNOW, ICE PELLETS, HAIL 4 = ICE PELLETS
TOTAL MONTH: M 5 = HAIL
GRTST 24HR M ON M 6 = FREEZING RAIN OR DRIZZLE
GRTST DEPTH: M ON M 7 = DUSTSTORM OR SANDSTORM:
VSBY 1/2 MILE OR LESS
8 = SMOKE OR HAZE
[NO. OF DAYS WITH] [WEATHER - DAYS WITH] 9 = BLOWING SNOW
X = TORNADO
MAX 32 OR BELOW: 0 0.01 INCH OR MORE: 0
MAX 90 OR ABOVE: 3 0.10 INCH OR MORE: 0
MIN 32 OR BELOW: 0 0.50 INCH OR MORE: 0
MIN 0 OR BELOW: 0 1.00 INCH OR MORE: 0
[HDD (BASE 65) ]
TOTAL THIS MO. 35 CLEAR (SCALE 0-3) 30
DPTR FM NORMAL -6 PTCLDY (SCALE 4-7) 1
TOTAL FM JUL 1 35 CLOUDY (SCALE 8-10) 0
DPTR FM NORMAL -5
[CDD (BASE 65) ]
TOTAL THIS MO. 132
DPTR FM NORMAL -33 [PRESSURE DATA]
TOTAL FM JAN 1 4155 HIGHEST SLP M ON M
DPTR FM NORMAL 757 LOWEST SLP 29.36 ON 11
[REMARKS]
#FINAL-10-21#