000
CXUS53 KSGF 010710
CF6VIH
PRELIMINARY LOCAL CLIMATOLOGICAL DATA (WS FORM: F-6)
STATION: VICHY-ROLLA MO
MONTH: OCTOBER
YEAR: 2022
LATITUDE: 38 7 N
LONGITUDE: 91 46 W
TEMPERATURE IN F: :PCPN: SNOW: WIND :SUNSHINE: SKY :PK WND
================================================================================
1 2 3 4 5 6A 6B 7 8 9 10 11 12 13 14 15 16 17 18
12Z AVG MX 2MIN
DY MAX MIN AVG DEP HDD CDD WTR SNW DPTH SPD SPD DIR MIN PSBL S-S WX SPD DR
================================================================================
1 75 40 58 -5 7 0 0.00 M M 4.7 14 40 M M 0 19 40
2 78 44 61 -1 4 0 0.00 M M 5.4 13 20 M M 0 18 20
3 77 48 63 1 2 0 0.00 M M 5.3 12 40 M M 0 15 40
4 75 44 60 -2 5 0 0.00 M M 6.4 12 140 M M 0 16 150
5 81 43 62 1 3 0 0.00 M M 7.7 13 210 M M 1 19 200
6 79 55 67 6 0 2 0.00 M M 7.6 15 10 M M 0 22 350
7 65 43 54 -6 11 0 0.00 M M 6.9 15 330 M M 2 22 10
8 63 32 48 -12 17 0 0.00 M M 1.5 12 270 M M 0 8 16 260
9 74 38 56 -4 9 0 0.00 M M 7.1 15 270 M M 1 22 260
10 82 52 67 8 0 2 T M M 7.6 18 200 M M 3 24 210
11 77 60 69 10 0 4 0.12 M M 9.2 17 180 M M 8 1 27 180
12 71 50 61 2 4 0 0.13 M M 11.6 23 310 M M 4 13 35 290
13 65 39 52 -6 13 0 0.00 M M 12.0 30 300 M M 1 41 270
14 74 38 56 -2 9 0 0.00 M M 11.7 25 260 M M 3 36 260
15 71 34 53 -5 12 0 0.00 M M 2.7 13 340 M M 0 18 190
16 70 44 57 0 8 0 0.00 M M 7.5 18 300 M M 0 27 290
17 48 31 40 -17 25 0 0.00 M M 10.4 22 300 M M 0 8 33 320
18 49 24 37 -19 28 0 0.00 M M 9.4 18 300 M M 0 25 300
19 51 20 36 -20 29 0 0.00 M M 7.4 15 270 M M 0 23 310
20 74 33 54 -2 11 0 0.00 M M 9.8 21 260 M M 0 29 280
21 84 49 67 12 0 2 0.00 M M 12.3 18 210 M M 0 25 220
22 80 61 71 16 0 6 0.00 M M 16.1 29 150 M M 0 42 170
23 80 63 72 18 0 7 0.00 M M 18.3 26 170 M M 0 42 160
24 73 59 66 12 0 1 0.80 M M 12.2 26 170 M M 6 1 37 170
25 60 39 50 -4 15 0 1.27 M M 13.2 25 20 M M 9 1 34 350
26 62 38 50 -3 15 0 0.00 M M 6.0 12 330 M M 0 16 300
27 65 39 52 -1 13 0 0.00 M M 8.2 17 110 M M 0 23 110
28 66 37 52 0 13 0 0.00 M M 6.1 13 50 M M 0 19 60
29 68 45 57 5 8 0 0.05 M M 8.0 15 80 M M 1 22 70
30 55 53 54 2 11 0 0.71 M M 5.4 12 50 M M 10 1 17 110
31 68 48 58 7 7 0 0.16 M M 6.9 15 290 M M 5 1 19 290
================================================================================
SM 2160 1343 279 24 3.24 M 264.6 M 54
================================================================================
AV 69.7 43.3 8.5 FASTST M M 2 MAX(MPH)
MISC ----> 30 300 # 42 170
================================================================================
NOTES:
# LAST OF SEVERAL OCCURRENCES
COLUMN 17 PEAK WIND IN M.P.H.
PRELIMINARY LOCAL CLIMATOLOGICAL DATA (WS FORM: F-6) , PAGE 2
STATION: VICHY-ROLLA MO
MONTH: OCTOBER
YEAR: 2022
LATITUDE: 38 7 N
LONGITUDE: 91 46 W
[TEMPERATURE DATA] [PRECIPITATION DATA] SYMBOLS USED IN COLUMN 16
AVERAGE MONTHLY: 56.5 TOTAL FOR MONTH: 3.24 1 = FOG OR MIST
DPTR FM NORMAL: -0.6 DPTR FM NORMAL: 0.03 2 = FOG REDUCING VISIBILITY
HIGHEST: 84 ON 21 GRTST 24HR 2.06 ON 24-25 TO 1/4 MILE OR LESS
LOWEST: 20 ON 19 3 = THUNDER
SNOW, ICE PELLETS, HAIL 4 = ICE PELLETS
TOTAL MONTH: M 5 = HAIL
GRTST 24HR M ON M 6 = FREEZING RAIN OR DRIZZLE
GRTST DEPTH: M ON M 7 = DUSTSTORM OR SANDSTORM:
VSBY 1/2 MILE OR LESS
8 = SMOKE OR HAZE
[NO. OF DAYS WITH] [WEATHER - DAYS WITH] 9 = BLOWING SNOW
X = TORNADO
MAX 32 OR BELOW: 0 0.01 INCH OR MORE: 7
MAX 90 OR ABOVE: 0 0.10 INCH OR MORE: 6
MIN 32 OR BELOW: 4 0.50 INCH OR MORE: 3
MIN 0 OR BELOW: 0 1.00 INCH OR MORE: 1
[HDD (BASE 65) ]
TOTAL THIS MO. 279 CLEAR (SCALE 0-3) 25
DPTR FM NORMAL 2 PTCLDY (SCALE 4-7) 4
TOTAL FM JUL 1 325 CLOUDY (SCALE 8-10) 2
DPTR FM NORMAL -12
[CDD (BASE 65) ]
TOTAL THIS MO. 24
DPTR FM NORMAL -8 [PRESSURE DATA]
TOTAL FM JAN 1 1502 HIGHEST SLP M ON M
DPTR FM NORMAL 198 LOWEST SLP 29.55 ON 25
[REMARKS]
#FINAL-10-22#