000
CXUS53 KSGF 020822
CF6VIH
PRELIMINARY LOCAL CLIMATOLOGICAL DATA (WS FORM: F-6)
STATION: VICHY-ROLLA MO
MONTH: OCTOBER
YEAR: 2020
LATITUDE: 38 7 N
LONGITUDE: 91 46 W
TEMPERATURE IN F: :PCPN: SNOW: WIND :SUNSHINE: SKY :PK WND
================================================================================
1 2 3 4 5 6A 6B 7 8 9 10 11 12 13 14 15 16 17 18
12Z AVG MX 2MIN
DY MAX MIN AVG DEP HDD CDD WTR SNW DPTH SPD SPD DIR MIN PSBL S-S WX SPD DR
================================================================================
1 65 38 52 -9 13 0 0.00 M M 8.8 22 310 M M 1 18 31 280
2 61 36 49 -12 16 0 0.00 M M 5.4 15 300 M M 1 20 270
3 61 45 53 -8 12 0 T M M 8.9 21 170 M M 9 29 160
4 61 39 50 -10 15 0 0.00 M M 9.0 17 350 M M 4 1 25 330
5 67 35 51 -9 14 0 0.00 M M 10.2 17 190 M M 0 8 24 180
6 78 49 64 4 1 0 0.00 M M 10.0 15 230 M M 1 8 21 190
7 86 56 71 12 0 6 0.00 M M 6.5 13 240 M M 0 8 17 240
8 82 54 68 9 0 3 0.00 M M 5.0 12 190 M M 0 1 15 110
9 83 56 70 11 0 5 0.00 M M 11.1 20 180 M M 2 8 28 180
10 83 59 71 13 0 6 T M M 5.2 13 180 M M 1 18 16 180
11 84 54 69 11 0 4 0.00 M M 7.5 17 190 M M 1 12 24 200
12 71 43 57 -1 8 0 T M M 11.2 28 300 M M 2 38 300
13 80 41 61 3 4 0 0.00 M M 7.6 20 200 M M 0 27 210
14 85 50 68 11 0 3 0.00 M M 14.2 29 200 M M 1 40 200
15 68 32 50 -7 15 0 T M M 8.1 21 350 M M 5 31 350
16 62 28 45 -12 20 0 0.00 M M 7.3 22 300 M M 0 38 270
17 70 42 56 0 9 0 0.00 M M 15.7 30 180 M M 1 44 180
18 63 41 52 -4 13 0 1.97 M M 9.8 16 20 M M 7 13 21 350
19 45 40 43 -13 22 0 0.07 M M 8.7 15 50 M M 10 1 19 90
20 60 43 52 -3 13 0 0.28 M M 8.3 16 170 M M 10 123 21 170
21 65 51 58 3 7 0 0.02 M M 6.9 12 100 M M 7 1 16 100
22 84 62 73 18 0 8 0.00 M M 13.7 23 180 M M 0 31 170
23 68 40 54 0 11 0 0.07 M M 12.9 21 320 M M 8 13 28 330
24 46 39 43 -11 22 0 0.00 M M 9.3 16 60 M M 10 22 50
25 47 41 44 -10 21 0 0.00 M M 6.2 10 330 M M 10 18 14 340
26 41 33 37 -17 28 0 1.07 M M 9.4 14 20 M M 10 1 19 10
27 39 33 36 -17 29 0 0.20 M M 7.3 13 10 M M 10 12 18 20
28 46 38 42 -11 23 0 0.69 M M 6.3 18 50 M M 10 1 26 50
29 47 32 40 -13 25 0 0.47 M M 11.3 23 330 M M 9 13 33 330
30 58 28 43 -9 22 0 0.00 M M 4.8 9 150 M M 0 1 13 150
31 63 39 51 -1 14 0 0.00 M M 11.1 21 180 M M 1 28 160
================================================================================
SM 2019 1317 377 35 4.84 M 277.7 M 131
================================================================================
AV 65.1 42.5 9.0 FASTST M M 4 MAX(MPH)
MISC ----> 30 180 44 180
================================================================================
NOTES:
# LAST OF SEVERAL OCCURRENCES
COLUMN 17 PEAK WIND IN M.P.H.
PRELIMINARY LOCAL CLIMATOLOGICAL DATA (WS FORM: F-6) , PAGE 2
STATION: VICHY-ROLLA MO
MONTH: OCTOBER
YEAR: 2020
LATITUDE: 38 7 N
LONGITUDE: 91 46 W
[TEMPERATURE DATA] [PRECIPITATION DATA] SYMBOLS USED IN COLUMN 16
AVERAGE MONTHLY: 53.8 TOTAL FOR MONTH: 4.84 1 = FOG OR MIST
DPTR FM NORMAL: -2.8 DPTR FM NORMAL: 1.33 2 = FOG REDUCING VISIBILITY
HIGHEST: 86 ON 7 GRTST 24HR 2.02 ON 18-19 TO 1/4 MILE OR LESS
LOWEST: 28 ON 30,16 3 = THUNDER
SNOW, ICE PELLETS, HAIL 4 = ICE PELLETS
TOTAL MONTH: M 5 = HAIL
GRTST 24HR M ON M 6 = FREEZING RAIN OR DRIZZLE
GRTST DEPTH: M ON M 7 = DUSTSTORM OR SANDSTORM:
VSBY 1/2 MILE OR LESS
8 = SMOKE OR HAZE
[NO. OF DAYS WITH] [WEATHER - DAYS WITH] 9 = BLOWING SNOW
X = TORNADO
MAX 32 OR BELOW: 0 0.01 INCH OR MORE: 9
MAX 90 OR ABOVE: 0 0.10 INCH OR MORE: 6
MIN 32 OR BELOW: 4 0.50 INCH OR MORE: 3
MIN 0 OR BELOW: 0 1.00 INCH OR MORE: 2
[HDD (BASE 65) ]
TOTAL THIS MO. 377 CLEAR (SCALE 0-3) 17
DPTR FM NORMAL 91 PTCLDY (SCALE 4-7) 5
TOTAL FM JUL 1 414 CLOUDY (SCALE 8-10) 9
DPTR FM NORMAL 64
[CDD (BASE 65) ]
TOTAL THIS MO. 35
DPTR FM NORMAL 10 [PRESSURE DATA]
TOTAL FM JAN 1 1290 HIGHEST SLP 30.36 ON 16
DPTR FM NORMAL 47 LOWEST SLP 29.66 ON 14
[REMARKS]
#FINAL-10-20#