892
CXUS52 KTAE 010900
CF6VLD
PRELIMINARY LOCAL CLIMATOLOGICAL DATA (WS FORM: F-6)
STATION: VALDOSTA
MONTH: JANUARY
YEAR: 2021
LATITUDE: 30 46 N
LONGITUDE: 83 17 W
TEMPERATURE IN F: :PCPN: SNOW: WIND :SUNSHINE: SKY :PK WND
================================================================================
1 2 3 4 5 6A 6B 7 8 9 10 11 12 13 14 15 16 17 18
12Z AVG MX 2MIN
DY MAX MIN AVG DEP HDD CDD WTR SNW DPTH SPD SPD DIR MIN PSBL S-S WX SPD DR
================================================================================
1 78 66 72 21 0 7 0.02 0.0 M 9.5 18 180 M M 7 1 26 210
2 71 63 67 17 0 2 4.22 0.0 M 6.3 20 190 M M 10 13 27 180
3 63 43 53 3 12 0 T 0.0 0 1.6 8 360 M M 4 18 16 300
4 62 38 50 0 15 0 0.00 0.0 0 2.2 14 10 M M 0 18 360
5 66 39 53 3 12 0 0.00 0.0 M 0.9 9 290 M M 0 18 300
6 62 35 49 -1 16 0 0.00 0.0 M 2.5 9 150 M M 0 1 12 40
7 65 41 53 3 12 0 0.25 0.0 M 4.1 15 120 M M 4 1 19 130
8 56 45 51 1 14 0 T 0.0 M 3.5 14 290 M M 9 1 16 290
9 45 41 43 -7 22 0 0.00 0.0 M 2.6 10 360 M M 10 14 300
10 51 33 42 -8 23 0 0.00 0.0 M 2.2 12 360 M M 3 14 360
11 63 40 52 2 13 0 T 0.0 M 3.1 12 150 M M 7 16 140
12 59 48 54 4 11 0 T 0.0 0 1.6 12 10 M M 10 1 13 10
13 49 37 43 -7 22 0 0.00 0.0 0 1.0 8 10 M M 8 1 10 10
14 62 31 47 -3 18 0 0.00 0.0 M 2.0 8 210 M M 1 1 14 210
15 62 40 51 1 14 0 0.32 0.0 M 4.0 13 180 M M 5 1 16 170
16 56 32 44 -6 21 0 0.00 0.0 M 2.0 12 290 M M 0 23 260
17 58 29 44 -6 21 0 0.00 M M 1.6 7 200 M M 0 14 260
18 62 33 48 -2 17 0 0.00 0.0 M 1.3 8 360 M M 0 13 350
19 66 31 49 -1 16 0 0.00 0.0 0 0.7 9 180 M M 0 11 180
20 72 36 54 4 11 0 0.00 0.0 0 1.5 7 340 M M 0 12 300
21 74 50 62 12 3 0 0.01 0.0 0 2.9 9 220 M M 5 1 17 0
22 63 59 61 11 4 0 0.95 0.0 0 4.2 13 30 M M 10 1 15 20
23 64 51 58 8 7 0 T 0.0 0 4.6 12 10 M M 5 15 10
24 68 51 60 10 5 0 0.00 M M 3.9 10 150 M M 9 15 110
25 79 58 69 19 0 4 0.00 M M 6.5 16 180 M M 7 1 24 190
26 74 66 70 19 0 5 T 0.0 M 6.6 13 190 M M 10 18 19 200
27 70 58 64 13 1 0 0.73 0.0 M 4.5 16 10 M M 10 1 21 360
28 58 36 47 -4 18 0 0.00 0.0 M 5.8 21 360 M M 0 27 20
29 59 30 45 -6 20 0 0.00 0.0 M 1.3 10 10 M M 0 13 360
30 66 33 50 -1 15 0 0.00 0.0 M 3.3 13 160 M M 1 1 17 160
31 67 49 58 7 7 0 0.40 0.0 M 7.4 18 190 M M 9 1 30 190
================================================================================
SM 1970 1342 370 18 6.90 0.0 105.2 M 144
================================================================================
AV 63.5 43.3 3.4 FASTST M M 5 MAX(MPH)
MISC ----> 21 360 30 190
================================================================================
NOTES:
# LAST OF SEVERAL OCCURRENCES
COLUMN 17 PEAK WIND IN M.P.H.
PRELIMINARY LOCAL CLIMATOLOGICAL DATA (WS FORM: F-6) , PAGE 2
STATION: VALDOSTA
MONTH: JANUARY
YEAR: 2021
LATITUDE: 30 46 N
LONGITUDE: 83 17 W
[TEMPERATURE DATA] [PRECIPITATION DATA] SYMBOLS USED IN COLUMN 16
AVERAGE MONTHLY: 53.4 TOTAL FOR MONTH: 6.90 1 = FOG OR MIST
DPTR FM NORMAL: 3.0 DPTR FM NORMAL: 2.33 2 = FOG REDUCING VISIBILITY
HIGHEST: 79 ON 25 GRTST 24HR 4.22 ON 2- 2 TO 1/4 MILE OR LESS
LOWEST: 29 ON 17 3 = THUNDER
SNOW, ICE PELLETS, HAIL 4 = ICE PELLETS
TOTAL MONTH: 0.0 INCH 5 = HAIL
GRTST 24HR 0.0 6 = FREEZING RAIN OR DRIZZLE
GRTST DEPTH: 0 7 = DUSTSTORM OR SANDSTORM:
VSBY 1/2 MILE OR LESS
8 = SMOKE OR HAZE
[NO. OF DAYS WITH] [WEATHER - DAYS WITH] 9 = BLOWING SNOW
X = TORNADO
MAX 32 OR BELOW: 0 0.01 INCH OR MORE: 8
MAX 90 OR ABOVE: 0 0.10 INCH OR MORE: 6
MIN 32 OR BELOW: 5 0.50 INCH OR MORE: 3
MIN 0 OR BELOW: 0 1.00 INCH OR MORE: 1
[HDD (BASE 65) ]
TOTAL THIS MO. 370 CLEAR (SCALE 0-3) 13
DPTR FM NORMAL -86 PTCLDY (SCALE 4-7) 8
TOTAL FM JUL 1 878 CLOUDY (SCALE 8-10) 10
DPTR FM NORMAL -194
[CDD (BASE 65) ]
TOTAL THIS MO. 18
DPTR FM NORMAL 16 [PRESSURE DATA]
TOTAL FM JAN 1 18 HIGHEST SLP 30.44 ON 19
DPTR FM NORMAL 16 LOWEST SLP 29.75 ON 15
[REMARKS]
#FINAL-01-21#