000
CXUS56 KLOX 011155
CF6VNY
PRELIMINARY LOCAL CLIMATOLOGICAL DATA (WS FORM: F-6)
STATION: VAN NUYS AIRPORT CA
MONTH: SEPTEMBER
YEAR: 2021
LATITUDE: 34 13 N
LONGITUDE: 118 29 W
TEMPERATURE IN F: :PCPN: SNOW: WIND :SUNSHINE: SKY :PK WND
================================================================================
1 2 3 4 5 6A 6B 7 8 9 10 11 12 13 14 15 16 17 18
12Z AVG MX 2MIN
DY MAX MIN AVG DEP HDD CDD WTR SNW DPTH SPD SPD DIR MIN PSBL S-S WX SPD DR
================================================================================
1 79 66 73 -6 0 8 0.00 M M 4.6 13 180 M M 8 8 15 170
2 84 64 74 -5 0 9 0.00 M M 4.1 12 150 M M 5 17 150
3 94 61 78 -1 0 13 0.00 M M 3.0 12 160 M M 0 18 14 140
4 100 63 82 3 0 17 0.00 M M 3.0 13 300 M M 0 19 330
5 109 66 88 9 0 23 0.00 M M 3.5 14 300 M M 0 17 310
6 97 67 82 4 0 17 0.00 M M 5.5 15 150 M M 0 19 160
7 94 68 81 3 0 16 0.00 M M 4.1 12 150 M M 0 18 14 150
8 98 68 83 5 0 18 0.00 M M 3.5 12 130 M M 0 16 150
9 98 69 84 6 0 19 0.00 M M 5.3 12 120 M M 0 8 15 150
10 98 73 86 8 0 21 T M M 5.0 15 130 M M 1 19 150
11 101 71 86 8 0 21 0.00 M M 3.7 14 310 M M 0 21 300
12 99 67 83 5 0 18 0.00 M M 4.2 14 160 M M 0 18 150
13 98 64 81 4 0 16 0.00 M M 3.8 13 160 M M 0 19 140
14 92 60 76 -1 0 11 0.00 M M 4.1 14 160 M M 0 17 140
15 89 60 75 -2 0 10 0.00 M M 4.9 14 160 M M 2 18 18 150
16 81 58 70 -7 0 5 0.00 M M 5.2 13 160 M M 3 18 17 130
17 83 56 70 -6 0 5 0.00 M M 4.6 14 150 M M 3 18 17 160
18 81 58 70 -6 0 5 0.00 M M 3.8 13 150 M M 1 17 130
19 83 58 71 -5 0 6 0.00 M M 3.5 13 150 M M 0 16 150
20 92 61 77 1 0 12 0.00 M M 3.2 10 140 M M 0 15 150
21 102 65 84 8 0 19 0.00 M M 3.8 14 180 M M 0 18 120
22 102 71 87 12 0 22 0.00 M M 4.6 14 300 M M 0 21 300
23 90 67 79 4 0 14 0.00 M M 4.8 12 140 M M 1 18 150
24 89 62 76 1 0 11 0.00 M M 4.2 20 130 M M 0 24 130
25 87 62 75 1 0 10 0.00 M M 4.7 14 160 M M 0 18 140
26 76 61 69 -5 0 4 0.00 M M 5.0 13 150 M M 6 8 16 140
27 70 61 66 -8 0 1 0.00 M M 3.6 10 180 M M 9 18 13 160
28 74 61 68 -6 0 3 0.00 M M 4.0 13 170 M M 7 15 180
29 79 57 68 -6 0 3 0.00 M M 3.3 13 170 M M 0 17 180
30 95 56 76 3 0 11 0.00 M M 3.5 17 300 M M 0 23 300
================================================================================
SM 2714 1901 0 368 T M 124.1 M 46
================================================================================
AV 90.5 63.4 4.1 FASTST M M 2 MAX(MPH)
MISC ----> 20 130 24 130
================================================================================
NOTES:
# LAST OF SEVERAL OCCURRENCES
COLUMN 17 PEAK WIND IN M.P.H.
PRELIMINARY LOCAL CLIMATOLOGICAL DATA (WS FORM: F-6) , PAGE 2
STATION: VAN NUYS AIRPORT CA
MONTH: SEPTEMBER
YEAR: 2021
LATITUDE: 34 13 N
LONGITUDE: 118 29 W
[TEMPERATURE DATA] [PRECIPITATION DATA] SYMBOLS USED IN COLUMN 16
AVERAGE MONTHLY: 76.9 TOTAL FOR MONTH: T 1 = FOG OR MIST
DPTR FM NORMAL: 0.3 DPTR FM NORMAL: -0.12 2 = FOG REDUCING VISIBILITY
HIGHEST: 109 ON 5 GRTST 24HR T ON 10-10 TO 1/4 MILE OR LESS
LOWEST: 56 ON 30,17 3 = THUNDER
SNOW, ICE PELLETS, HAIL 4 = ICE PELLETS
TOTAL MONTH: M 5 = HAIL
GRTST 24HR M ON M 6 = FREEZING RAIN OR DRIZZLE
GRTST DEPTH: M ON M 7 = DUSTSTORM OR SANDSTORM:
VSBY 1/2 MILE OR LESS
8 = SMOKE OR HAZE
[NO. OF DAYS WITH] [WEATHER - DAYS WITH] 9 = BLOWING SNOW
X = TORNADO
MAX 32 OR BELOW: 0 0.01 INCH OR MORE: 0
MAX 90 OR ABOVE: 17 0.10 INCH OR MORE: 0
MIN 32 OR BELOW: 0 0.50 INCH OR MORE: 0
MIN 0 OR BELOW: 0 1.00 INCH OR MORE: 0
[HDD (BASE 65) ]
TOTAL THIS MO. 0 CLEAR (SCALE 0-3) 25
DPTR FM NORMAL -2 PTCLDY (SCALE 4-7) 4
TOTAL FM JUL 1 0 CLOUDY (SCALE 8-10) 1
DPTR FM NORMAL 0
[CDD (BASE 65) ]
TOTAL THIS MO. 368
DPTR FM NORMAL 20 [PRESSURE DATA]
TOTAL FM JAN 1 1981 HIGHEST SLP 30.07 ON 22
DPTR FM NORMAL 365 LOWEST SLP 29.74 ON 8
[REMARKS]
#FINAL-09-21#