000
CXUS53 KLBF 011410
CF6VTN
PRELIMINARY LOCAL CLIMATOLOGICAL DATA (WS FORM: F-6)
STATION: VALENTINE
MONTH: AUGUST
YEAR: 2023
LATITUDE: 42 52 N
LONGITUDE: 100 33 W
TEMPERATURE IN F: :PCPN: SNOW: WIND :SUNSHINE: SKY :PK WND
================================================================================
1 2 3 4 5 6A 6B 7 8 9 10 11 12 13 14 15 16 17 18
12Z AVG MX 2MIN
DY MAX MIN AVG DEP HDD CDD WTR SNW DPTH SPD SPD DIR MIN PSBL S-S WX SPD DR
================================================================================
1 88 70 79 3 0 14 0.00 0.0 0 6.2 16 170 M M 1 22 150
2 87 69 78 2 0 13 0.07 0.0 0 6.7 15 60 M M 5 13 19 60
3 88 65 77 1 0 12 0.00 0.0 0 6.6 15 120 M M 1 3 21 120
4 88 66 77 1 0 12 0.50 0.0 0 8.6 22 280 M M 4 13 29 280
5 81 61 71 -5 0 6 0.03 0.0 0 13.4 28 290 M M 7 13 39 340
6 78 57 68 -7 0 3 0.03 0.0 0 15.1 28 320 M M 6 1 42 330
7 74 53 64 -11 1 0 0.01 0.0 0 4.4 13 40 M M 4 1 17 60
8 80 57 69 -6 0 4 0.02 0.0 0 5.3 14 160 M M 3 13 18 190
9 84 58 71 -4 0 6 0.00 0.0 0 4.1 10 180 M M 0 15 170
10 88 62 75 0 0 10 0.00 0.0 0 9.4 24 210 M M 0 31 210
11 89 59 74 -1 0 9 0.01 0.0 0 6.9 16 350 M M 0 13 23 340
12 89 54 72 -2 0 7 0.48 0.0 0 9.7 32 330 M M 2 138 48 360
13 73 55 64 -10 1 0 1.97 0.0 0 13.1 38 10 M M 7 13 57 10
14 77 51 64 -10 1 0 0.00 0.0 0 9.1 20 340 M M 1 26 320
15 90 50 70 -4 0 5 0.00 0.0 0 7.6 17 200 M M 0 23 190
16 99 59 79 5 0 14 0.00 0.0 0 9.8 22 340 M M 0 30 360
17 82 53 68 -6 0 3 0.00 0.0 0 6.1 15 120 M M 0 19 200
18 100 67 84 11 0 19 0.00 0.0 0 18.0 32 200 M M 0 42 200
19 92 69 81 8 0 16 0.00 0.0 0 12.2 22 330 M M 0 30 320
20 80 62 71 -2 0 6 T 0.0 0 10.8 20 80 M M 3 26 80
21 104 71 88 15 0 23 0.00 0.0 0 14.1 29 200 M M 2 1 38 200
22 103 73 88 16 0 23 0.00 0.0 0 12.9 26 190 M M 0 37 200
23 101 65 83 11 0 18 0.00 0.0 0 6.2 15 250 M M 0 26 270
24 93 68 81 9 0 16 0.03 0.0 0 8.0 18 90 M M 0 3 24 70
25 85 64 75 3 0 10 0.06 0.0 0 9.9 20 360 M M 2 3 26 310
26 79 50 65 -7 0 0 0.00 0.0 0 4.8 12 40 M M 0 15 50
27 90 51 71 0 0 6 0.00 0.0 0 4.6 14 260 M M 0 19 250
28 89 59 74 3 0 9 0.00 0.0 0 6.5 14 330 M M 2 19 320
29 88 51 70 -1 0 5 0.00 0.0 0 5.7 14 330 M M 0 8 20 340
30 93 52 73 3 0 8 0.00 0.0 0 12.3 25 190 M M 0 18 45 150
31 93 62 78 8 0 13 T 0.0 0 12.6 24 180 M M 0 3 34 190
================================================================================
SM 2725 1863 3 290 3.21 0.0 280.7 M 50
================================================================================
AV 87.9 60.1 9.1 FASTST M M 2 MAX(MPH)
MISC ----> 38 10 57 10
================================================================================
NOTES:
# LAST OF SEVERAL OCCURRENCES
COLUMN 17 PEAK WIND IN M.P.H.
PRELIMINARY LOCAL CLIMATOLOGICAL DATA (WS FORM: F-6) , PAGE 2
STATION: VALENTINE
MONTH: AUGUST
YEAR: 2023
LATITUDE: 42 52 N
LONGITUDE: 100 33 W
[TEMPERATURE DATA] [PRECIPITATION DATA] SYMBOLS USED IN COLUMN 16
AVERAGE MONTHLY: 74.0 TOTAL FOR MONTH: 3.21 1 = FOG OR MIST
DPTR FM NORMAL: 0.4 DPTR FM NORMAL: 1.17 2 = FOG REDUCING VISIBILITY
HIGHEST: 104 ON 21 GRTST 24HR 2.45 ON 12-13 TO 1/4 MILE OR LESS
LOWEST: 50 ON 26,15 3 = THUNDER
SNOW, ICE PELLETS, HAIL 4 = ICE PELLETS
TOTAL MONTH: 0.0 INCH 5 = HAIL
GRTST 24HR 0.0 6 = FREEZING RAIN OR DRIZZLE
GRTST DEPTH: 0 7 = DUSTSTORM OR SANDSTORM:
VSBY 1/2 MILE OR LESS
8 = SMOKE OR HAZE
[NO. OF DAYS WITH] [WEATHER - DAYS WITH] 9 = BLOWING SNOW
X = TORNADO
MAX 32 OR BELOW: 0 0.01 INCH OR MORE: 11
MAX 90 OR ABOVE: 11 0.10 INCH OR MORE: 3
MIN 32 OR BELOW: 0 0.50 INCH OR MORE: 2
MIN 0 OR BELOW: 0 1.00 INCH OR MORE: 1
[HDD (BASE 65) ]
TOTAL THIS MO. 3 CLEAR (SCALE 0-3) 24
DPTR FM NORMAL -11 PTCLDY (SCALE 4-7) 7
TOTAL FM JUL 1 14 CLOUDY (SCALE 8-10) 0
DPTR FM NORMAL -1
[CDD (BASE 65) ]
TOTAL THIS MO. 290
DPTR FM NORMAL 11 [PRESSURE DATA]
TOTAL FM JAN 1 750 HIGHEST SLP 30.28 ON 26
DPTR FM NORMAL -69 LOWEST SLP 29.58 ON 18
[REMARKS]
#FINAL-08-23#