000
CXUS56 KLOX 011155
CF6WJF
PRELIMINARY LOCAL CLIMATOLOGICAL DATA (WS FORM: F-6)
STATION: LANCASTER FOX FIELD CA
MONTH: APRIL
YEAR: 2022
LATITUDE: 34 43 N
LONGITUDE: 118 13 W
TEMPERATURE IN F: :PCPN: SNOW: WIND :SUNSHINE: SKY :PK WND
================================================================================
1 2 3 4 5 6A 6B 7 8 9 10 11 12 13 14 15 16 17 18
12Z AVG MX 2MIN
DY MAX MIN AVG DEP HDD CDD WTR SNW DPTH SPD SPD DIR MIN PSBL S-S WX SPD DR
================================================================================
1 80 39 60 4 5 0 0.00 M M 5.1 18 250 M M 0 21 240
2 79 43 61 5 4 0 0.00 M M 9.6 24 250 M M 0 28 240
3 78 54 66 10 0 1 0.00 M M 15.8 29 300 M M 0 35 300
4 79 53 66 10 0 1 0.00 M M 23.6 44 280 M M 0 8 54 280
5 77 55 66 9 0 1 0.00 M M 21.4 37 280 M M 0 8 43 270
6 86 44 65 8 0 0 0.00 M M 6.9 18 70 M M 0 23 80
7 87 41 64 7 1 0 0.00 M M 8.8 22 50 M M 0 27 60
8 91 40 66 9 0 1 0.00 M M 6.3 20 280 M M 0 23 280
9 83 58 71 14 0 6 0.00 M M 24.3 40 280 M M 0 51 280
10 78 52 65 7 0 0 0.00 M M 19.8 32 280 M M 0 37 280
11 67 43 55 -3 10 0 0.00 M M 24.8 37 290 M M 2 45 280
12 57 36 47 -11 18 0 0.00 M M 17.6 37 310 M M 0 47 300
13 68 39 54 -4 11 0 0.00 M M 19.4 30 280 M M 0 36 270
14 72 46 59 1 6 0 0.00 M M 19.7 29 280 M M 0 36 280
15 75 49 62 3 3 0 0.00 M M 19.2 29 270 M M 0 35 290
16 70 50 60 1 5 0 0.00 M M 21.3 35 270 M M 0 41 270
17 85 46 66 7 0 1 0.00 M M 11.6 24 270 M M 0 28 270
18 85 48 67 8 0 2 0.00 M M 12.7 23 260 M M 0 29 280
19 74 56 65 5 0 0 0.00 M M 23.8 33 270 M M 0 8 39 290
20 71 51 61 1 4 0 0.00 M M 22.5 30 270 M M 0 38 230
21 67 48 58 -2 7 0 0.06 M M 19.7 31 250 M M 2 39 250
22 62 45 54 -6 11 0 0.04 M M 19.5 37 270 M M 2 43 270
23 72 41 57 -3 8 0 0.00 M M 6.8 24 280 M M 0 27 280
24 77 38 58 -3 7 0 0.00 M M 6.0 21 60 M M 0 25 60
25 83 39 61 0 4 0 0.00 M M 5.9 16 240 M M 0 20 240
26 81 50 66 5 0 1 0.00 M M 12.7 24 250 M M 0 29 250
27 79 56 68 6 0 3 0.00 M M 18.0 31 270 M M 0 38 250
28 71 51 61 -1 4 0 0.00 M M 26.5 40 270 M M 0 46 250
29 82 49 66 4 0 1 0.00 M M 10.7 28 280 M M 0 33 280
30 87 41 64 1 1 0 0.00 M M 13.3 35 280 M M 0 40 280
================================================================================
SM 2303 1401 109 18 0.10 M 473.3 M 6
================================================================================
AV 76.8 46.7 15.8 FASTST M M 0 MAX(MPH)
MISC ----> 44 280 54 280
================================================================================
NOTES:
# LAST OF SEVERAL OCCURRENCES
COLUMN 17 PEAK WIND IN M.P.H.
PRELIMINARY LOCAL CLIMATOLOGICAL DATA (WS FORM: F-6) , PAGE 2
STATION: LANCASTER FOX FIELD CA
MONTH: APRIL
YEAR: 2022
LATITUDE: 34 43 N
LONGITUDE: 118 13 W
[TEMPERATURE DATA] [PRECIPITATION DATA] SYMBOLS USED IN COLUMN 16
AVERAGE MONTHLY: 61.7 TOTAL FOR MONTH: 0.10 1 = FOG OR MIST
DPTR FM NORMAL: 2.8 DPTR FM NORMAL: -0.29 2 = FOG REDUCING VISIBILITY
HIGHEST: 91 ON 8 GRTST 24HR 0.10 ON 21-22 TO 1/4 MILE OR LESS
LOWEST: 36 ON 12 3 = THUNDER
SNOW, ICE PELLETS, HAIL 4 = ICE PELLETS
TOTAL MONTH: M 5 = HAIL
GRTST 24HR M ON M 6 = FREEZING RAIN OR DRIZZLE
GRTST DEPTH: M ON M 7 = DUSTSTORM OR SANDSTORM:
VSBY 1/2 MILE OR LESS
8 = SMOKE OR HAZE
[NO. OF DAYS WITH] [WEATHER - DAYS WITH] 9 = BLOWING SNOW
X = TORNADO
MAX 32 OR BELOW: 0 0.01 INCH OR MORE: 2
MAX 90 OR ABOVE: 1 0.10 INCH OR MORE: 0
MIN 32 OR BELOW: 0 0.50 INCH OR MORE: 0
MIN 0 OR BELOW: 0 1.00 INCH OR MORE: 0
[HDD (BASE 65) ]
TOTAL THIS MO. 109 CLEAR (SCALE 0-3) 30
DPTR FM NORMAL -97 PTCLDY (SCALE 4-7) 0
TOTAL FM JUL 1 2641 CLOUDY (SCALE 8-10) 0
DPTR FM NORMAL -230
[CDD (BASE 65) ]
TOTAL THIS MO. 18
DPTR FM NORMAL -5 [PRESSURE DATA]
TOTAL FM JAN 1 20 HIGHEST SLP 30.29 ON 7
DPTR FM NORMAL -5 LOWEST SLP 29.74 ON 9
[REMARKS]
#FINAL-04-22#