000
CXUS56 KLOX 011155
CF6WJF
PRELIMINARY LOCAL CLIMATOLOGICAL DATA (WS FORM: F-6)
STATION: LANCASTER FOX FIELD CA
MONTH: MAY
YEAR: 2021
LATITUDE: 34 43 N
LONGITUDE: 118 13 W
TEMPERATURE IN F: :PCPN: SNOW: WIND :SUNSHINE: SKY :PK WND
================================================================================
1 2 3 4 5 6A 6B 7 8 9 10 11 12 13 14 15 16 17 18
12Z AVG MX 2MIN
DY MAX MIN AVG DEP HDD CDD WTR SNW DPTH SPD SPD DIR MIN PSBL S-S WX SPD DR
================================================================================
1 86 64 75 12 0 10 0.00 M M 20.7 38 270 M M 0 44 260
2 77 55 66 3 0 1 0.00 M M 25.7 47 300 M M 1 8 58 290
3 83 53 68 4 0 3 0.00 M M 10.0 22 280 M M 0 24 80
4 90 47 69 5 0 4 0.00 M M 7.9 20 270 M M 0 26 230
5 93 56 75 11 0 10 0.00 M M 9.1 24 240 M M 0 8 32 240
6 91 53 72 8 0 7 0.00 M M 10.9 26 250 M M 0 33 240
7 83 61 72 7 0 7 0.00 M M 22.3 37 270 M M 0 42 270
8 88 59 74 9 0 9 0.00 M M 14.9 32 280 M M 0 39 260
9 87 58 73 8 0 8 0.00 M M 13.4 30 260 M M 0 35 250
10 89 60 75 9 0 10 0.00 M M 11.8 23 250 M M 0 28 240
11 91 55 73 7 0 8 0.00 M M 8.4 23 250 M M 0 26 240
12 94 53 74 8 0 9 0.00 M M 9.1 24 240 M M 0 32 240
13 93 63 78 11 0 13 0.00 M M 10.5 24 250 M M 0 35 240
14 89 62 76 9 0 11 0.00 M M 15.8 25 220 M M 0 37 230
15 75 53 64 -3 1 0 0.00 M M 22.3 29 230 M M 0 41 240
16 68 50 59 -9 6 0 0.00 M M 22.7 31 250 M M 0 44 240
17 87 54 71 3 0 6 0.00 M M 18.5 36 280 M M 0 45 280
18 87 63 75 7 0 10 0.00 M M 24.8 36 270 M M 0 44 280
19 87 61 74 6 0 9 0.00 M M 25.3 35 280 M M 0 44 270
20 68 51 60 -9 5 0 0.00 M M 29.7 44 270 M M 0 8 52 260
21 66 46 56 -13 9 0 0.00 M M 18.2 32 280 M M 1 43 280
22 71 44 58 -11 7 0 0.00 M M 15.5 24 270 M M 0 32 270
23 80 51 66 -4 0 1 0.00 M M 13.2 26 270 M M 0 32 270
24 87 50 69 -1 0 4 0.00 M M 8.0 22 280 M M 0 26 290
25 90 65 78 8 0 13 0.00 M M 16.9 25 280 M M 0 32 240
26 87 65 76 6 0 11 0.00 M M 14.4 23 230 M M 0 32 250
27 90 64 77 6 0 12 0.00 M M 15.1 29 260 M M 0 35 270
28 92 63 78 7 0 13 0.00 M M 15.2 25 270 M M 0 31 250
29 86 63 75 4 0 10 0.00 M M 15.7 26 220 M M 0 33 220
30 98 59 79 7 0 14 0.00 M M 9.9 28 260 M M 0 33 260
31 101 65 83 11 0 18 0.00 M M 10.4 25 250 M M 0 32 240
================================================================================
SM 2654 1766 28 231 0.00 M 486.4 M 2
================================================================================
AV 85.6 57.0 15.7 FASTST M M 0 MAX(MPH)
MISC ----> 47 300 58 290
================================================================================
NOTES:
# LAST OF SEVERAL OCCURRENCES
COLUMN 17 PEAK WIND IN M.P.H.
PRELIMINARY LOCAL CLIMATOLOGICAL DATA (WS FORM: F-6) , PAGE 2
STATION: LANCASTER FOX FIELD CA
MONTH: MAY
YEAR: 2021
LATITUDE: 34 43 N
LONGITUDE: 118 13 W
[TEMPERATURE DATA] [PRECIPITATION DATA] SYMBOLS USED IN COLUMN 16
AVERAGE MONTHLY: 71.3 TOTAL FOR MONTH: 0.00 1 = FOG OR MIST
DPTR FM NORMAL: 3.8 DPTR FM NORMAL: -0.10 2 = FOG REDUCING VISIBILITY
HIGHEST: 101 ON 31 GRTST 24HR 0.00 ON 1- 1 TO 1/4 MILE OR LESS
LOWEST: 44 ON 22 3 = THUNDER
SNOW, ICE PELLETS, HAIL 4 = ICE PELLETS
TOTAL MONTH: M 5 = HAIL
GRTST 24HR M ON M 6 = FREEZING RAIN OR DRIZZLE
GRTST DEPTH: M ON M 7 = DUSTSTORM OR SANDSTORM:
VSBY 1/2 MILE OR LESS
8 = SMOKE OR HAZE
[NO. OF DAYS WITH] [WEATHER - DAYS WITH] 9 = BLOWING SNOW
X = TORNADO
MAX 32 OR BELOW: 0 0.01 INCH OR MORE: 0
MAX 90 OR ABOVE: 11 0.10 INCH OR MORE: 0
MIN 32 OR BELOW: 0 0.50 INCH OR MORE: 0
MIN 0 OR BELOW: 0 1.00 INCH OR MORE: 0
[HDD (BASE 65) ]
TOTAL THIS MO. 28 CLEAR (SCALE 0-3) 31
DPTR FM NORMAL -41 PTCLDY (SCALE 4-7) 0
TOTAL FM JUL 1 2756 CLOUDY (SCALE 8-10) 0
DPTR FM NORMAL -186
[CDD (BASE 65) ]
TOTAL THIS MO. 231
DPTR FM NORMAL 84 [PRESSURE DATA]
TOTAL FM JAN 1 277 HIGHEST SLP 30.10 ON 24
DPTR FM NORMAL 105 LOWEST SLP 29.67 ON 2
[REMARKS]
#FINAL-05-21#