000
CXUS46 KLOX 011730
CLMWJF
CLIMATE REPORT
NATIONAL WEATHER SERVICE LOS ANGELES/OXNARD
930 AM PST THU FEB 01 2024
...................................
...THE LANCASTER FOX FIELD CA CLIMATE SUMMARY FOR THE MONTH OF JANUARY 2024...
CLIMATE NORMAL PERIOD: 1991 TO 2020
CLIMATE RECORD PERIOD: 1945 TO 2024
WEATHER OBSERVED NORMAL DEPART LAST YEAR`S
VALUE DATE(S) VALUE FROM VALUE
NORMAL
..............................................................
TEMPERATURE (F)
HIGHEST 72 01/29
LOWEST 22 01/09
AVG. MAXIMUM 59.5 58.7 0.8
AVG. MINIMUM 34.6 31.3 3.3
MEAN 47.1 45.0 2.1
DAYS MAX >= 90 0
DAYS MAX <= 32 0
DAYS MIN <= 32 13
DAYS MIN <= 0 0
PRECIPITATION (INCHES)
TOTALS 0.81 1.46 -0.65
DAILY AVG. 0.03
DAYS >= .01 4
DAYS >= .10 3
DAYS >= .50 0
DAYS >= 1.00 0
GREATEST
24 HR. TOTAL 0.43 01/22 TO 01/22
STORM TOTAL 0.43
DEGREE DAYS
HEATING TOTAL 549 620 -71 566
SINCE 7/1 1601 1831 -230 MM
COOLING TOTAL 0 0 0 0
SINCE 1/1 0 0 0 MM
..............................................................
WIND (MPH)
AVERAGE WIND SPEED 9.7
HIGHEST WIND SPEED/DIRECTION 44/280 DATE 01/10
HIGHEST GUST SPEED/DIRECTION 55/300 DATE 01/11
SKY COVER
POSSIBLE SUNSHINE (PERCENT) MM
AVERAGE SKY COVER 0.10
NUMBER OF DAYS FAIR 28
NUMBER OF DAYS PC 1
NUMBER OF DAYS CLOUDY 2
AVERAGE RH (PERCENT) 61
WEATHER CONDITIONS. NUMBER OF DAYS WITH
THUNDERSTORM 1 MIXED PRECIP 0
HEAVY RAIN 0 RAIN 3
LIGHT RAIN 5 FREEZING RAIN 0
LT FREEZING RAIN 0 HAIL 0
HEAVY SNOW 0 SNOW 0
LIGHT SNOW 0 SLEET 0
FOG 4 FOG W/VIS <= 1/4 MILE 0
HAZE 3
- INDICATES NEGATIVE NUMBERS.
R INDICATES RECORD WAS SET OR TIED.
MM INDICATES DATA IS MISSING.
T INDICATES TRACE AMOUNT.
$$