000
CXUS55 KLKN 021053
CLSWMC
CLIMATE REPORT
NATIONAL WEATHER SERVICE ELKO, NV
253 AM PST THU MAR 02 2023
...................................
...THE WINNEMUCCA AIRPORT NV CLIMATE SUMMARY FOR THE SEASON, FROM
12/1/2022 TO 2/28/2023...
CLIMATE NORMAL PERIOD 1991 TO 2020
CLIMATE RECORD PERIOD 1877 TO 2023
WEATHER OBSERVED NORMAL DEPART LAST YEAR`S
VALUE DATE(S) VALUE FROM VALUE
NORMAL
..............................................................
TEMPERATURE (F)
RECORD
HIGH 74 02/28/1986
02/19/1981
LOW -37 12/22/1990
HIGHEST 60 02/20 65 -5 65
LOWEST 1 01/21 -9 10 -3
AVG. MAXIMUM 42.1 45.4 -3.3 46.4
AVG. MINIMUM 21.8 21.0 0.8 18.3
MEAN 32.0 33.2 -1.2 32.4
DAYS MAX >= 90 0 0.0 0.0 MM
DAYS MAX <= 32 11 9.9 1.1 MM
DAYS MIN <= 32 78 81.1 -3.1 MM
DAYS MIN <= 0 0 4.2 -4.2 MM
PRECIPITATION (INCHES)
RECORD
MAXIMUM 7.84 1890
MINIMUM 0.51 1977
TOTALS 4.04 2.69 1.35 2.56
DAILY AVG. 0.04 0.03 0.01 T
DAYS >= .01 20 24.3 -4.3 MM
DAYS >= .10 4 9.6 -5.6 MM
DAYS >= .50 0 0.5 -0.5 MM
DAYS >= 1.00 0 0.0 0.0 MM
SNOWFALL (INCHES)
RECORDS
TOTAL 68.0 1890
TOTALS 16.4 14.0 2.4 31.1
DAYS >= 1.0 6 4.8 1.2 MM
GREATEST
SNOW DEPTH 5 12/13 10
DEGREE DAYS
HEATING TOTAL 2952 2872 80 2919
COOLING TOTAL 0 0 0 0
..............................................................
WIND (MPH)
AVERAGE WIND SPEED 7.9
HIGHEST WIND SPEED/DIRECTION 37/350 DATE 02/21
HIGHEST GUST SPEED/DIRECTION 50/210 DATE 12/27
AVERAGE RH (PERCENT) 70
WEATHER CONDITIONS. NUMBER OF DAYS WITH
THUNDERSTORM 0 MIXED PRECIP 0
HEAVY RAIN 0 RAIN 7
LIGHT RAIN 15 FREEZING RAIN 0
LT FREEZING RAIN 0 HAIL 0
HEAVY SNOW 1 SNOW 3
LIGHT SNOW 28 SLEET 0
FOG 27 FOG W/VIS <= 1/4 MILE 2
HAZE 5
- INDICATES NEGATIVE NUMBERS.
R INDICATES RECORD WAS SET OR TIED.
MM INDICATES DATA IS MISSING.
T INDICATES TRACE AMOUNT.
=====================================================================
...COLDER THAN NORMAL METEOROLOGICAL WINTER IN WINNEMUCCA...
...WETTER THAN NORMAL METEOROLOGICAL WINTER IN WINNEMUCCA...
...SNOWIER THAN NORMAL METEOROLOGICAL WINTER IN WINNEMUCCA...
$$