000
CXUS55 KRIW 011010
CF6WRL
PRELIMINARY LOCAL CLIMATOLOGICAL DATA (WS FORM: F-6)
STATION: WORLAND WY
MONTH: APRIL
YEAR: 2022
LATITUDE: 43 58 N
LONGITUDE: 107 57 W
TEMPERATURE IN F: :PCPN: SNOW: WIND :SUNSHINE: SKY :PK WND
================================================================================
1 2 3 4 5 6A 6B 7 8 9 10 11 12 13 14 15 16 17 18
12Z AVG MX 2MIN
DY MAX MIN AVG DEP HDD CDD WTR SNW DPTH SPD SPD DIR MIN PSBL S-S WX SPD DR
================================================================================
1 50 25 38 -4 27 0 T M M 6.0 21 350 M M 3 1 26 330
2 65 20 43 1 22 0 0.00 M M 6.0 28 260 M M 0 40 350
3 54 21 38 -4 27 0 0.00 M M 5.5 13 110 M M 0 18 100
4 61 24 43 1 22 0 0.00 M M 12.4 30 340 M M 1 42 350
5 48 29 39 -4 26 0 T M M 17.9 36 310 M M 5 1 46 320
6 50 24 37 -6 28 0 0.00 M M 13.8 32 330 M M 6 46 320
7 56 21 39 -4 26 0 0.00 M M 8.2 21 320 M M 0 27 320
8 72 23 48 5 17 0 0.00 M M 6.1 13 140 M M 0 21 140
9 56 37 47 4 18 0 0.00 M M 12.9 26 320 M M 2 33 330
10 43 28 36 -8 29 0 0.01 M M 10.0 25 310 M M 7 1 32 310
11 49 22 36 -8 29 0 0.12 M M 6.8 23 130 M M 5 1 30 130
12 31 13 22 -22 43 0 0.18 M M 15.2 29 310 M M 9 18 37 310
13 27 11 19 -25 46 0 T M M 9.5 17 330 M M 10 22 330
14 32 7 20 -24 45 0 0.00 M M 3.1 13 350 M M 3 16 350
15 30 18 24 -20 41 0 0.00 M M 6.6 14 340 M M 9 18 350
16 50 15 33 -12 32 0 0.00 M M 7.4 20 170 M M 0 27 170
17 47 21 34 -11 31 0 0.00 M M 6.7 20 330 M M 4 30 80
18 63 21 42 -3 23 0 0.00 M M 7.1 15 120 M M 0 23 120
19 68 32 50 5 15 0 0.00 M M 11.1 32 240 M M 0 42 240
20 59 26 43 -3 22 0 0.00 M M 6.4 15 160 M M 1 22 350
21 74 25 50 4 15 0 0.00 M M 7.8 28 340 M M 1 8 35 350
22 61 32 47 1 18 0 0.28 M M 12.7 32 330 M M 6 1 42 320
23 40 32 36 -10 29 0 0.05 M M 26.3 40 340 M M 10 1 55 330
24 51 31 41 -6 24 0 0.00 M M 11.6 24 340 M M 4 34 360
25 58 31 45 -2 20 0 0.00 M M 8.9 16 130 M M 2 21 120
26 72 31 52 5 13 0 0.00 M M 8.5 24 190 M M 0 33 200
27 70 31 51 3 14 0 0.03 M M 6.3 32 320 M M 3 43 330
28 62 33 48 0 17 0 0.17 M M 6.1 32 330 M M 3 13 39 330
29 45 35 40 -8 25 0 0.76 M M 12.7 28 340 M M 10 1 43 330
30 55 29 42 -7 23 0 0.00 M M 4.0 10 130 M M 0 13 120
================================================================================
SM 1599 748 767 0 1.60 M 283.6 M 104
================================================================================
AV 53.3 24.9 9.5 FASTST M M 3 MAX(MPH)
MISC ----> 40 340 55 330
================================================================================
NOTES:
# LAST OF SEVERAL OCCURRENCES
COLUMN 17 PEAK WIND IN M.P.H.
PRELIMINARY LOCAL CLIMATOLOGICAL DATA (WS FORM: F-6) , PAGE 2
STATION: WORLAND WY
MONTH: APRIL
YEAR: 2022
LATITUDE: 43 58 N
LONGITUDE: 107 57 W
[TEMPERATURE DATA] [PRECIPITATION DATA] SYMBOLS USED IN COLUMN 16
AVERAGE MONTHLY: 39.1 TOTAL FOR MONTH: 1.60 1 = FOG OR MIST
DPTR FM NORMAL: -5.8 DPTR FM NORMAL: 0.62 2 = FOG REDUCING VISIBILITY
HIGHEST: 74 ON 21 GRTST 24HR 0.93 ON 28-29 TO 1/4 MILE OR LESS
LOWEST: 7 ON 14 3 = THUNDER
SNOW, ICE PELLETS, HAIL 4 = ICE PELLETS
TOTAL MONTH: M 5 = HAIL
GRTST 24HR M ON M 6 = FREEZING RAIN OR DRIZZLE
GRTST DEPTH: M ON M 7 = DUSTSTORM OR SANDSTORM:
VSBY 1/2 MILE OR LESS
8 = SMOKE OR HAZE
[NO. OF DAYS WITH] [WEATHER - DAYS WITH] 9 = BLOWING SNOW
X = TORNADO
MAX 32 OR BELOW: 4 0.01 INCH OR MORE: 8
MAX 90 OR ABOVE: 0 0.10 INCH OR MORE: 5
MIN 32 OR BELOW: 27 0.50 INCH OR MORE: 1
MIN 0 OR BELOW: 0 1.00 INCH OR MORE: 0
[HDD (BASE 65) ]
TOTAL THIS MO. 767 CLEAR (SCALE 0-3) 17
DPTR FM NORMAL 164 PTCLDY (SCALE 4-7) 8
TOTAL FM JUL 1 7258 CLOUDY (SCALE 8-10) 5
DPTR FM NORMAL -270
[CDD (BASE 65) ]
TOTAL THIS MO. 0
DPTR FM NORMAL 0 [PRESSURE DATA]
TOTAL FM JAN 1 0 HIGHEST SLP 30.57 ON 7
DPTR FM NORMAL 0 LOWEST SLP 29.26 ON 4
[REMARKS]
#FINAL-04-22#