000
CXUS54 KMAF 271100
CF66R6
PRELIMINARY LOCAL CLIMATOLOGICAL DATA (WS FORM: F-6)

                                          STATION:   Terrell County Airport
                                          MONTH:     MAY
                                          YEAR:      2018
                                          LATITUDE:   30  2 N
                                          LONGITUDE: 102 13 W

  TEMPERATURE IN F:       :PCPN:    SNOW:  WIND      :SUNSHINE: SKY     :PK WND
================================================================================
1   2   3   4   5  6A  6B    7    8   9   10  11  12  13   14  15   16   17  18
                                     12Z  AVG MX 2MIN
DY MAX MIN AVG DEP HDD CDD  WTR  SNW DPTH SPD SPD DIR MIN PSBL S-S WX    SPD DR
================================================================================

 1  95  66  81   8   0  16 0.00  0.0    0 12.1 25 110   M    M   0        34 120
 2  96  72  84  11   0  19 0.00  0.0    0 11.1 24 130   M    M   0        33 130
 3  96  71  84  10   0  19 0.00  0.0    0  8.3 20 250   M    M   0        29 280
 4  78  60  69  -5   0   4 0.40  0.0    0  6.9 18 360   M    M   0        25 360
 5  86  56  71  -3   0   6 0.00  0.0    0  5.5 14 110   M    M   0        19 100
 6  92  58  75   1   0  10 0.00  0.0    0  7.8 17  90   M    M   0        30 100
 7  96  58  77   3   0  12 0.00  0.0    0 10.7 22 110   M    M   0        32 100
 8 100  61  81   6   0  16 0.00  0.0    0 11.1 26 120   M    M   0        36 120
 9  94  63  79   4   0  14 0.00  0.0    0 13.4 25 120   M    M   0        33 120
10  94  63  79   4   0  14 0.00  0.0    0 13.6 29 120   M    M   0        39 120
11  95  63  79   3   0  14 0.00  0.0    0 12.7 23 120   M    M   0        32 120
12  95  67  81   5   0  16 0.00  0.0    0 11.5 22 120   M    M   0        27 120
13  92  73  83   7   0  18 0.00  0.0    0 10.6 21 120   M    M   0        29 110
14  88  68  78   2   0  13 0.02  0.0    0  8.5 18 150   M    M   0        26 150
15  96  63  80   4   0  15 0.00  0.0    0  6.8 18 130   M    M   0        27 120
16  99  66  83   6   0  18 0.00  0.0    0 10.4 22 130   M    M   0        29 120
17 101  68  85   8   0  20 0.66  0.0    0 11.4 33 320   M    M   0        44 330
18  95  68  82   5   0  17 0.02  0.0    0 10.6 24 130   M    M   0        34 130
19  90  66  78   1   0  13 0.00  0.0    0 11.3 23 120   M    M   0        30 120
20  82  63  73  -5   0   8 0.07  0.0    0 12.0 24 110   M    M   0        32 100
21  89  67  78   0   0  13 0.00  0.0    0 11.6 24 100   M    M   0        32 110
22  91  70  81   3   0  16 0.00  0.0    0 15.7 24 110   M    M   0        32 120
23  92  69  81   3   0  16 0.00  0.0    0 13.4 24 110   M    M   0        32  90
24  95  67  81   3   0  16 0.00  0.0    0  9.5 22 110   M    M   0        29 110
25 100  69  85   6   0  20 0.00  0.0    0  7.7 18 110   M    M   0        24 110
26 105  68  87   8   0  22 0.00  0.0    0  9.3 18 110   M    M   0        26 120
================================================================================
SM 2432 1703         0 385  1.17     0.0 273.5          M        0
================================================================================
AV 93.5 65.5                              10.5 FASTST   M    M   0    MAX(MPH)
                                 MISC ---->  # 33 320               # 44  330
================================================================================
NOTES:
# LAST OF SEVERAL OCCURRENCES

COLUMN 17 PEAK WIND IN M.P.H.

PRELIMINARY LOCAL CLIMATOLOGICAL DATA (WS FORM: F-6) , PAGE 2

                                          STATION:  Terrell County Airport
                                          MONTH:    MAY
                                          YEAR:     2018
                                          LATITUDE:   30  2 N
                                          LONGITUDE: 102 13 W

[TEMPERATURE DATA]      [PRECIPITATION DATA]       SYMBOLS USED IN COLUMN 16

AVERAGE MONTHLY: 79.5   TOTAL FOR MONTH:   1.17    1 = FOG OR MIST
DPTR FM NORMAL:   3.5   DPTR FM NORMAL:   -0.27    2 = FOG REDUCING VISIBILITY
HIGHEST:   105 ON 26    GRTST 24HR  0.66 ON 17-17      TO 1/4 MILE OR LESS
LOWEST:     56 ON  5                               3 = THUNDER
                        SNOW, ICE PELLETS, HAIL    4 = ICE PELLETS
                        TOTAL MONTH:   0.0 INCH    5 = HAIL
                        GRTST 24HR     0.0         6 = FREEZING RAIN OR DRIZZLE
                        GRTST DEPTH:   0           7 = DUSTSTORM OR SANDSTORM:
                                                       VSBY 1/2 MILE OR LESS
                                                   8 = SMOKE OR HAZE
[NO. OF DAYS WITH]      [WEATHER - DAYS WITH]      9 = BLOWING SNOW
                                                   X = TORNADO
MAX 32 OR BELOW:   0    0.01 INCH OR MORE:   5
MAX 90 OR ABOVE:  21    0.10 INCH OR MORE:   2
MIN 32 OR BELOW:   0    0.50 INCH OR MORE:   1
MIN  0 OR BELOW:   0    1.00 INCH OR MORE:   0

[HDD (BASE 65) ]
TOTAL THIS MO.     0    CLEAR  (SCALE 0-3)  26
DPTR FM NORMAL     0    PTCLDY (SCALE 4-7)   0
TOTAL FM JUL 1  1375    CLOUDY (SCALE 8-10)  0
DPTR FM NORMAL  -440

[CDD (BASE 65) ]
TOTAL THIS MO.   385
DPTR FM NORMAL    94    [PRESSURE DATA]
TOTAL FM JAN 1   639    HIGHEST SLP M ON M
DPTR FM NORMAL   138    LOWEST  SLP 29.56 ON 18

[REMARKS]
