000
CXUS55 KABQ 261000
CF6ABQ
PRELIMINARY LOCAL CLIMATOLOGICAL DATA (WS FORM: F-6)

                                          STATION:   ALBUQUERQUE  NM
                                          MONTH:     MAY
                                          YEAR:      2018
                                          LATITUDE:   35  2 N
                                          LONGITUDE: 106 37 W

  TEMPERATURE IN F:       :PCPN:    SNOW:  WIND      :SUNSHINE: SKY     :PK WND
================================================================================
1   2   3   4   5  6A  6B    7    8   9   10  11  12  13   14  15   16   17  18
                                     12Z  AVG MX 2MIN
DY MAX MIN AVG DEP HDD CDD  WTR  SNW DPTH SPD SPD DIR MIN PSBL S-S WX    SPD DR
================================================================================

 1  76  52  64   3   1   0 0.00  0.0    0 13.4 37 180   M    M   7        43 180
 2  70  49  60  -1   5   0    T  0.0    0 11.9 37 240   M    M   8 3      55 230
 3  66  37  52 -10  13   0 0.00  0.0    0  9.0 22 330   M    M   4        31 330
 4  73  47  60  -2   5   0 0.00  0.0    0  5.5 15  80   M    M   3        19 290
 5  80  51  66   4   0   1 0.00  0.0    0  5.7 15 250   M    M   1        19 260
 6  84  53  69   7   0   4 0.00  0.0    0  5.9 16 190   M    M   7        21 170
 7  88  58  73  10   0   8 0.00  0.0    0  6.8 30 320   M    M   7        37 330
 8  90  57  74  11   0   9 0.00  0.0    0  7.1 22 330   M    M   4        32 300
 9  90  59  75  11   0  10 0.00  0.0    0  5.0 10  60   M    M   5        15 260
10  92  57  75  11   0  10 0.00  0.0    0  9.7 36 200   M    M   4 7      53 210
11  90  65  78  14   0  13 0.00  0.0    0 11.8 30 270   M    M   7        41 270
12  86  58  72   8   0   7 0.00  0.0    0 13.7 31 190   M    M   3        38 200
13  85  55  70   5   0   5 0.00  0.0    0 12.9 32 190   M    M   3        43 190
14  82  58  70   5   0   5 0.00  0.0    0  6.7 20 270   M    M   5        26 240
15  85  53  69   4   0   4 0.00  0.0    0  7.0 22 270   M    M   3        32 260
16  87  56  72   6   0   7 0.00  0.0    0  6.0 20 180   M    M   1        24 180
17  89  57  73   7   0   8 0.00  0.0    0  8.1 23 190   M    M   3        30 190
18  82  54  68   2   0   3 0.00  0.0    0  8.1 26 290   M    M   2        44 280
19  83  50  67   0   0   2 0.00  0.0    0  7.4 31  90   M    M   1        39  90
20  83  56  70   3   0   5 0.00  0.0    0 19.8 39  80   M    M   3        48  90
21  78  58  68   1   0   3 0.12    T    0 15.2 30  90   M    M   7 35     37  90
22  83  56  70   2   0   5 0.00  0.0    0 13.0 29 190   M    M   4        40 210
23  85  56  71   3   0   6 0.00  0.0    0 10.1 25 230   M    M   2        34 220
24  87  55  71   3   0   6 0.00  0.0    0  5.9 15 180   M    M   2        21 180
25  90  59  75   7   0  10 0.00  0.0    0  6.9 14 180   M    M   1        22 260
================================================================================
SM 2084 1366        24 131  0.12    T    232.6          M       97
================================================================================
AV 83.4 54.6                               9.3 FASTST   M    M   4    MAX(MPH)
                                 MISC ---->  # 39  80               # 55  230
================================================================================
NOTES:
# LAST OF SEVERAL OCCURRENCES

COLUMN 17 PEAK WIND IN M.P.H.

PRELIMINARY LOCAL CLIMATOLOGICAL DATA (WS FORM: F-6) , PAGE 2

                                          STATION:  ALBUQUERQUE  NM
                                          MONTH:    MAY
                                          YEAR:     2018
                                          LATITUDE:   35  2 N
                                          LONGITUDE: 106 37 W

[TEMPERATURE DATA]      [PRECIPITATION DATA]       SYMBOLS USED IN COLUMN 16

AVERAGE MONTHLY: 69.0   TOTAL FOR MONTH:   0.12    1 = FOG OR MIST
DPTR FM NORMAL:   4.3   DPTR FM NORMAL:   -0.28    2 = FOG REDUCING VISIBILITY
HIGHEST:    92 ON 10    GRTST 24HR  0.12 ON 21-21      TO 1/4 MILE OR LESS
LOWEST:     37 ON  3                               3 = THUNDER
                        SNOW, ICE PELLETS, HAIL    4 = ICE PELLETS
                        TOTAL MONTH:    T          5 = HAIL
                        GRTST 24HR    T  ON 21-21  6 = FREEZING RAIN OR DRIZZLE
                        GRTST DEPTH:   0           7 = DUSTSTORM OR SANDSTORM:
                                                       VSBY 1/2 MILE OR LESS
                                                   8 = SMOKE OR HAZE
[NO. OF DAYS WITH]      [WEATHER - DAYS WITH]      9 = BLOWING SNOW
                                                   X = TORNADO
MAX 32 OR BELOW:   0    0.01 INCH OR MORE:   1
MAX 90 OR ABOVE:   5    0.10 INCH OR MORE:   1
MIN 32 OR BELOW:   0    0.50 INCH OR MORE:   0
MIN  0 OR BELOW:   0    1.00 INCH OR MORE:   0

[HDD (BASE 65) ]
TOTAL THIS MO.    24    CLEAR  (SCALE 0-3)  12
DPTR FM NORMAL   -42    PTCLDY (SCALE 4-7)  13
TOTAL FM JUL 1  3329    CLOUDY (SCALE 8-10)  0
DPTR FM NORMAL  -841

[CDD (BASE 65) ]
TOTAL THIS MO.   131
DPTR FM NORMAL    71    [PRESSURE DATA]
TOTAL FM JAN 1   145    HIGHEST SLP M ON M
DPTR FM NORMAL    78    LOWEST  SLP 29.47 ON 11

[REMARKS]
