000
CXUS55 KABR 251400
CF6ABR
PRELIMINARY LOCAL CLIMATOLOGICAL DATA (WS FORM: F-6)

                                          STATION:   ABERDEEN SD
                                          MONTH:     MAY
                                          YEAR:      2018
                                          LATITUDE:   45 27 N
                                          LONGITUDE:  98 26 W

  TEMPERATURE IN F:       :PCPN:    SNOW:  WIND      :SUNSHINE: SKY     :PK WND
================================================================================
1   2   3   4   5  6A  6B    7    8   9   10  11  12  13   14  15   16   17  18
                                     12Z  AVG MX 2MIN
DY MAX MIN AVG DEP HDD CDD  WTR  SNW DPTH SPD SPD DIR MIN PSBL S-S WX    SPD DR
================================================================================

 1  57  40  49  -2  16   0 0.00  0.0    0  8.8 26 350   M    M   6        30 340
 2  72  29  51  -1  14   0 0.00  0.0    0  6.2 18 240   M    M   4 12     25 230
 3  76  43  60   8   5   0 0.00  0.0    0  6.2 15 320   M    M   3 8      20 310
 4  83  42  63  11   2   0    T  0.0    0  9.6 29  90   M    M   1        43 310
 5  86  39  63  10   2   0    T  0.0    0  9.0 24 290   M    M   1 3      30 300
 6  84  40  62   9   3   0 0.00  0.0    0  5.6 16 310   M    M   0        20 290
 7  86  43  65  11   0   0 0.01  0.0    0 15.6 29 170   M    M   2 3      36 160
 8  80  53  67  13   0   2    T  0.0    0 11.2 22 360   M    M   3 3      28 140
 9  76  47  62   8   3   0    T  0.0    0 12.1 30 330   M    M   7        36 330
10  52  38  45 -10  20   0    T  0.0    0 12.6 21  60   M    M   6        27  60
11  53  45  49  -6  16   0 0.05  0.0    0  8.3 17  60   M    M  10 8      20  60
12  63  42  53  -2  12   0 0.02  0.0    0  6.6 16 110   M    M   8        23 100
13  73  37  55  -1  10   0 0.00  0.0    0  4.5 13 240   M    M   4 12     15 250
14  79  53  66  10   0   1 0.33  0.0    0  5.8 18  40   M    M   7 1      23  50
15  83  43  63   7   2   0 0.00  0.0    0  9.0 21 210   M    M   0        26 210
16  90  49  70  14   0   5 0.00  0.0    0  6.0 12 200   M    M   2 1      16 200
17  88  58  73  16   0   8    T  0.0    0 14.4 30  20   M    M   5 38     45  10
18  72  48  60   3   5   0 0.01  0.0    0 15.3 23 360   M    M   7        33 360
19  68  45  57   0   8   0 0.00  0.0    0 19.5 36  20   M    M   3        47  30
20  73  38  56  -2   9   0 0.00  0.0    0  8.6 20  80   M    M   2        27  70
21  74  53  64   6   1   0    T  0.0    0  6.4 13 140   M    M   8        17  90
22  87  47  67   9   0   2 0.00  0.0    0  7.3 16 150   M    M   1 12     22 150
23  89  62  76  17   0  11 0.10  0.0    0 14.1 29 140   M    M   4 13     38 180
24  92  62  77  18   0  12 0.00  0.0    0 12.1 23 200   M    M   1        37 210
================================================================================
SM 1836 1096       128  41  0.52     0.0 234.8          M       95
================================================================================
AV 76.5 45.7                               9.8 FASTST   M    M   4    MAX(MPH)
                                 MISC ---->  # 36  20               # 47   30
================================================================================
NOTES:
# LAST OF SEVERAL OCCURRENCES

COLUMN 17 PEAK WIND IN M.P.H.

PRELIMINARY LOCAL CLIMATOLOGICAL DATA (WS FORM: F-6) , PAGE 2

                                          STATION:  ABERDEEN SD
                                          MONTH:    MAY
                                          YEAR:     2018
                                          LATITUDE:   45 27 N
                                          LONGITUDE:  98 26 W

[TEMPERATURE DATA]      [PRECIPITATION DATA]       SYMBOLS USED IN COLUMN 16

AVERAGE MONTHLY: 61.1   TOTAL FOR MONTH:   0.52    1 = FOG OR MIST
DPTR FM NORMAL:   5.8   DPTR FM NORMAL:   -1.92    2 = FOG REDUCING VISIBILITY
HIGHEST:    92 ON 24    GRTST 24HR  0.33 ON 14-14      TO 1/4 MILE OR LESS
LOWEST:     29 ON  2                               3 = THUNDER
                        SNOW, ICE PELLETS, HAIL    4 = ICE PELLETS
                        TOTAL MONTH:   0.0 INCH    5 = HAIL
                        GRTST 24HR     0.0         6 = FREEZING RAIN OR DRIZZLE
                        GRTST DEPTH:   0           7 = DUSTSTORM OR SANDSTORM:
                                                       VSBY 1/2 MILE OR LESS
                                                   8 = SMOKE OR HAZE
[NO. OF DAYS WITH]      [WEATHER - DAYS WITH]      9 = BLOWING SNOW
                                                   X = TORNADO
MAX 32 OR BELOW:   0    0.01 INCH OR MORE:   6
MAX 90 OR ABOVE:   2    0.10 INCH OR MORE:   2
MIN 32 OR BELOW:   1    0.50 INCH OR MORE:   0
MIN  0 OR BELOW:   0    1.00 INCH OR MORE:   0

[HDD (BASE 65) ]
TOTAL THIS MO.   128    CLEAR  (SCALE 0-3)   9
DPTR FM NORMAL  -116    PTCLDY (SCALE 4-7)  13
TOTAL FM JUL 1  8494    CLOUDY (SCALE 8-10)  2
DPTR FM NORMAL    79

[CDD (BASE 65) ]
TOTAL THIS MO.    41
DPTR FM NORMAL    27    [PRESSURE DATA]
TOTAL FM JAN 1    41    HIGHEST SLP M ON M
DPTR FM NORMAL    25    LOWEST  SLP 29.67 ON  1

[REMARKS]
