000
CXUS53 KBIS 200803
CF6BIS
PRELIMINARY LOCAL CLIMATOLOGICAL DATA (WS FORM: F-6)

                                          STATION:   BISMARCK ND
                                          MONTH:     APRIL
                                          YEAR:      2018
                                          LATITUDE:   46 46 N
                                          LONGITUDE: 100 45 W

  TEMPERATURE IN F:       :PCPN:    SNOW:  WIND      :SUNSHINE: SKY     :PK WND
================================================================================
1   2   3   4   5  6A  6B    7    8   9   10  11  12  13   14  15   16   17  18
                                     12Z  AVG MX 2MIN
DY MAX MIN AVG DEP HDD CDD  WTR  SNW DPTH SPD SPD DIR MIN PSBL S-S WX    SPD DR
================================================================================

 1  31   4  18 -19  47   0 0.00  0.0    2  8.4 16 260   M    M   1        20 250
 2  21  15  18 -20  47   0    T    T    1 15.6 23  80   M    M  10        28  80
 3  27  10  19 -19  46   0    T    T    1  9.0 20  30   M    M   8        25  30
 4  41   6  24 -15  41   0 0.00  0.0    1  5.1 13 340   M    M   1        16 190
 5  32  12  22 -17  43   0 0.05  1.0    T 14.1 33 330   M    M   6 1      43 340
 6  23   2  13 -27  52   0 0.00  0.0    T 14.0 31 330   M    M   0        40 330
 7  31   6  19 -21  46   0 0.00  0.0    T  7.5 18  90   M    M   0        23 100
 8  25  17  21 -20  44   0 0.15  3.3    T 14.4 26  80   M    M   8 1      33  80
 9  33  18  26 -15  39   0 0.00  0.0    3  4.9 13 240   M    M  10        16 230
10  52  28  40  -2  25   0 0.00  0.0    T  6.9 14  20   M    M   4        19 280
11  43  29  36  -6  29   0 0.02  0.0    0  8.7 22 150   M    M   8 12     28 150
12  37  31  34  -8  31   0    T    T    0 10.5 21  80   M    M   9 12     26  80
13  34  25  30 -13  35   0 0.05  1.0    1 16.4 24  20   M    M   4 1      31  20
14  39  20  30 -13  35   0 0.00  0.0    T 10.0 18  50   M    M   0        24  40
15  39  14  27 -17  38   0 0.00  0.0    0  6.2 16  90   M    M   0        21  70
16  47  17  32 -12  33   0 0.00  0.0    0 12.1 23 100   M    M   0        28 120
17  51  27  39  -6  26   0 0.00  0.0    0 14.9 29 140   M    M   4        35 150
18  52  28  40  -5  25   0    T    T    T  5.7 16  30   M    M   4 1      21 350
19  58  22  40  -6  25   0 0.00  0.0    0  4.4 18 100   M    M   1 128    24  80
================================================================================
SM  716  331       707   0  0.27     5.3 188.8          M       78
================================================================================
AV 37.7 17.4                               9.9 FASTST   M    M   4    MAX(MPH)
                                 MISC ---->  # 33 330               # 43  340
================================================================================
NOTES:
# LAST OF SEVERAL OCCURRENCES

COLUMN 17 PEAK WIND IN M.P.H.

PRELIMINARY LOCAL CLIMATOLOGICAL DATA (WS FORM: F-6) , PAGE 2

                                          STATION:  BISMARCK ND
                                          MONTH:    APRIL
                                          YEAR:     2018
                                          LATITUDE:   46 46 N
                                          LONGITUDE: 100 45 W

[TEMPERATURE DATA]      [PRECIPITATION DATA]       SYMBOLS USED IN COLUMN 16

AVERAGE MONTHLY: 27.6   TOTAL FOR MONTH:   0.27    1 = FOG OR MIST
DPTR FM NORMAL: -14.0   DPTR FM NORMAL:   -0.44    2 = FOG REDUCING VISIBILITY
HIGHEST:    58 ON 19    GRTST 24HR  0.15 ON  8- 8      TO 1/4 MILE OR LESS
LOWEST:      2 ON  6                               3 = THUNDER
                        SNOW, ICE PELLETS, HAIL    4 = ICE PELLETS
                        TOTAL MONTH:   5.3 INCHES  5 = HAIL
                        GRTST 24HR   3.3 ON  8- 8  6 = FREEZING RAIN OR DRIZZLE
                        GRTST DEPTH:   3 ON  9     7 = DUSTSTORM OR SANDSTORM:
                                                       VSBY 1/2 MILE OR LESS
                                                   8 = SMOKE OR HAZE
[NO. OF DAYS WITH]      [WEATHER - DAYS WITH]      9 = BLOWING SNOW
                                                   X = TORNADO
MAX 32 OR BELOW:   7    0.01 INCH OR MORE:   4
MAX 90 OR ABOVE:   0    0.10 INCH OR MORE:   1
MIN 32 OR BELOW:  19    0.50 INCH OR MORE:   0
MIN  0 OR BELOW:   0    1.00 INCH OR MORE:   0

[HDD (BASE 65) ]
TOTAL THIS MO.   707    CLEAR  (SCALE 0-3)   8
DPTR FM NORMAL   259    PTCLDY (SCALE 4-7)   7
TOTAL FM JUL 1  8210    CLOUDY (SCALE 8-10)  4
DPTR FM NORMAL   243

[CDD (BASE 65) ]
TOTAL THIS MO.     0
DPTR FM NORMAL     0    [PRESSURE DATA]
TOTAL FM JAN 1     0    HIGHEST SLP M ON M
DPTR FM NORMAL     0    LOWEST  SLP 29.69 ON M

[REMARKS]
