000
CXUS54 KEWX 230910
CF6BMQ
PRELIMINARY LOCAL CLIMATOLOGICAL DATA (WS FORM: F-6)

                                          STATION:   BURNET
                                          MONTH:     APRIL
                                          YEAR:      2018
                                          LATITUDE:   30 43 N
                                          LONGITUDE:  98 14 W

  TEMPERATURE IN F:       :PCPN:    SNOW:  WIND      :SUNSHINE: SKY     :PK WND
================================================================================
1   2   3   4   5  6A  6B    7    8   9   10  11  12  13   14  15   16   17  18
                                     12Z  AVG MX 2MIN
DY MAX MIN AVG DEP HDD CDD  WTR  SNW DPTH SPD SPD DIR MIN PSBL S-S WX    SPD DR
================================================================================

 1  81  61  71   8   0   6 0.00    M    M  8.3 15 180   M    M   6        23 180
 2  70  52  61  -2   4   0 0.01    M    M  8.6 18 170   M    M   9 1      29 170
 3  79  54  67   4   0   2 0.00    M    M 12.2 21  40   M    M   6 3      29  10
 4  68  45  57  -7   8   0 0.00    M    M  8.6 18  50   M    M   0        25  20
 5  79  51  65   1   0   0 0.00    M    M  8.5 21 180   M    M   7        29 180
 6  86  58  72   8   0   7 0.00    M    M 11.9 24  10   M    M   5 38     31  10
 7  58  37  48 -16  17   0    T    M    M 12.4 22 340   M    M  10 18     30 330
 8  73  39  56  -8   9   0 0.00    M    M  5.8 14 180   M    M   5        20 140
 9  62  51  57  -8   8   0 0.00    M    M  7.2 14  20   M    M   9 18     19  30
10  75  48  62  -3   3   0 0.00    M    M  4.8 14  30   M    M   0        19  40
11  81  46  64  -1   1   0 0.00    M    M  8.1 21 190   M    M   0        30 200
12  86  60  73   8   0   8 0.00    M    M 13.9 23 180   M    M   2        34 170
13  88  66  77  11   0  12 0.03    M    M 13.1 28 310   M    M   7 138    37 310
14  70  50  60  -6   5   0 0.00    M    M 13.1 30 290   M    M   1        39 290
15  74  40  57  -9   8   0 0.00    M    M  5.7 15 340   M    M   0        20 350
16  83  46  65  -1   0   0 0.00    M    M 10.5 23 200   M    M   0        33 190
17  86  59  73   6   0   8 0.00    M    M 13.1 24 200   M    M   0        34 200
18  82  59  71   4   0   6 0.00    M    M  9.2 18  20   M    M   4        25  20
19  75  53  64  -3   1   0 0.00    M    M  8.9 18  60   M    M   0        27  40
20   0   0   0 -67  65   0 0.00    M    M  0.0  0   0   M    M   4         0   0
21  77  56  67  -1   0   2 0.12    M    M  7.6 23 360   M    M   7 1      34 360
22  76  49  63  -5   2   0 0.00  0.0    0  8.4 17 330   M    M   1        24 360
================================================================================
SM 1609 1080       131  51  0.16     0.0 199.9          M       83
================================================================================
AV 73.1 49.1                               9.1 FASTST   M    M   4    MAX(MPH)
                                 MISC ---->  # 30 290               # 39  290
================================================================================
NOTES:
# LAST OF SEVERAL OCCURRENCES

COLUMN 17 PEAK WIND IN M.P.H.

PRELIMINARY LOCAL CLIMATOLOGICAL DATA (WS FORM: F-6) , PAGE 2

                                          STATION:  BURNET
                                          MONTH:    APRIL
                                          YEAR:     2018
                                          LATITUDE:   30 43 N
                                          LONGITUDE:  98 14 W

[TEMPERATURE DATA]      [PRECIPITATION DATA]       SYMBOLS USED IN COLUMN 16

AVERAGE MONTHLY: 61.1   TOTAL FOR MONTH:   0.16    1 = FOG OR MIST
DPTR FM NORMAL:  -4.2   DPTR FM NORMAL:   -1.44    2 = FOG REDUCING VISIBILITY
HIGHEST:    88 ON 13    GRTST 24HR  0.12 ON 21-21      TO 1/4 MILE OR LESS
LOWEST:      0 ON 20                               3 = THUNDER
                        SNOW, ICE PELLETS, HAIL    4 = ICE PELLETS
                        TOTAL MONTH:   0.0 INCH    5 = HAIL
                        GRTST 24HR     0.0         6 = FREEZING RAIN OR DRIZZLE
                        GRTST DEPTH:   0           7 = DUSTSTORM OR SANDSTORM:
                                                       VSBY 1/2 MILE OR LESS
                                                   8 = SMOKE OR HAZE
[NO. OF DAYS WITH]      [WEATHER - DAYS WITH]      9 = BLOWING SNOW
                                                   X = TORNADO
MAX 32 OR BELOW:   1    0.01 INCH OR MORE:   3
MAX 90 OR ABOVE:   0    0.10 INCH OR MORE:   1
MIN 32 OR BELOW:   1    0.50 INCH OR MORE:   0
MIN  0 OR BELOW:   1    1.00 INCH OR MORE:   0

[HDD (BASE 65) ]
TOTAL THIS MO.   131    CLEAR  (SCALE 0-3)  10
DPTR FM NORMAL    69    PTCLDY (SCALE 4-7)   9
TOTAL FM JUL 1  1762    CLOUDY (SCALE 8-10)  3
DPTR FM NORMAL  -246

[CDD (BASE 65) ]
TOTAL THIS MO.    51
DPTR FM NORMAL   -16    [PRESSURE DATA]
TOTAL FM JAN 1   157    HIGHEST SLP M ON M
DPTR FM NORMAL    50    LOWEST  SLP 29.51 ON 13

[REMARKS]
