000
CXUS55 KPUB 251210
CF6COS
PRELIMINARY LOCAL CLIMATOLOGICAL DATA (WS FORM: F-6)
STATION: COLORADO SPRINGS CO
MONTH: APRIL
YEAR: 2024
LATITUDE: 38 49 N
LONGITUDE: 104 43 W
TEMPERATURE IN F: :PCPN: SNOW: WIND :SUNSHINE: SKY :PK WND
================================================================================
1 2 3 4 5 6A 6B 7 8 9 10 11 12 13 14 15 16 17 18
12Z AVG MX 2MIN
DY MAX MIN AVG DEP HDD CDD WTR SNW DPTH SPD SPD DIR MIN PSBL S-S WX SPD DR
================================================================================
1 50 35 43 -2 22 0 0.04 T 0 12.1 23 350 M M 7 1 29 350
2 60 34 47 2 18 0 0.00 0.0 0 14.8 35 350 M M 3 44 340
3 69 38 54 9 11 0 0.00 0.0 0 10.8 30 20 M M 3 41 10
4 74 36 55 10 10 0 0.00 0.0 0 10.3 24 170 M M 2 32 180
5 74 41 58 12 7 0 0.00 0.0 0 12.7 36 190 M M 6 52 180
6 52 37 45 -1 20 0 0.00 0.0 0 22.9 45 270 M M 7 63 290
7 60 36 48 2 17 0 0.00 0.0 0 20.9 41 290 M M 3 59 300
8 55 29 42 -4 23 0 0.00 0.0 0 7.9 18 140 M M 6 28 160
9 57 28 43 -3 22 0 0.00 0.0 0 7.9 20 150 M M 3 29 150
10 60 34 47 1 18 0 0.00 0.0 0 8.5 22 40 M M 6 30 60
11 58 28 43 -3 22 0 0.00 0.0 0 6.0 15 130 M M 3 21 150
12 75 31 53 6 12 0 0.00 0.0 0 8.3 26 170 M M 1 37 170
13 77 45 61 14 4 0 0.00 0.0 0 8.2 23 70 M M 5 31 330
14 78 44 61 14 4 0 0.00 0.0 0 10.7 25 160 M M 0 35 170
15 70 39 55 8 10 0 0.00 0.0 0 16.2 36 210 M M 2 51 220
16 70 41 56 9 9 0 0.03 0.0 0 14.6 35 300 M M 5 54 290
17 76 39 58 10 7 0 0.00 0.0 0 12.7 37 10 M M 4 48 20
18 41 34 38 -10 27 0 0.02 T 0 12.0 30 350 M M 9 1 40 340
19 53 33 43 -5 22 0 T T 0 10.5 23 350 M M 9 28 320
20 37 29 33 -15 32 0 0.17 0.3 0 7.6 17 160 M M 10 16 24 160
21 56 33 45 -3 20 0 T 0.0 0 7.2 16 170 M M 8 12 22 200
22 78 34 56 7 9 0 0.00 0.0 0 9.3 24 270 M M 6 32 310
23 65 44 55 6 10 0 0.00 0.0 0 14.3 35 350 M M 5 47 340
24 75 40 58 9 7 0 0.00 0.0 0 10.5 24 170 M M 2 30 140
================================================================================
SM 1520 862 363 0 0.26 0.3 276.9 M 115
================================================================================
AV 63.3 35.9 11.5 FASTST M M 5 MAX(MPH)
MISC ----> 45 270 63 290
================================================================================
NOTES:
# LAST OF SEVERAL OCCURRENCES
COLUMN 17 PEAK WIND IN M.P.H.
PRELIMINARY LOCAL CLIMATOLOGICAL DATA (WS FORM: F-6) , PAGE 2
STATION: COLORADO SPRINGS CO
MONTH: APRIL
YEAR: 2024
LATITUDE: 38 49 N
LONGITUDE: 104 43 W
[TEMPERATURE DATA] [PRECIPITATION DATA] SYMBOLS USED IN COLUMN 16
AVERAGE MONTHLY: 49.6 TOTAL FOR MONTH: 0.26 1 = FOG OR MIST
DPTR FM NORMAL: 2.8 DPTR FM NORMAL: -0.82 2 = FOG REDUCING VISIBILITY
HIGHEST: 78 ON 22,14 GRTST 24HR 0.17 ON 20-20 TO 1/4 MILE OR LESS
LOWEST: 28 ON 11, 9 3 = THUNDER
SNOW, ICE PELLETS, HAIL 4 = ICE PELLETS
TOTAL MONTH: 0.3 INCH 5 = HAIL
GRTST 24HR 0.3 ON 20-20 6 = FREEZING RAIN OR DRIZZLE
GRTST DEPTH: 0 7 = DUSTSTORM OR SANDSTORM:
VSBY 1/2 MILE OR LESS
8 = SMOKE OR HAZE
[NO. OF DAYS WITH] [WEATHER - DAYS WITH] 9 = BLOWING SNOW
X = TORNADO
MAX 32 OR BELOW: 0 0.01 INCH OR MORE: 4
MAX 90 OR ABOVE: 0 0.10 INCH OR MORE: 1
MIN 32 OR BELOW: 5 0.50 INCH OR MORE: 0
MIN 0 OR BELOW: 0 1.00 INCH OR MORE: 0
[HDD (BASE 65) ]
TOTAL THIS MO. 363 CLEAR (SCALE 0-3) 8
DPTR FM NORMAL -75 PTCLDY (SCALE 4-7) 13
TOTAL FM JUL 1 4860 CLOUDY (SCALE 8-10) 3
DPTR FM NORMAL -627
[CDD (BASE 65) ]
TOTAL THIS MO. 0
DPTR FM NORMAL 0 [PRESSURE DATA]
TOTAL FM JAN 1 0 HIGHEST SLP M ON M
DPTR FM NORMAL 0 LOWEST SLP 29.20 ON 6
[REMARKS]