855
CXUS56 KSGX 241445
CF6CRQ
PRELIMINARY LOCAL CLIMATOLOGICAL DATA (WS FORM: F-6)

                                          STATION:   CARLSBAD PALOMAR AIRPORT CA
                                          MONTH:     APRIL
                                          YEAR:      2018
                                          LATITUDE:   33  7 N
                                          LONGITUDE: 117 17 W

  TEMPERATURE IN F:       :PCPN:    SNOW:  WIND      :SUNSHINE: SKY     :PK WND
================================================================================
1   2   3   4   5  6A  6B    7    8   9   10  11  12  13   14  15   16   17  18
                                     12Z  AVG MX 2MIN
DY MAX MIN AVG DEP HDD CDD  WTR  SNW DPTH SPD SPD DIR MIN PSBL S-S WX    SPD DR
================================================================================

 1  62  54  58   0   7   0 0.00  0.0    0  3.1 12 220   M    M   7 18     16 230
 2  61  57  59   1   6   0 0.00  0.0    0  5.5 14 220   M    M  10        17 230
 3  64  56  60   2   5   0 0.00  0.0    0  3.2 13 260   M    M   5        17 260
 4  61  56  59   1   6   0 0.00  0.0    0  3.2  9 250   M    M  10 18     13 260
 5  63  55  59   1   6   0 0.00  0.0    0  3.5 13 250   M    M   6 1      16 250
 6  67  57  62   4   3   0 0.00  0.0    0  6.0 13 260   M    M   4        17 250
 7  67  56  62   4   3   0 0.00  0.0    0  3.9 13 260   M    M   6 1      16 250
 8  68  58  63   5   2   0 0.00  0.0    0  4.1 12 260   M    M   5 1      19 280
 9  80  55  68  10   0   3 0.00  0.0    0  3.4 12 260   M    M   0        16 260
10  83  57  70  12   0   5 0.00  0.0    0  2.9 12 250   M    M   0        16 250
11  75  58  67   8   0   2 0.00  0.0    0  6.0 17 250   M    M   4 1      21 250
12  64  55  60   1   5   0    T  0.0    0  5.9 14 270   M    M   4        22 250
13  75  51  63   4   2   0 0.00  0.0    0  5.3 14 300   M    M   0        21 300
14  81  53  67   8   0   2 0.00  0.0    0  3.9 13 260   M    M   0        16 260
15  75  53  64   5   1   0 0.00  0.0    0  4.4 13 250   M    M   1        15 250
16  63  53  58  -1   7   0 0.00  0.0    0  5.3 16 260   M    M   4 1      23 260
17  62  48  55  -4  10   0 0.00  0.0    0  5.1 15 260   M    M   1        19 250
18  65  49  57  -2   8   0 0.00  0.0    0  6.5 14 230   M    M   2        18 240
19  60  51  56  -4   9   0 0.04  0.0    0  6.9 16 240   M    M   5 1      23 270
20  70  49  60   0   5   0 0.00  0.0    0  6.3 21 250   M    M   1        25 260
21  74  51  63   3   2   0 0.00  0.0    0  3.5 14 250   M    M   0        19 260
22  72  55  64   4   1   0 0.00  0.0    0  4.1 12 240   M    M   1 1      16 240
23  67  55  61   1   4   0 0.00  0.0    0  4.0 12 240   M    M   6 128    17 260
================================================================================
SM 1579 1242        92  12  0.04     0.0 106.0          M       82
================================================================================
AV 68.7 54.0                               4.6 FASTST   M    M   4    MAX(MPH)
                                 MISC ---->  # 21 250               # 25  260
================================================================================
NOTES:
# LAST OF SEVERAL OCCURRENCES

COLUMN 17 PEAK WIND IN M.P.H.

PRELIMINARY LOCAL CLIMATOLOGICAL DATA (WS FORM: F-6) , PAGE 2

                                          STATION:  CARLSBAD PALOMAR AIRPORT CA
                                          MONTH:    APRIL
                                          YEAR:     2018
                                          LATITUDE:   33  7 N
                                          LONGITUDE: 117 17 W

[TEMPERATURE DATA]      [PRECIPITATION DATA]       SYMBOLS USED IN COLUMN 16

AVERAGE MONTHLY: 61.3   TOTAL FOR MONTH:   0.04    1 = FOG OR MIST
DPTR FM NORMAL:   2.5   DPTR FM NORMAL:   -0.82    2 = FOG REDUCING VISIBILITY
HIGHEST:    83 ON 10    GRTST 24HR  0.04 ON 19-19      TO 1/4 MILE OR LESS
LOWEST:     48 ON 17                               3 = THUNDER
                        SNOW, ICE PELLETS, HAIL    4 = ICE PELLETS
                        TOTAL MONTH:   0.0 INCH    5 = HAIL
                        GRTST 24HR     0.0         6 = FREEZING RAIN OR DRIZZLE
                        GRTST DEPTH:   0           7 = DUSTSTORM OR SANDSTORM:
                                                       VSBY 1/2 MILE OR LESS
                                                   8 = SMOKE OR HAZE
[NO. OF DAYS WITH]      [WEATHER - DAYS WITH]      9 = BLOWING SNOW
                                                   X = TORNADO
MAX 32 OR BELOW:   0    0.01 INCH OR MORE:   1
MAX 90 OR ABOVE:   0    0.10 INCH OR MORE:   0
MIN 32 OR BELOW:   0    0.50 INCH OR MORE:   0
MIN  0 OR BELOW:   0    1.00 INCH OR MORE:   0

[HDD (BASE 65) ]
TOTAL THIS MO.    92    CLEAR  (SCALE 0-3)  10
DPTR FM NORMAL   -55    PTCLDY (SCALE 4-7)  11
TOTAL FM JUL 1   965    CLOUDY (SCALE 8-10)  2
DPTR FM NORMAL  -530

[CDD (BASE 65) ]
TOTAL THIS MO.    12
DPTR FM NORMAL    12    [PRESSURE DATA]
TOTAL FM JAN 1    33    HIGHEST SLP M ON M
DPTR FM NORMAL    24    LOWEST  SLP 29.79 ON M

[REMARKS]
