000
CXUS52 KTAE 220800
CF6CTY
PRELIMINARY LOCAL CLIMATOLOGICAL DATA (WS FORM: F-6)

                                          STATION:   CROSS CITY
                                          MONTH:     APRIL
                                          YEAR:      2018
                                          LATITUDE:   29 37 N
                                          LONGITUDE:  83  6 W

  TEMPERATURE IN F:       :PCPN:    SNOW:  WIND      :SUNSHINE: SKY     :PK WND
================================================================================
1   2   3   4   5  6A  6B    7    8   9   10  11  12  13   14  15   16   17  18
                                     12Z  AVG MX 2MIN
DY MAX MIN AVG DEP HDD CDD  WTR  SNW DPTH SPD SPD DIR MIN PSBL S-S WX    SPD DR
================================================================================

 1  81  56  69   4   0   4 0.00  0.0    0  4.3  9  50   M    M   6 12      M  M
 2  85  54  70   5   0   5 0.00  0.0    0  3.4 13 250   M    M   4 18      M  M
 3  85  58  72   7   0   7 0.00  0.0    0  4.8 14 200   M    M   5 128    20 220
 4  79  58  69   4   0   4 0.02  0.0    0  5.0 13 250   M    M   7 18      M  M
 5  77  43  60  -5   5   0 0.00  0.0    0  7.0 14  30   M    M   0        18  30
 6  83  48  66   1   0   1 0.00  0.0    0  3.9 13 240   M    M   0         M  M
 7  78  57  68   2   0   3 0.14  0.0    0  9.1 21 220   M    M   7 3      31 220
 8  71  60  66   0   0   1 0.01  0.0    0  6.7 12  30   M    M  10 1       M  M
 9  80  59  70   4   0   5 4.25  0.0    0  5.8 18 290   M    M  10 13     25 290
10  65  57  61  -5   4   0 0.61  0.0    0  8.3 13  30   M    M  10 138     M  M
11  76  48  62  -4   3   0 0.00  0.0    0  4.8 13  10   M    M   3 128    18  30
12  80  47  64  -2   1   0 0.00  0.0    0  2.7  9  60   M    M   0         M  M
13  82  56  69   3   0   4 0.00  0.0    0  6.6 14 220   M    M   3        21 140
14  86  63  75   8   0  10 0.00  0.0    0  6.7 17 220   M    M   3        17 170
15  78  61  70   3   0   5 1.28  0.0    0 12.2 22 200   M    M   8 13     35 200
16  67  45  56 -11   9   0 0.00  0.0    0 11.4 20 260   M    M   1        27 260
17  76  41  59  -8   6   0 0.00  0.0    0  4.1 10 250   M    M   0         M  M
18  82  46  64  -3   1   0 0.00  0.0    0  5.3 14 220   M    M   0        18 220
19  80  55  68   1   0   3 0.00  0.0    0  8.2 18 240   M    M   3 12     23 220
20  75  60  68   0   0   3 0.00  0.0    0  9.5 14  40   M    M   7 1      20  60
21  83  60  72   4   0   7 0.00  0.0    0  9.4 14  60   M    M   9        21  40
================================================================================
SM 1649 1132        29  62  6.31     0.0 139.2          M       96
================================================================================
AV 78.5 53.9                               6.6 FASTST   M    M   5    MAX(MPH)
                                 MISC ---->  # 22 200               # 35  200
================================================================================
NOTES:
# LAST OF SEVERAL OCCURRENCES

COLUMN 17 PEAK WIND IN M.P.H.

PRELIMINARY LOCAL CLIMATOLOGICAL DATA (WS FORM: F-6) , PAGE 2

                                          STATION:  CROSS CITY
                                          MONTH:    APRIL
                                          YEAR:     2018
                                          LATITUDE:   29 37 N
                                          LONGITUDE:  83  6 W

[TEMPERATURE DATA]      [PRECIPITATION DATA]       SYMBOLS USED IN COLUMN 16

AVERAGE MONTHLY: 66.2   TOTAL FOR MONTH:   6.31    1 = FOG OR MIST
DPTR FM NORMAL:   0.0   DPTR FM NORMAL:    3.88    2 = FOG REDUCING VISIBILITY
HIGHEST:    86 ON 14    GRTST 24HR  4.25 ON  9- 9      TO 1/4 MILE OR LESS
LOWEST:     41 ON 17                               3 = THUNDER
                        SNOW, ICE PELLETS, HAIL    4 = ICE PELLETS
                        TOTAL MONTH:   0.0 INCH    5 = HAIL
                        GRTST 24HR     0.0         6 = FREEZING RAIN OR DRIZZLE
                        GRTST DEPTH:   0           7 = DUSTSTORM OR SANDSTORM:
                                                       VSBY 1/2 MILE OR LESS
                                                   8 = SMOKE OR HAZE
[NO. OF DAYS WITH]      [WEATHER - DAYS WITH]      9 = BLOWING SNOW
                                                   X = TORNADO
MAX 32 OR BELOW:   0    0.01 INCH OR MORE:   6
MAX 90 OR ABOVE:   0    0.10 INCH OR MORE:   4
MIN 32 OR BELOW:   0    0.50 INCH OR MORE:   3
MIN  0 OR BELOW:   0    1.00 INCH OR MORE:   2

[HDD (BASE 65) ]
TOTAL THIS MO.    29    CLEAR  (SCALE 0-3)   7
DPTR FM NORMAL   -13    PTCLDY (SCALE 4-7)  10
TOTAL FM JUL 1  1164    CLOUDY (SCALE 8-10)  4
DPTR FM NORMAL  -133

[CDD (BASE 65) ]
TOTAL THIS MO.    62
DPTR FM NORMAL    -4    [PRESSURE DATA]
TOTAL FM JAN 1   194    HIGHEST SLP M ON M
DPTR FM NORMAL    54    LOWEST  SLP 29.72 ON 15

[REMARKS]
