000
CXUS54 KEPZ 261200
CF6DMN
PRELIMINARY LOCAL CLIMATOLOGICAL DATA (WS FORM: F-6)

                                          STATION:   DEMING
                                          MONTH:     APRIL
                                          YEAR:      2018
                                          LATITUDE:   32 15 N
                                          LONGITUDE: 107 42 W

  TEMPERATURE IN F:       :PCPN:    SNOW:  WIND      :SUNSHINE: SKY     :PK WND
================================================================================
1   2   3   4   5  6A  6B    7    8   9   10  11  12  13   14  15   16   17  18
                                     12Z  AVG MX 2MIN
DY MAX MIN AVG DEP HDD CDD  WTR  SNW DPTH SPD SPD DIR MIN PSBL S-S WX    SPD DR
================================================================================

 1  78  49  64   9   1   0 0.00  0.0    0  7.5 18 270   M    M   0        24 280
 2  81  43  62   7   3   0 0.00  0.0    0 12.0 28 270   M    M   0        36 300
 3  79  47  63   7   2   0 0.00  0.0    0 12.7 24 250   M    M   0        34 260
 4  79  40  60   4   5   0 0.00  0.0    0  6.4 16  90   M    M   0        19  90
 5  82  42  62   6   3   0 0.00  0.0    0  8.1 24 270   M    M   0        31 250
 6  84  54  69  13   0   4 0.00  0.0    0 15.6 28 280   M    M   0        36 280
 7  85  55  70  13   0   5 0.00  0.0    0 14.3 28 250   M    M   0        37 250
 8  86  58  72  15   0   7 0.00  0.0    0 16.5 31 280   M    M   0        42 270
 9  84  50  67   9   0   2 0.00  0.0    0  6.5 14 230   M    M   0        17 260
10  83  50  67   9   0   2 0.00  0.0    0  8.8 18  80   M    M   0        24  80
11  91  45  68  10   0   3 0.00  0.0    0  9.2 25 290   M    M   0        34 270
12  86  48  67   9   0   2 0.00  0.0    0 20.6 39 240   M    M   1 8      54 240
13  63  44  54  -5  11   0 0.00  0.0    0 21.2 39 290   M    M   0 8      49 280
14  69  32  51  -8  14   0 0.00  0.0    0  6.5 16 240   M    M   0        23 230
15  79  32  56  -4   9   0 0.00  0.0    0  6.3 15 170   M    M   0        21  80
16  85  38  62   2   3   0 0.00  0.0    0  8.9 25 250   M    M   0        32 230
17  83  51  67   7   0   2 0.00  0.0    0 16.1 33 280   M    M   0        45 230
18  79  38  59  -2   6   0 0.00  0.0    0  8.0 22  40   M    M   0        26  40
19  84  51  68   7   0   3 0.00  0.0    0 12.4 22 130   M    M   0        30 120
20  71  50  61   0   4   0 0.00  0.0    0 18.9 32 280   M    M   0        45 290
21  76  44  60  -2   5   0 0.00  0.0    0  7.3 22 260   M    M   0        29 260
22  80  46  63   1   2   0 0.00  0.0    0  6.5 16 220   M    M   0        22 220
23  86  46  66   4   0   1 0.00  0.0    0  5.4 15 250   M    M   0        21 210
24  90  49  70   7   0   5 0.00  0.0    0  7.6 21 240   M    M   0        27 270
25  81  53  67   4   0   2 0.00  0.0    0  9.1 24  50   M    M   0        29  60
================================================================================
SM 2024 1155        68  38  0.00     0.0 272.4          M        1
================================================================================
AV 81.0 46.2                              10.9 FASTST   M    M   0    MAX(MPH)
                                 MISC ---->  # 39 240               # 54  240
================================================================================
NOTES:
# LAST OF SEVERAL OCCURRENCES

COLUMN 17 PEAK WIND IN M.P.H.

PRELIMINARY LOCAL CLIMATOLOGICAL DATA (WS FORM: F-6) , PAGE 2

                                          STATION:  DEMING
                                          MONTH:    APRIL
                                          YEAR:     2018
                                          LATITUDE:   32 15 N
                                          LONGITUDE: 107 42 W

[TEMPERATURE DATA]      [PRECIPITATION DATA]       SYMBOLS USED IN COLUMN 16

AVERAGE MONTHLY: 63.6   TOTAL FOR MONTH:   0.00    1 = FOG OR MIST
DPTR FM NORMAL:   4.7   DPTR FM NORMAL:   -0.32    2 = FOG REDUCING VISIBILITY
HIGHEST:    91 ON 11    GRTST 24HR  0.00 ON 25-25      TO 1/4 MILE OR LESS
LOWEST:     32 ON 15,14                            3 = THUNDER
                        SNOW, ICE PELLETS, HAIL    4 = ICE PELLETS
                        TOTAL MONTH:   0.0 INCH    5 = HAIL
                        GRTST 24HR     0.0         6 = FREEZING RAIN OR DRIZZLE
                        GRTST DEPTH:   0           7 = DUSTSTORM OR SANDSTORM:
                                                       VSBY 1/2 MILE OR LESS
                                                   8 = SMOKE OR HAZE
[NO. OF DAYS WITH]      [WEATHER - DAYS WITH]      9 = BLOWING SNOW
                                                   X = TORNADO
MAX 32 OR BELOW:   0    0.01 INCH OR MORE:   0
MAX 90 OR ABOVE:   2    0.10 INCH OR MORE:   0
MIN 32 OR BELOW:   2    0.50 INCH OR MORE:   0
MIN  0 OR BELOW:   0    1.00 INCH OR MORE:   0

[HDD (BASE 65) ]
TOTAL THIS MO.    68    CLEAR  (SCALE 0-3)  25
DPTR FM NORMAL   -94    PTCLDY (SCALE 4-7)   0
TOTAL FM JUL 1  2413    CLOUDY (SCALE 8-10)  0
DPTR FM NORMAL  -720

[CDD (BASE 65) ]
TOTAL THIS MO.    38
DPTR FM NORMAL    29    [PRESSURE DATA]
TOTAL FM JAN 1    40    HIGHEST SLP M ON M
DPTR FM NORMAL    31    LOWEST  SLP 29.48 ON 12

[REMARKS]
