000
CXUS55 KPSR 271005
CF6DVT
PRELIMINARY LOCAL CLIMATOLOGICAL DATA (WS FORM: F-6)
STATION: DEER VLY/PHOENIX AZ
MONTH: MARCH
YEAR: 2024
LATITUDE: 33 41 N
LONGITUDE: 112 4 W
TEMPERATURE IN F: :PCPN: SNOW: WIND :SUNSHINE: SKY :PK WND
================================================================================
1 2 3 4 5 6A 6B 7 8 9 10 11 12 13 14 15 16 17 18
12Z AVG MX 2MIN
DY MAX MIN AVG DEP HDD CDD WTR SNW DPTH SPD SPD DIR MIN PSBL S-S WX SPD DR
================================================================================
1 74 49 62 2 3 0 0.00 M M 4.8 14 170 M M 0 19 170
2 73 49 61 1 4 0 0.00 M M 8.8 22 240 M M 0 31 250
3 68 51 60 0 5 0 0.00 M M 7.8 17 260 M M 3 24 240
4 68 46 57 -3 8 0 0.00 M M 4.8 16 240 M M 2 20 240
5 71 48 60 0 5 0 0.00 M M 3.6 12 230 M M 0 16 230
6 70 50 60 -1 5 0 0.00 M M 4.0 15 200 M M 0 19 190
7 60 49 55 -6 10 0 0.48 0.0 0 6.9 22 310 M M 7 3 29 300
8 67 49 58 -3 7 0 0.02 0.0 0 3.8 14 230 M M 6 3 20 230
9 72 48 60 -1 5 0 0.00 0.0 0 5.1 13 50 M M 0 16 130
10 75 51 63 1 2 0 0.00 0.0 0 5.6 16 110 M M 0 23 110
11 76 51 64 2 1 0 0.00 0.0 M 6.0 17 260 M M 0 24 270
12 73 49 61 -1 4 0 0.00 M M 4.5 14 270 M M 0 19 170
13 73 49 61 -1 4 0 0.00 M M 8.1 23 260 M M 1 29 260
14 71 47 59 -4 6 0 0.04 M M 6.1 17 310 M M 5 23 300
15 60 46 53 -10 12 0 0.10 M M 7.0 17 240 M M 8 1 23 230
16 64 44 54 -9 11 0 0.00 M M 4.6 13 280 M M 5 17 260
17 65 48 57 -6 8 0 0.16 M M 6.2 22 40 M M 6 1 32 50
18 73 46 60 -4 5 0 T M M 6.0 18 60 M M 1 3 26 60
19 75 49 62 -2 3 0 0.00 M M 5.2 23 50 M M 1 32 50
20 76 50 63 -1 2 0 0.06 M M 5.8 20 290 M M 1 3 34 90
21 80 49 65 1 0 0 0.00 M M 5.4 16 280 M M 0 22 240
22 81 51 66 2 0 1 0.00 M M 3.5 14 240 M M 0 8 19 240
23 78 54 66 2 0 1 T M M 7.7 22 270 M M 2 28 280
24 60 49 55 -10 10 0 0.30 M M 9.7 23 190 M M 8 31 180
25 69 45 57 -8 8 0 0.00 M M 8.2 22 270 M M 3 31 260
26 69 50 60 -5 5 0 0.03 M M 8.0 30 30 M M 6 44 30
================================================================================
SM 1841 1267 133 2 1.19 0.0 157.2 M 65
================================================================================
AV 70.8 48.7 6.0 FASTST M M 3 MAX(MPH)
MISC ----> 30 30 44 30
================================================================================
NOTES:
# LAST OF SEVERAL OCCURRENCES
COLUMN 17 PEAK WIND IN M.P.H.
PRELIMINARY LOCAL CLIMATOLOGICAL DATA (WS FORM: F-6) , PAGE 2
STATION: DEER VLY/PHOENIX AZ
MONTH: MARCH
YEAR: 2024
LATITUDE: 33 41 N
LONGITUDE: 112 4 W
[TEMPERATURE DATA] [PRECIPITATION DATA] SYMBOLS USED IN COLUMN 16
AVERAGE MONTHLY: 59.8 TOTAL FOR MONTH: 1.19 1 = FOG OR MIST
DPTR FM NORMAL: -2.7 DPTR FM NORMAL: 0.21 2 = FOG REDUCING VISIBILITY
HIGHEST: 81 ON 22 GRTST 24HR 0.48 ON 7- 7 TO 1/4 MILE OR LESS
LOWEST: 44 ON 16 3 = THUNDER
SNOW, ICE PELLETS, HAIL 4 = ICE PELLETS
TOTAL MONTH: 0.0 INCH 5 = HAIL
GRTST 24HR 0.0 6 = FREEZING RAIN OR DRIZZLE
GRTST DEPTH: 0 7 = DUSTSTORM OR SANDSTORM:
VSBY 1/2 MILE OR LESS
8 = SMOKE OR HAZE
[NO. OF DAYS WITH] [WEATHER - DAYS WITH] 9 = BLOWING SNOW
X = TORNADO
MAX 32 OR BELOW: 0 0.01 INCH OR MORE: 8
MAX 90 OR ABOVE: 0 0.10 INCH OR MORE: 4
MIN 32 OR BELOW: 0 0.50 INCH OR MORE: 0
MIN 0 OR BELOW: 0 1.00 INCH OR MORE: 0
[HDD (BASE 65) ]
TOTAL THIS MO. 133 CLEAR (SCALE 0-3) 18
DPTR FM NORMAL 27 PTCLDY (SCALE 4-7) 6
TOTAL FM JUL 1 1061 CLOUDY (SCALE 8-10) 2
DPTR FM NORMAL -98
[CDD (BASE 65) ]
TOTAL THIS MO. 2
DPTR FM NORMAL -38 [PRESSURE DATA]
TOTAL FM JAN 1 4 HIGHEST SLP M ON M
DPTR FM NORMAL -42 LOWEST SLP 29.48 ON 24
[REMARKS]