000
CXUS54 KOUN 190810
CF6FDR
PRELIMINARY LOCAL CLIMATOLOGICAL DATA (WS FORM: F-6)
STATION: FREDERICK MUNICIPAL
MONTH: APRIL
YEAR: 2024
LATITUDE: 34 21 N
LONGITUDE: 98 59 W
TEMPERATURE IN F: :PCPN: SNOW: WIND :SUNSHINE: SKY :PK WND
================================================================================
1 2 3 4 5 6A 6B 7 8 9 10 11 12 13 14 15 16 17 18
12Z AVG MX 2MIN
DY MAX MIN AVG DEP HDD CDD WTR SNW DPTH SPD SPD DIR MIN PSBL S-S WX SPD DR
================================================================================
1 75 51 63 4 2 0 0.02 M M 9.3 25 300 M M 3 13 32 290
2 64 42 53 -6 12 0 0.00 M M 14.9 29 340 M M 4 42 350
3 72 39 56 -4 9 0 0.00 M M 8.5 20 10 M M 0 30 320
4 83 44 64 4 1 0 0.00 M M 6.6 14 100 M M 0 17 120
5 88 46 67 7 0 2 0.00 M M 12.1 28 170 M M 0 8 37 180
6 84 49 67 7 0 2 0.00 0.0 M 14.7 28 280 M M 1 39 190
7 77 39 58 -2 7 0 0.00 M M 11.7 24 260 M M 0 8 33 260
8 78 39 59 -2 6 0 T M M 9.2 21 40 M M 0 27 40
9 65 46 56 -5 9 0 0.87 M M 15.9 41 280 M M 7 138 57 290
10 72 51 62 1 3 0 0.10 M M 11.3 29 10 M M 5 1 37 10
11 71 49 60 -1 5 0 0.00 M M 11.1 24 10 M M 0 31 10
12 81 45 63 1 2 0 0.00 M M 11.1 23 190 M M 0 32 190
13 84 52 68 6 0 3 0.00 M M 14.0 24 180 M M 0 33 180
14 93 57 75 13 0 10 0.00 0.0 M 11.5 22 230 M M 0 28 240
15 78 62 70 8 0 5 0.00 0.0 M 14.9 31 110 M M 2 13 46 130
16 84 49 67 5 0 2 0.00 0.0 M 12.0 22 230 M M 1 30 260
17 89 55 72 9 0 7 0.00 0.0 M 12.3 21 180 M M 1 12 32 190
18 72 53 63 0 2 0 0.00 M M 16.7 30 340 M M 4 18 39 330
================================================================================
SM 1410 868 58 31 0.99 0.0 217.8 M 28
================================================================================
AV 78.3 48.2 12.1 FASTST M M 2 MAX(MPH)
MISC ----> 41 280 57 290
================================================================================
NOTES:
# LAST OF SEVERAL OCCURRENCES
COLUMN 17 PEAK WIND IN M.P.H.
PRELIMINARY LOCAL CLIMATOLOGICAL DATA (WS FORM: F-6) , PAGE 2
STATION: FREDERICK MUNICIPAL
MONTH: APRIL
YEAR: 2024
LATITUDE: 34 21 N
LONGITUDE: 98 59 W
[TEMPERATURE DATA] [PRECIPITATION DATA] SYMBOLS USED IN COLUMN 16
AVERAGE MONTHLY: 63.3 TOTAL FOR MONTH: 0.99 1 = FOG OR MIST
DPTR FM NORMAL: 2.3 DPTR FM NORMAL: 0.99 2 = FOG REDUCING VISIBILITY
HIGHEST: 93 ON 14 GRTST 24HR 0.97 ON 9-10 TO 1/4 MILE OR LESS
LOWEST: 39 ON 8, 7 3 = THUNDER
SNOW, ICE PELLETS, HAIL 4 = ICE PELLETS
TOTAL MONTH: 0.0 INCH 5 = HAIL
GRTST 24HR 0.0 6 = FREEZING RAIN OR DRIZZLE
GRTST DEPTH: M ON M 7 = DUSTSTORM OR SANDSTORM:
VSBY 1/2 MILE OR LESS
8 = SMOKE OR HAZE
[NO. OF DAYS WITH] [WEATHER - DAYS WITH] 9 = BLOWING SNOW
X = TORNADO
MAX 32 OR BELOW: 0 0.01 INCH OR MORE: 3
MAX 90 OR ABOVE: 1 0.10 INCH OR MORE: 2
MIN 32 OR BELOW: 0 0.50 INCH OR MORE: 1
MIN 0 OR BELOW: 0 1.00 INCH OR MORE: 0
[HDD (BASE 65) ]
TOTAL THIS MO. 58 CLEAR (SCALE 0-3) 13
DPTR FM NORMAL -45 PTCLDY (SCALE 4-7) 5
TOTAL FM JUL 1 2546 CLOUDY (SCALE 8-10) 0
DPTR FM NORMAL -367
[CDD (BASE 65) ]
TOTAL THIS MO. 31
DPTR FM NORMAL -1 [PRESSURE DATA]
TOTAL FM JAN 1 44 HIGHEST SLP M ON M
DPTR FM NORMAL -9 LOWEST SLP 29.44 ON 1
[REMARKS]