000
CXUS53 KLMK 250800
CF6FFT
PRELIMINARY LOCAL CLIMATOLOGICAL DATA (WS FORM: F-6)

                                          STATION:   FRANKFORT KY
                                          MONTH:     APRIL
                                          YEAR:      2018
                                          LATITUDE:   38 10 N
                                          LONGITUDE:  84 54 W

  TEMPERATURE IN F:       :PCPN:    SNOW:  WIND      :SUNSHINE: SKY     :PK WND
================================================================================
1   2   3   4   5  6A  6B    7    8   9   10  11  12  13   14  15   16   17  18
                                     12Z  AVG MX 2MIN
DY MAX MIN AVG DEP HDD CDD  WTR  SNW DPTH SPD SPD DIR MIN PSBL S-S WX    SPD DR
================================================================================

 1  51  37  44  -6  21   0 0.83    M    M  6.3 16  20   M    M  10 18     22  20
 2  49  37  43  -8  22   0 0.00    M    M  7.9 13  80   M    M  10        18  60
 3  79  49  64  13   1   0 0.35    M    M 14.8 38 210   M    M   7 13     55 210
 4  52  29  41 -10  24   0    T    M    M 11.3 22 280   M    M   6        35 290
 5  53  24  39 -13  26   0 0.00    M    M  3.0 13 160   M    M   0        18 150
 6  65  35  50  -2  15   0 0.04    M    M  9.6 23 340   M    M   3        32 340
 7  43  28  36 -16  29   0 0.05    M    M  6.7 15  20   M    M   6 18     24  10
 8  46  23  35 -18  30   0 0.00    M    M  4.8 12 180   M    M   2        16 180
 9  50  34  42 -11  23   0 0.06    M    M  6.3 14 320   M    M   9 1      19 320
10  49  32  41 -13  24   0 0.00    M    M  2.4  8 290   M    M   9        12 280
11  66  27  47  -7  18   0 0.00    M    M  6.8 18 210   M    M   0        29 210
12  80  53  67  13   0   2 0.00    M    M 16.0 33 220   M    M   0        46 240
13  82  63  73  19   0   8 0.00    M    M 13.4 31 200   M    M   0        42 200
14  75  61  68  13   0   3 0.34    M    M  9.3 23 190   M    M   6 1      33 190
15  63  43  53  -2  12   0 0.81    M    M  8.8 20 230   M    M  10 18     29 280
16  43  31  37 -18  28   0 0.09    M    M 11.2 25 270   M    M  10 18     35 260
17  60  31  46 -10  19   0 0.00    M    M  9.7 18 230   M    M   3        31 280
18  77  39  58   2   7   0 0.38    M    M 12.5 28 210   M    M   5        37 210
19  53  36  45 -11  20   0 0.00    M    M  8.6 20 270   M    M   7        33 300
20  63  33  48  -9  17   0 0.00    M    M  6.1 12  60   M    M   0        18  90
21  69  39  54  -3  11   0 0.00    M    M  7.7 16 100   M    M   0        20  90
22  73  48  61   4   4   0 0.00    M    M  7.4 14  50   M    M   1        19  60
23  61  51  56  -2   9   0 0.81    M    M  9.2 20  90   M    M   9 1      26  80
24  59  53  56  -2   9   0 0.47    M    M  4.6 12  60   M    M  10 1      17  70
================================================================================
SM 1461  936       369  13  4.23    M    204.4          M      123
================================================================================
AV 60.9 39.0                               8.5 FASTST   M    M   5    MAX(MPH)
                                 MISC ---->  # 38 210               # 55  210
================================================================================
NOTES:
# LAST OF SEVERAL OCCURRENCES

COLUMN 17 PEAK WIND IN M.P.H.

PRELIMINARY LOCAL CLIMATOLOGICAL DATA (WS FORM: F-6) , PAGE 2

                                          STATION:  FRANKFORT KY
                                          MONTH:    APRIL
                                          YEAR:     2018
                                          LATITUDE:   38 10 N
                                          LONGITUDE:  84 54 W

[TEMPERATURE DATA]      [PRECIPITATION DATA]       SYMBOLS USED IN COLUMN 16

AVERAGE MONTHLY: 49.9   TOTAL FOR MONTH:   4.23    1 = FOG OR MIST
DPTR FM NORMAL:  -4.3   DPTR FM NORMAL:    1.39    2 = FOG REDUCING VISIBILITY
HIGHEST:    82 ON 13    GRTST 24HR  0.83 ON  1- 1      TO 1/4 MILE OR LESS
LOWEST:     23 ON  8                               3 = THUNDER
                        SNOW, ICE PELLETS, HAIL    4 = ICE PELLETS
                        TOTAL MONTH:    M          5 = HAIL
                        GRTST 24HR    M  ON   M    6 = FREEZING RAIN OR DRIZZLE
                        GRTST DEPTH:  M  ON   M    7 = DUSTSTORM OR SANDSTORM:
                                                       VSBY 1/2 MILE OR LESS
                                                   8 = SMOKE OR HAZE
[NO. OF DAYS WITH]      [WEATHER - DAYS WITH]      9 = BLOWING SNOW
                                                   X = TORNADO
MAX 32 OR BELOW:   0    0.01 INCH OR MORE:  11
MAX 90 OR ABOVE:   0    0.10 INCH OR MORE:   7
MIN 32 OR BELOW:   8    0.50 INCH OR MORE:   3
MIN  0 OR BELOW:   0    1.00 INCH OR MORE:   0

[HDD (BASE 65) ]
TOTAL THIS MO.   369    CLEAR  (SCALE 0-3)  10
DPTR FM NORMAL    96    PTCLDY (SCALE 4-7)   6
TOTAL FM JUL 1  4425    CLOUDY (SCALE 8-10)  8
DPTR FM NORMAL  -112

[CDD (BASE 65) ]
TOTAL THIS MO.    13
DPTR FM NORMAL    -3    [PRESSURE DATA]
TOTAL FM JAN 1    20    HIGHEST SLP M ON M
DPTR FM NORMAL     2    LOWEST  SLP 29.58 ON  3

[REMARKS]
