000
CXUS53 KIWX 220800
CF6FWA
PRELIMINARY LOCAL CLIMATOLOGICAL DATA (WS FORM: F-6)

                                          STATION:   FORT WAYNE
                                          MONTH:     MAY
                                          YEAR:      2018
                                          LATITUDE:   41  0 N
                                          LONGITUDE:  85 12 W

  TEMPERATURE IN F:       :PCPN:    SNOW:  WIND      :SUNSHINE: SKY     :PK WND
================================================================================
1   2   3   4   5  6A  6B    7    8   9   10  11  12  13   14  15   16   17  18
                                     12Z  AVG MX 2MIN
DY MAX MIN AVG DEP HDD CDD  WTR  SNW DPTH SPD SPD DIR MIN PSBL S-S WX    SPD DR
================================================================================

 1  85  49  67  11   0   2 0.00  0.0    0 12.1 25 230   M    M   4        32 230
 2  87  58  73  17   0   8 0.00  0.0    0 16.9 29 230   M    M   8 3      36 240
 3  75  64  70  14   0   5 1.16  0.0    0 12.7 26 220   M    M  10 13     31 210
 4  74  54  64   7   1   0 0.06  0.0    0 14.3 37 250   M    M   7        45 270
 5  77  51  64   7   1   0 0.00  0.0    0  6.9 16 240   M    M   7        19 240
 6  79  54  67  10   0   2 0.00  0.0    0  8.9 17  20   M    M   7        22  30
 7  72  48  60   2   5   0 0.00  0.0    0  7.3 16  10   M    M   2        22  50
 8  78  45  62   4   3   0 0.00  0.0    0  3.1  8 110   M    M   2         M  M
 9  85  50  68  10   0   3 0.31  0.0    0 15.1 25 220   M    M   7 13     40 220
10  75  59  67   9   0   2 0.18  0.0    0 10.9 21 280   M    M   5 13     25 270
11  61  48  55  -4  10   0    T  0.0    0 17.3 25  70   M    M   9        32  90
12  66  46  56  -3   9   0 0.01  0.0    0  8.8 20  50   M    M   8 18     24  80
13  77  50  64   4   1   0 0.06  0.0    0  7.3 18  80   M    M   9 138    22  50
14  83  57  70  10   0   5 0.24  0.0    0  7.5 21 360   M    M   7 138    29 320
15  76  60  68   8   0   3 0.16  0.0    0  8.5 25 350   M    M   9 13     29 330
16  77  57  67   7   0   2 0.00  0.0    0  8.7 17  80   M    M   8 1      24  60
17  80  54  67   6   0   2 0.00  0.0    0 10.9 22  80   M    M   8        27  80
18  67  56  62   1   3   0 0.29  0.0    0 14.5 24  70   M    M   9 1      33  60
19  80  57  69   8   0   4 0.07  0.0    0  9.2 21 280   M    M   8 1      27 290
20  73  58  66   4   0   1    T  0.0    0  7.0 17  70   M    M   9        19  80
21  68  57  63   1   2   0 0.06  0.0    0 10.0 20  80   M    M  10 13     24  80
================================================================================
SM 1595 1132        35  39  2.60     0.0 217.9          M      153
================================================================================
AV 76.0 53.9                              10.4 FASTST   M    M   7    MAX(MPH)
                                 MISC ---->  # 37 250               # 45  270
================================================================================
NOTES:
# LAST OF SEVERAL OCCURRENCES

COLUMN 17 PEAK WIND IN M.P.H.

PRELIMINARY LOCAL CLIMATOLOGICAL DATA (WS FORM: F-6) , PAGE 2

                                          STATION:  FORT WAYNE
                                          MONTH:    MAY
                                          YEAR:     2018
                                          LATITUDE:   41  0 N
                                          LONGITUDE:  85 12 W

[TEMPERATURE DATA]      [PRECIPITATION DATA]       SYMBOLS USED IN COLUMN 16

AVERAGE MONTHLY: 64.9   TOTAL FOR MONTH:   2.60    1 = FOG OR MIST
DPTR FM NORMAL:   6.1   DPTR FM NORMAL:   -0.05    2 = FOG REDUCING VISIBILITY
HIGHEST:    87 ON  2    GRTST 24HR  1.16 ON  3- 3      TO 1/4 MILE OR LESS
LOWEST:     45 ON  8                               3 = THUNDER
                        SNOW, ICE PELLETS, HAIL    4 = ICE PELLETS
                        TOTAL MONTH:   0.0 INCH    5 = HAIL
                        GRTST 24HR     0.0         6 = FREEZING RAIN OR DRIZZLE
                        GRTST DEPTH:   0           7 = DUSTSTORM OR SANDSTORM:
                                                       VSBY 1/2 MILE OR LESS
                                                   8 = SMOKE OR HAZE
[NO. OF DAYS WITH]      [WEATHER - DAYS WITH]      9 = BLOWING SNOW
                                                   X = TORNADO
MAX 32 OR BELOW:   0    0.01 INCH OR MORE:  11
MAX 90 OR ABOVE:   0    0.10 INCH OR MORE:   6
MIN 32 OR BELOW:   0    0.50 INCH OR MORE:   1
MIN  0 OR BELOW:   0    1.00 INCH OR MORE:   1

[HDD (BASE 65) ]
TOTAL THIS MO.    35    CLEAR  (SCALE 0-3)   2
DPTR FM NORMAL  -118    PTCLDY (SCALE 4-7)  11
TOTAL FM JUL 1  5869    CLOUDY (SCALE 8-10)  8
DPTR FM NORMAL  -166

[CDD (BASE 65) ]
TOTAL THIS MO.    39
DPTR FM NORMAL    16    [PRESSURE DATA]
TOTAL FM JAN 1    40    HIGHEST SLP M ON M
DPTR FM NORMAL     9    LOWEST  SLP 29.73 ON 10

[REMARKS]
