000
CXUS53 KGLD 250800
CF6GLD
PRELIMINARY LOCAL CLIMATOLOGICAL DATA (WS FORM: F-6)

                                          STATION:   GOODLAND KS
                                          MONTH:     MAY
                                          YEAR:      2018
                                          LATITUDE:   39 22 N
                                          LONGITUDE: 101 42 W

  TEMPERATURE IN F:       :PCPN:    SNOW:  WIND      :SUNSHINE: SKY     :PK WND
================================================================================
1   2   3   4   5  6A  6B    7    8   9   10  11  12  13   14  15   16   17  18
                                     12Z  AVG MX 2MIN
DY MAX MIN AVG DEP HDD CDD  WTR  SNW DPTH SPD SPD DIR MIN PSBL S-S WX    SPD DR
================================================================================

 1  72  44  58   4   7   0 0.00  0.0    0  9.4 26 360   M    M   4        37 360
 2  59  45  52  -3  13   0 0.00  0.0    0  9.6 17  60   M    M   8 1      23  20
 3  62  41  52  -3  13   0 0.01  0.0    0 12.7 26 340   M    M   7 1      35 340
 4  74  39  57   2   8   0 0.00  0.0    0  8.2 18 330   M    M   1        23 330
 5  83  45  64   8   1   0 0.00  0.0    0 10.5 21 310   M    M   0        32 330
 6  83  46  65   9   0   0 0.00  0.0    0  8.3 17 110   M    M   0        24 110
 7  86  52  69  13   0   4 0.00  0.0    0 14.1 26 160   M    M   0        36 150
 8  82  50  66   9   0   1 0.00  0.0    0 15.5 27 360   M    M   0        41  10
 9  86  46  66   9   0   1 0.10  0.0    0  7.6 28 360   M    M   0 3      34 360
10  88  46  67  10   0   2 0.00  0.0    0 15.1 31 160   M    M   0        41 160
11  67  52  60   2   5   0 0.00  0.0    0 12.9 21 360   M    M   7 1      28 360
12  60  50  55  -3  10   0 0.01  0.0    0 11.5 17  50   M    M  10 12     23  50
13  67  48  58   0   7   0 0.00  0.0    0  7.6 15  40   M    M   8 1      20  40
14  73  50  62   3   3   0 0.07  0.0    0 11.3 24 350   M    M   8 13     31 350
15  76  49  63   4   2   0 0.13  0.0    0  7.5 17 300   M    M   4 1      23 310
16  85  48  67   8   0   2 0.00  0.0    0  6.7 17 190   M    M   0        25 180
17  87  54  71  11   0   6 0.00  0.0    0 22.0 36 150   M    M   0        48 160
18  74  51  63   3   2   0 3.10  0.0    0 16.9 29  40   M    M   8 135    42 260
19  65  45  55  -5  10   0 0.01  0.0    0 18.4 40 320   M    M   7 1      51 320
20  63  44  54  -7  11   0 0.00  0.0    0 10.5 22 360   M    M   5        29 360
21  81  47  64   3   1   0 0.00  0.0    0 14.8 28 190   M    M   3 12     40 180
22  80  56  68   7   0   3 0.00  0.0    0 16.9 29 170   M    M   0        38 160
23  84  59  72  10   0   7 0.00  0.0    0 17.7 29 180   M    M   0        40 170
24  88  57  73  11   0   8 0.00  0.0    0  9.8 22 160   M    M   0        29 160
================================================================================
SM 1825 1164        93  34  3.43     0.0 295.5          M       80
================================================================================
AV 76.0 48.5                              12.3 FASTST   M    M   3    MAX(MPH)
                                 MISC ---->  # 40 320               # 51  320
================================================================================
NOTES:
# LAST OF SEVERAL OCCURRENCES

COLUMN 17 PEAK WIND IN M.P.H.

PRELIMINARY LOCAL CLIMATOLOGICAL DATA (WS FORM: F-6) , PAGE 2

                                          STATION:  GOODLAND KS
                                          MONTH:    MAY
                                          YEAR:     2018
                                          LATITUDE:   39 22 N
                                          LONGITUDE: 101 42 W

[TEMPERATURE DATA]      [PRECIPITATION DATA]       SYMBOLS USED IN COLUMN 16

AVERAGE MONTHLY: 62.3   TOTAL FOR MONTH:   3.43    1 = FOG OR MIST
DPTR FM NORMAL:   4.1   DPTR FM NORMAL:    1.29    2 = FOG REDUCING VISIBILITY
HIGHEST:    88 ON 24,10 GRTST 24HR  3.10 ON 18-18      TO 1/4 MILE OR LESS
LOWEST:     39 ON  4                               3 = THUNDER
                        SNOW, ICE PELLETS, HAIL    4 = ICE PELLETS
                        TOTAL MONTH:   0.0 INCH    5 = HAIL
                        GRTST 24HR     0.0         6 = FREEZING RAIN OR DRIZZLE
                        GRTST DEPTH:   0           7 = DUSTSTORM OR SANDSTORM:
                                                       VSBY 1/2 MILE OR LESS
                                                   8 = SMOKE OR HAZE
[NO. OF DAYS WITH]      [WEATHER - DAYS WITH]      9 = BLOWING SNOW
                                                   X = TORNADO
MAX 32 OR BELOW:   0    0.01 INCH OR MORE:   7
MAX 90 OR ABOVE:   0    0.10 INCH OR MORE:   3
MIN 32 OR BELOW:   0    0.50 INCH OR MORE:   1
MIN  0 OR BELOW:   0    1.00 INCH OR MORE:   1

[HDD (BASE 65) ]
TOTAL THIS MO.    93    CLEAR  (SCALE 0-3)  12
DPTR FM NORMAL   -92    PTCLDY (SCALE 4-7)  10
TOTAL FM JUL 1  5599    CLOUDY (SCALE 8-10)  2
DPTR FM NORMAL  -241

[CDD (BASE 65) ]
TOTAL THIS MO.    34
DPTR FM NORMAL     9    [PRESSURE DATA]
TOTAL FM JAN 1    39    HIGHEST SLP M ON M
DPTR FM NORMAL    10    LOWEST  SLP 29.41 ON 10

[REMARKS]
