507
CXUS55 KBOU 210900
CF6GXY
PRELIMINARY LOCAL CLIMATOLOGICAL DATA (WS FORM: F-6)

                                          STATION:   GREELEY  CO
                                          MONTH:     MAY
                                          YEAR:      2018
                                          LATITUDE:   40 25 N
                                          LONGITUDE: 104 38 W

  TEMPERATURE IN F:       :PCPN:    SNOW:  WIND      :SUNSHINE: SKY     :PK WND
================================================================================
1   2   3   4   5  6A  6B    7    8   9   10  11  12  13   14  15   16   17  18
                                     12Z  AVG MX 2MIN
DY MAX MIN AVG DEP HDD CDD  WTR  SNW DPTH SPD SPD DIR MIN PSBL S-S WX    SPD DR
================================================================================

 1  67  44  56   M   9   0    M    M    M  7.1 28  30   M    M   5        37  40
 2   M   M   M   M   M   M    M    M    M  6.5 17 340   M    M   7 1      21 340
 3  54  39  47   M  18   0    M    M    M 11.0 18 350   M    M   5 1      23 360
 4  72  36  54   M  11   0    M    M    M  3.7  9 320   M    M   1 12      M  M
 5  79  40  60   M   5   0    M    M    M  3.9 10 280   M    M   0         M  M
 6  81  44  63   M   2   0    M    M    M  6.3 21 110   M    M   0        27 120
 7  84  48  66   M   0   1    M    M    M  5.1 17 100   M    M   0         M  M
 8  80  51  66   M   0   1    M    M    M  7.8 20 360   M    M   0        18 100
 9  83  44  64   M   1   0    M    M    M  5.1  9  20   M    M   0         M  M
10  91  46  69   M   0   4    M    M    M 10.3 27  20   M    M   0        35  20
11   M   M   M   M   M   M    M    M    M  9.1 20  80   M    M   4 13     25  80
12   M   M   M   M   M   M    M    M    M 10.0 15  90   M    M   9 13      M  M
13  67  47  57   M   8   0    M    M    M  4.8  9  40   M    M   8 13      M  M
14  68  47  58   M   7   0    M    M    M  5.6 24  30   M    M   3        28  30
15  78  41  60   M   5   0    M    M    M  5.7 14 120   M    M   1         M  M
16  85  47  66   M   0   1    M    M    M  5.3 14 140   M    M   0         M  M
17  90  53  72   M   0   7    M    M    M  7.1 30 360   M    M   0 3      40 360
18  66  52  59   M   6   0    M    M    M  8.7 25 350   M    M   8 13     32 350
19  53  43  48   M  17   0    M    M    M 12.7 20 360   M    M  10        30  20
20  60  42  51   M  14   0    M    M    M  4.5  8  90   M    M   7         M  M
================================================================================
SM 1258  764       103  14    M     M    140.3          M       68
================================================================================
AV 74.0 44.9                               7.0 FASTST   M    M   3    MAX(MPH)
                                 MISC ---->  # 30 360               # 40  360
================================================================================
NOTES:
# LAST OF SEVERAL OCCURRENCES

COLUMN 17 PEAK WIND IN M.P.H.

PRELIMINARY LOCAL CLIMATOLOGICAL DATA (WS FORM: F-6) , PAGE 2

                                          STATION:  GREELEY  CO
                                          MONTH:    MAY
                                          YEAR:     2018
                                          LATITUDE:   40 25 N
                                          LONGITUDE: 104 38 W

[TEMPERATURE DATA]      [PRECIPITATION DATA]       SYMBOLS USED IN COLUMN 16

AVERAGE MONTHLY: 59.5   TOTAL FOR MONTH:      M    1 = FOG OR MIST
DPTR FM NORMAL:     M   DPTR FM NORMAL:       M    2 = FOG REDUCING VISIBILITY
HIGHEST:    91 ON 10    GRTST 24HR    M  ON   M        TO 1/4 MILE OR LESS
LOWEST:     36 ON  4                               3 = THUNDER
                        SNOW, ICE PELLETS, HAIL    4 = ICE PELLETS
                        TOTAL MONTH:    M          5 = HAIL
                        GRTST 24HR    M  ON   M    6 = FREEZING RAIN OR DRIZZLE
                        GRTST DEPTH:  M  ON   M    7 = DUSTSTORM OR SANDSTORM:
                                                       VSBY 1/2 MILE OR LESS
                                                   8 = SMOKE OR HAZE
[NO. OF DAYS WITH]      [WEATHER - DAYS WITH]      9 = BLOWING SNOW
                                                   X = TORNADO
MAX 32 OR BELOW:   0    0.01 INCH OR MORE:   0
MAX 90 OR ABOVE:   2    0.10 INCH OR MORE:   0
MIN 32 OR BELOW:   0    0.50 INCH OR MORE:   0
MIN  0 OR BELOW:   0    1.00 INCH OR MORE:   0

[HDD (BASE 65) ]
TOTAL THIS MO.   103    CLEAR  (SCALE 0-3)  11
DPTR FM NORMAL     M    PTCLDY (SCALE 4-7)   6
TOTAL FM JUL 1  5916    CLOUDY (SCALE 8-10)  3
DPTR FM NORMAL     M

[CDD (BASE 65) ]
TOTAL THIS MO.    14
DPTR FM NORMAL     M    [PRESSURE DATA]
TOTAL FM JAN 1    14    HIGHEST SLP M ON M
DPTR FM NORMAL     M    LOWEST  SLP 29.46 ON 11

[REMARKS]
