000
CXUS53 KUNR 200945
CF6IEN
PRELIMINARY LOCAL CLIMATOLOGICAL DATA (WS FORM: F-6)

                                          STATION:   PINE RIDGE SD
                                          MONTH:     MAY
                                          YEAR:      2018
                                          LATITUDE:   43  1 N
                                          LONGITUDE: 102 31 W

  TEMPERATURE IN F:       :PCPN:    SNOW:  WIND      :SUNSHINE: SKY     :PK WND
================================================================================
1   2   3   4   5  6A  6B    7    8   9   10  11  12  13   14  15   16   17  18
                                     12Z  AVG MX 2MIN
DY MAX MIN AVG DEP HDD CDD  WTR  SNW DPTH SPD SPD DIR MIN PSBL S-S WX    SPD DR
================================================================================

 1  57  42  50   0  15   0    T    M    M  3.9 14 310   M    M   6        19 320
 2  64  33  49  -2  16   0 0.01    M    M  3.2 14 180   M    M   7 12     16 190
 3  66  43  55   4  10   0 0.02    M    M  6.1 17  10   M    M   7        21  10
 4  77  41  59   7   6   0 0.00    M    M  6.7 21 290   M    M   1        27 260
 5  81  35  58   6   7   0 0.00    M    M  5.9 21  30   M    M   2        26  30
 6  78  42  60   8   5   0    T    M    M  6.5 23 170   M    M   3        32 170
 7  89  55  72  20   0   7 0.01    M    M 19.9 35 180   M    M   0 3      45 190
 8  75  44  60   7   5   0 0.02    M    M  6.9 22 350   M    M   4        29 320
 9  79  42  61   8   4   0 0.00    M    M  7.2 21  10   M    M   1        26  20
10  76  42  59   5   6   0 0.02    M    M 12.8 32  80   M    M   4 38     40  70
11  50  42  46  -8  19   0 0.28    M    M  7.5 22  70   M    M  10 1      27  60
12  47  43  45  -9  20   0 0.08    M    M  7.2 15  30   M    M  10 1      19  20
13  57  45  51  -4  14   0 0.01    M    M  2.3 10  90   M    M   9 12     13  90
14  74  44  59   4   6   0 0.46    M    M  5.4 22 310   M    M   6 123    27 310
15  76  42  59   4   6   0 0.00    M    M  3.8 13 210   M    M   2 1      18 190
16  84  50  67  11   0   2 0.00    M    M  5.7 14 200   M    M   0        21 190
17  88  55  72  16   0   7 0.97    M    M 19.3 33 360   M    M   2 13     43 350
18  75  50  63   7   2   0    T    M    M 11.3 28  20   M    M   6 1      35  20
19  50  42  46 -11  19   0 0.33    M    M  9.6 23  30   M    M   9 1      30  20
================================================================================
SM 1343  832       160  16  2.21    M    151.2          M       89
================================================================================
AV 70.7 43.8                               8.0 FASTST   M    M   5    MAX(MPH)
                                 MISC ---->  # 35 180               # 45  190
================================================================================
NOTES:
# LAST OF SEVERAL OCCURRENCES

COLUMN 17 PEAK WIND IN M.P.H.

PRELIMINARY LOCAL CLIMATOLOGICAL DATA (WS FORM: F-6) , PAGE 2

                                          STATION:  PINE RIDGE SD
                                          MONTH:    MAY
                                          YEAR:     2018
                                          LATITUDE:   43  1 N
                                          LONGITUDE: 102 31 W

[TEMPERATURE DATA]      [PRECIPITATION DATA]       SYMBOLS USED IN COLUMN 16

AVERAGE MONTHLY: 57.2   TOTAL FOR MONTH:   2.21    1 = FOG OR MIST
DPTR FM NORMAL:   3.7   DPTR FM NORMAL:    0.65    2 = FOG REDUCING VISIBILITY
HIGHEST:    89 ON  7    GRTST 24HR  0.97 ON 17-17      TO 1/4 MILE OR LESS
LOWEST:     33 ON  2                               3 = THUNDER
                        SNOW, ICE PELLETS, HAIL    4 = ICE PELLETS
                        TOTAL MONTH:    M          5 = HAIL
                        GRTST 24HR    M  ON   M    6 = FREEZING RAIN OR DRIZZLE
                        GRTST DEPTH:  M  ON   M    7 = DUSTSTORM OR SANDSTORM:
                                                       VSBY 1/2 MILE OR LESS
                                                   8 = SMOKE OR HAZE
[NO. OF DAYS WITH]      [WEATHER - DAYS WITH]      9 = BLOWING SNOW
                                                   X = TORNADO
MAX 32 OR BELOW:   0    0.01 INCH OR MORE:  11
MAX 90 OR ABOVE:   0    0.10 INCH OR MORE:   4
MIN 32 OR BELOW:   0    0.50 INCH OR MORE:   1
MIN  0 OR BELOW:   0    1.00 INCH OR MORE:   0

[HDD (BASE 65) ]
TOTAL THIS MO.   160    CLEAR  (SCALE 0-3)   7
DPTR FM NORMAL   -62    PTCLDY (SCALE 4-7)   8
TOTAL FM JUL 1  7018    CLOUDY (SCALE 8-10)  4
DPTR FM NORMAL   -24

[CDD (BASE 65) ]
TOTAL THIS MO.    16
DPTR FM NORMAL    14    [PRESSURE DATA]
TOTAL FM JAN 1    17    HIGHEST SLP M ON M
DPTR FM NORMAL    15    LOWEST  SLP 29.36 ON 17

[REMARKS]
