000
CXUS51 KILN 250947
CF6ILN
PRELIMINARY LOCAL CLIMATOLOGICAL DATA (WS FORM: F-6)
STATION: WILMINGTON
MONTH: APRIL
YEAR: 2024
LATITUDE: 39 25 N
LONGITUDE: 83 47 W
TEMPERATURE IN F: :PCPN: SNOW: WIND :SUNSHINE: SKY :PK WND
================================================================================
1 2 3 4 5 6A 6B 7 8 9 10 11 12 13 14 15 16 17 18
12Z AVG MX 2MIN
DY MAX MIN AVG DEP HDD CDD WTR SNW DPTH SPD SPD DIR MIN PSBL S-S WX SPD DR
================================================================================
1 66 51 59 12 6 0 0.01 0.0 0 7.9 20 20 M M 8 1 27 360
2 72 52 62 14 3 0 2.28 0.0 0 12.2 23 290 M M 8 13 34 200
3 51 37 44 -4 21 0 0.02 0.0 0 16.9 29 250 M M 9 1 41 260
4 49 34 42 -6 23 0 0.21 T 0 14.6 26 280 M M 9 1 35 280
5 47 36 42 -7 23 0 0.01 0.0 0 11.0 20 350 M M 8 1 25 340
6 53 34 44 -5 21 0 0.00 0.0 0 5.9 15 20 M M 5 20 10
7 63 32 48 -2 17 0 T 0.0 0 7.2 15 130 M M 2 24 120
8 76 49 63 13 2 0 T 0.0 0 7.9 18 240 M M 4 23 250
9 65 55 60 10 5 0 0.05 0.0 0 10.1 18 200 M M 7 13 26 230
10 61 56 59 8 6 0 0.34 0.0 0 6.4 12 130 M M 10 1 16 120
11 66 50 58 7 7 0 0.97 0.0 0 10.5 28 300 M M 10 1 40 290
12 55 48 52 0 13 0 0.38 T 0 17.2 26 290 M M 8 135 39 260
13 65 44 55 3 10 0 0.00 0.0 0 10.9 21 270 M M 0 28 280
14 80 50 65 13 0 0 0.00 0.0 0 14.4 30 250 M M 0 40 210
15 82 57 70 17 0 5 0.00 0.0 0 7.6 15 320 M M 0 18 330
16 83 54 69 16 0 4 T 0.0 0 7.9 17 190 M M 1 23 180
17 78 60 69 16 0 4 0.38 0.0 0 17.1 36 220 M M 5 13 50 230
18 75 51 63 9 2 0 0.00 0.0 0 5.8 16 290 M M 0 24 280
19 66 51 59 5 6 0 0.04 0.0 0 11.6 30 240 M M 7 1 44 250
20 56 42 49 -5 16 0 0.00 0.0 0 11.3 22 280 M M 2 31 260
21 51 35 43 -12 22 0 0.00 0.0 0 6.1 14 310 M M 4 26 300
22 62 31 47 -8 18 0 0.00 0.0 0 4.2 15 240 M M 0 20 210
23 66 45 56 1 9 0 0.12 0.0 0 12.7 26 230 M M 3 1 37 220
24 58 38 48 -8 17 0 0.00 0.0 0 9.4 17 340 M M 7 18 25 320
================================================================================
SM 1546 1092 247 13 4.81 T 246.8 M 117
================================================================================
AV 64.4 45.5 10.3 FASTST M M 5 MAX(MPH)
MISC ----> 36 220 50 230
================================================================================
NOTES:
# LAST OF SEVERAL OCCURRENCES
COLUMN 17 PEAK WIND IN M.P.H.
PRELIMINARY LOCAL CLIMATOLOGICAL DATA (WS FORM: F-6) , PAGE 2
STATION: WILMINGTON
MONTH: APRIL
YEAR: 2024
LATITUDE: 39 25 N
LONGITUDE: 83 47 W
[TEMPERATURE DATA] [PRECIPITATION DATA] SYMBOLS USED IN COLUMN 16
AVERAGE MONTHLY: 55.0 TOTAL FOR MONTH: 4.81 1 = FOG OR MIST
DPTR FM NORMAL: 3.3 DPTR FM NORMAL: 1.30 2 = FOG REDUCING VISIBILITY
HIGHEST: 83 ON 16 GRTST 24HR 2.28 ON 1- 2 TO 1/4 MILE OR LESS
LOWEST: 31 ON 22 3 = THUNDER
SNOW, ICE PELLETS, HAIL 4 = ICE PELLETS
TOTAL MONTH: T 5 = HAIL
GRTST 24HR T ON 4- 4 6 = FREEZING RAIN OR DRIZZLE
GRTST DEPTH: 0 7 = DUSTSTORM OR SANDSTORM:
VSBY 1/2 MILE OR LESS
8 = SMOKE OR HAZE
[NO. OF DAYS WITH] [WEATHER - DAYS WITH] 9 = BLOWING SNOW
X = TORNADO
MAX 32 OR BELOW: 0 0.01 INCH OR MORE: 12
MAX 90 OR ABOVE: 0 0.10 INCH OR MORE: 7
MIN 32 OR BELOW: 2 0.50 INCH OR MORE: 2
MIN 0 OR BELOW: 0 1.00 INCH OR MORE: 1
[HDD (BASE 65) ]
TOTAL THIS MO. 247 CLEAR (SCALE 0-3) 9
DPTR FM NORMAL -80 PTCLDY (SCALE 4-7) 11
TOTAL FM JUL 1 3962 CLOUDY (SCALE 8-10) 4
DPTR FM NORMAL -1187
[CDD (BASE 65) ]
TOTAL THIS MO. 13
DPTR FM NORMAL 13 [PRESSURE DATA]
TOTAL FM JAN 1 13 HIGHEST SLP M ON M
DPTR FM NORMAL 12 LOWEST SLP 29.28 ON 11
[REMARKS]