107
CXUS55 KLIX 261000
CF6MCB
PRELIMINARY LOCAL CLIMATOLOGICAL DATA (WS FORM: F-6)

                                          STATION:   MCCOMB
                                          MONTH:     APRIL
                                          YEAR:      2018
                                          LATITUDE:   31 10 N
                                          LONGITUDE:  90 28 W

  TEMPERATURE IN F:       :PCPN:    SNOW:  WIND      :SUNSHINE: SKY     :PK WND
================================================================================
1   2   3   4   5  6A  6B    7    8   9   10  11  12  13   14  15   16   17  18
                                     12Z  AVG MX 2MIN
DY MAX MIN AVG DEP HDD CDD  WTR  SNW DPTH SPD SPD DIR MIN PSBL S-S WX    SPD DR
================================================================================

 1  79  48  64   2   1   0 0.00  0.0    0  5.0 16 160   M    M   1 12     19 160
 2  81  57  69   7   0   4 0.00  0.0    0  5.2 15 180   M    M   6 12     21 160
 3  85  64  75  13   0  10 0.39  0.0    0 10.6 23 180   M    M   7 13     31 170
 4  70  49  60  -2   5   0 0.03    M    0 10.7 24 340   M    M   3 13     32 340
 5  73  43  58  -5   7   0 0.00  0.0    0  3.9 13 160   M    M   1        17 150
 6  77  51  64   1   1   0 0.56  0.0    0  8.7 21 330   M    M   7 13     25 330
 7  64  42  53 -10  12   0 0.63    M    0 10.0 21 360   M    M   9 13     25  10
 8  64  40  52 -11  13   0 0.00  0.0    0  5.9 15  10   M    M   8        19  10
 9  70  54  62  -2   3   0    T  0.0    0  6.0 13 350   M    M  10        18 350
10  75  51  63  -1   2   0 0.00  0.0    0  9.7 18 340   M    M   2        22 330
11  78  45  62  -2   3   0 0.00  0.0    0  3.1  9  10   M    M   0        14 330
12  78  46  62  -2   3   0 0.00  0.0    0  8.2 18 160   M    M   0 18     23 160
13  81  61  71   7   0   6 0.00  0.0    0 13.6 22 150   M    M   8        31 170
14  74  50  62  -3   3   0 2.46  0.0    0  9.8 37 330   M    M  10 138    47 340
15  59  42  51 -14  14   0 0.00  0.0    0  8.7 21 320   M    M   1        29 270
16  70  39  55 -10  10   0 0.00  0.0    0  6.2 18 310   M    M   0 1      23 320
17  82  43  63  -2   2   0 0.00  0.0    0  7.6 21 180   M    M   0        28 180
18  81  57  69   3   0   4 0.00  0.0    0  6.9 14 230   M    M   6        22 270
19  71  51  61  -5   4   0 0.00  0.0    0 10.4 18 330   M    M   0        23 320
20  69  44  57  -9   8   0 0.00  0.0    0  4.9 13  10   M    M   0        20  40
21  79  47  63  -3   2   0 0.00  0.0    0  7.5 20 160   M    M   2 1      31 140
22  76  55  66   0   0   1 0.97  0.0    0  9.4 21 330   M    M   7 1      26 340
23  64  49  57 -10   8   0 0.00  0.0    0  4.1 13 320   M    M   7        16 270
24  77  53  65  -2   0   0 0.00  0.0    0  6.2 16 340   M    M   3 1      26 330
25  82  51  67   0   0   2 0.00  0.0    0  3.1 12 320   M    M   1        16 320
================================================================================
SM 1859 1232       101  27  5.04     0.0 185.4          M       99
================================================================================
AV 74.4 49.3                               7.4 FASTST   M    M   4    MAX(MPH)
                                 MISC ---->  # 37 330               # 47  340
================================================================================
NOTES:
# LAST OF SEVERAL OCCURRENCES

COLUMN 17 PEAK WIND IN M.P.H.

PRELIMINARY LOCAL CLIMATOLOGICAL DATA (WS FORM: F-6) , PAGE 2

                                          STATION:  MCCOMB
                                          MONTH:    APRIL
                                          YEAR:     2018
                                          LATITUDE:   31 10 N
                                          LONGITUDE:  90 28 W

[TEMPERATURE DATA]      [PRECIPITATION DATA]       SYMBOLS USED IN COLUMN 16

AVERAGE MONTHLY: 61.8   TOTAL FOR MONTH:   5.04    1 = FOG OR MIST
DPTR FM NORMAL:  -2.6   DPTR FM NORMAL:    0.89    2 = FOG REDUCING VISIBILITY
HIGHEST:    85 ON  3    GRTST 24HR  2.46 ON 14-14      TO 1/4 MILE OR LESS
LOWEST:     39 ON 16                               3 = THUNDER
                        SNOW, ICE PELLETS, HAIL    4 = ICE PELLETS
                        TOTAL MONTH:   0.0 INCH    5 = HAIL
                        GRTST 24HR     0.0         6 = FREEZING RAIN OR DRIZZLE
                        GRTST DEPTH:   0           7 = DUSTSTORM OR SANDSTORM:
                                                       VSBY 1/2 MILE OR LESS
                                                   8 = SMOKE OR HAZE
[NO. OF DAYS WITH]      [WEATHER - DAYS WITH]      9 = BLOWING SNOW
                                                   X = TORNADO
MAX 32 OR BELOW:   0    0.01 INCH OR MORE:   6
MAX 90 OR ABOVE:   0    0.10 INCH OR MORE:   5
MIN 32 OR BELOW:   0    0.50 INCH OR MORE:   4
MIN  0 OR BELOW:   0    1.00 INCH OR MORE:   1

[HDD (BASE 65) ]
TOTAL THIS MO.   101    CLEAR  (SCALE 0-3)  14
DPTR FM NORMAL    20    PTCLDY (SCALE 4-7)   8
TOTAL FM JUL 1  1737    CLOUDY (SCALE 8-10)  3
DPTR FM NORMAL  -280

[CDD (BASE 65) ]
TOTAL THIS MO.    27
DPTR FM NORMAL   -40    [PRESSURE DATA]
TOTAL FM JAN 1   189    HIGHEST SLP M ON M
DPTR FM NORMAL    76    LOWEST  SLP 29.67 ON  7

[REMARKS]
