000
CXUS53 KMPX 211000
CF6MIC
PRELIMINARY LOCAL CLIMATOLOGICAL DATA (WS FORM: F-6)

                                          STATION:   MINNEAPOLIS CRYSTAL MN
                                          MONTH:     MAY
                                          YEAR:      2018
                                          LATITUDE:   45  4 N
                                          LONGITUDE:  93 21 W

  TEMPERATURE IN F:       :PCPN:    SNOW:  WIND      :SUNSHINE: SKY     :PK WND
================================================================================
1   2   3   4   5  6A  6B    7    8   9   10  11  12  13   14  15   16   17  18
                                     12Z  AVG MX 2MIN
DY MAX MIN AVG DEP HDD CDD  WTR  SNW DPTH SPD SPD DIR MIN PSBL S-S WX    SPD DR
================================================================================

 1  72  53  63  10   2   0 0.12    M    M  8.7 25 190   M    M   5        35 190
 2  67  47  57   3   8   0 0.01    M    M  6.7 15 320   M    M   4        20 320
 3  76  46  61   7   4   0 0.00    M    M  3.7 14 340   M    M   5        18 340
 4  78  52  65  11   0   0 0.00    M    M 10.8 26 320   M    M   1        35 310
 5  82  49  66  11   0   1 0.17    M    M  6.5 33 290   M    M   1 3      44 280
 6  76  50  63   8   2   0 0.00    M    M  6.9 16 340   M    M   1        21  10
 7  86  58  72  16   0   7 0.00    M    M  9.5 18 270   M    M   2        29 230
 8  71  58  65   9   0   0 0.22    M    M  9.5 16 180   M    M   6        32 180
 9  66  51  59   3   6   0 0.02    M    M  6.3 17 310   M    M   6        21 300
10  60  43  52  -4  13   0 0.00    M    M  7.7 18 350   M    M   3        23 340
11  53  47  50  -7  15   0    T    M    M  8.1 15  80   M    M   6        21  90
12  62  44  53  -4  12   0    T    M    M  5.2 14  80   M    M   6        17  70
13  72  39  56  -2   9   0 0.00    M    M  3.0 10 200   M    M   1        14 190
14  75  51  63   5   2   0 0.13    M    M  2.3 13 330   M    M   6 1      16 320
15  77  49  63   5   2   0 0.00    M    M  3.4 10  60   M    M   0 12     16  50
16  87  47  67   9   0   2 0.00  0.0    0  6.4 18 250   M    M   0 8      29 280
17  85  53  69  10   0   4 0.00    M    M  8.4 18 130   M    M   1        28 140
18  85  57  71  12   0   6 0.10    M    M 11.6 20 140   M    M   1        28 130
19  68  49  59   0   6   0    T    M    M 11.2 21  30   M    M   8 3      31  30
20  73  42  58  -2   7   0 0.00    M    M  7.1 14  30   M    M   1        21  40
================================================================================
SM 1471  985        88  20  0.77     0.0 143.0          M       64
================================================================================
AV 73.6 49.3                               7.2 FASTST   M    M   3    MAX(MPH)
                                 MISC ---->  # 33 290               # 44  280
================================================================================
NOTES:
# LAST OF SEVERAL OCCURRENCES

COLUMN 17 PEAK WIND IN M.P.H.

PRELIMINARY LOCAL CLIMATOLOGICAL DATA (WS FORM: F-6) , PAGE 2

                                          STATION:  MINNEAPOLIS CRYSTAL MN
                                          MONTH:    MAY
                                          YEAR:     2018
                                          LATITUDE:   45  4 N
                                          LONGITUDE:  93 21 W

[TEMPERATURE DATA]      [PRECIPITATION DATA]       SYMBOLS USED IN COLUMN 16

AVERAGE MONTHLY: 61.4   TOTAL FOR MONTH:   0.77    1 = FOG OR MIST
DPTR FM NORMAL:   4.8   DPTR FM NORMAL:   -1.70    2 = FOG REDUCING VISIBILITY
HIGHEST:    87 ON 16    GRTST 24HR  0.22 ON  8- 8      TO 1/4 MILE OR LESS
LOWEST:     39 ON 13                               3 = THUNDER
                        SNOW, ICE PELLETS, HAIL    4 = ICE PELLETS
                        TOTAL MONTH:   0.0 INCH    5 = HAIL
                        GRTST 24HR     0.0         6 = FREEZING RAIN OR DRIZZLE
                        GRTST DEPTH:   0           7 = DUSTSTORM OR SANDSTORM:
                                                       VSBY 1/2 MILE OR LESS
                                                   8 = SMOKE OR HAZE
[NO. OF DAYS WITH]      [WEATHER - DAYS WITH]      9 = BLOWING SNOW
                                                   X = TORNADO
MAX 32 OR BELOW:   0    0.01 INCH OR MORE:   7
MAX 90 OR ABOVE:   0    0.10 INCH OR MORE:   5
MIN 32 OR BELOW:   0    0.50 INCH OR MORE:   0
MIN  0 OR BELOW:   0    1.00 INCH OR MORE:   0

[HDD (BASE 65) ]
TOTAL THIS MO.    88    CLEAR  (SCALE 0-3)  11
DPTR FM NORMAL   -96    PTCLDY (SCALE 4-7)   9
TOTAL FM JUL 1  7964    CLOUDY (SCALE 8-10)  0
DPTR FM NORMAL   343

[CDD (BASE 65) ]
TOTAL THIS MO.    20
DPTR FM NORMAL     6    [PRESSURE DATA]
TOTAL FM JAN 1    23    HIGHEST SLP M ON M
DPTR FM NORMAL     6    LOWEST  SLP 29.54 ON  1

[REMARKS]
