000
CXUS56 KSTO 251425
CF6RBL
PRELIMINARY LOCAL CLIMATOLOGICAL DATA (WS FORM: F-6)

                                          STATION:   RED BLUFF AIRPORT CA
                                          MONTH:     APRIL
                                          YEAR:      2018
                                          LATITUDE:   40  9 N
                                          LONGITUDE: 122 15 W

  TEMPERATURE IN F:       :PCPN:    SNOW:  WIND      :SUNSHINE: SKY     :PK WND
================================================================================
1   2   3   4   5  6A  6B    7    8   9   10  11  12  13   14  15   16   17  18
                                     12Z  AVG MX 2MIN
DY MAX MIN AVG DEP HDD CDD  WTR  SNW DPTH SPD SPD DIR MIN PSBL S-S WX    SPD DR
================================================================================

 1  79  48  64   8   1   0 0.00  0.0    0  7.2 17 300   M    M   0        25 290
 2  77  54  66  10   0   1 0.00  0.0    0  9.9 20 360   M    M   0        28 310
 3  76  42  59   3   6   0 0.00  0.0    0  5.9 13  10   M    M   0        14  20
 4  77  53  65   9   0   0 0.00  0.0    0  4.7 10 100   M    M   1        14 200
 5  63  53  58   1   7   0 0.21  0.0    0  5.4 14 170   M    M   7 1      17 170
 6  60  52  56  -1   9   0 2.14  0.0    0 10.1 24 150   M    M  10 1      30 160
 7  70  47  59   2   6   0 0.58  0.0    0 13.4 29 210   M    M   4 1      34 200
 8  70  41  56  -1   9   0 0.00  0.0    0  3.3  9 350   M    M   0        14 150
 9  77  47  62   5   3   0 0.00  0.0    0  7.7 16 360   M    M   0        20 360
10  70  54  62   4   3   0 0.01  0.0    0  8.1 18 180   M    M   3        23 180
11  62  43  53  -5  12   0 0.22    M    0 11.1 35 140   M    M   7 13     45 150
12  61  39  50  -8  15   0 0.00  0.0    0  6.0 16 320   M    M   2        23 310
13  72  40  56  -2   9   0 0.00  0.0    0  6.9 15 350   M    M   0        20  10
14  75  45  60   2   5   0 0.00  0.0    0  5.9 14 160   M    M   0        18 160
15  64  46  55  -4  10   0    T    M    0 10.4 32 160   M    M   4        41 160
16  59  42  51  -8  14   0 0.02    M    0  7.5 18 160   M    M   4        22 150
17  63  34  49 -10  16   0 0.00  0.0    0  3.5 10 130   M    M   1        14 330
18  65  44  55  -5  10   0 0.00  0.0    0  4.6 12 180   M    M   3        15 170
19  73  41  57  -3   8   0 0.00  0.0    0 10.0 22 330   M    M   0        29 360
20  82  46  64   4   1   0 0.00  0.0    0  5.6 15 350   M    M   0        20 360
21  87  46  67   7   0   2 0.00  0.0    0  4.5 14 360   M    M   0        17 350
22  85  48  67   6   0   2 0.00  0.0    0  7.1 16  10   M    M   0        21 340
23  87  55  71  10   0   6 0.00  0.0    0  8.7 21 350   M    M   0        27 360
24  86  51  69   8   0   4 0.00  0.0    0  5.2 13 340   M    M   0        14 340
================================================================================
SM 1740 1111       144  15  3.18     0.0 172.7          M       46
================================================================================
AV 72.5 46.3                               7.2 FASTST   M    M   2    MAX(MPH)
                                 MISC ---->  # 35 140               # 45  150
================================================================================
NOTES:
# LAST OF SEVERAL OCCURRENCES

COLUMN 17 PEAK WIND IN M.P.H.

PRELIMINARY LOCAL CLIMATOLOGICAL DATA (WS FORM: F-6) , PAGE 2

                                          STATION:  RED BLUFF AIRPORT CA
                                          MONTH:    APRIL
                                          YEAR:     2018
                                          LATITUDE:   40  9 N
                                          LONGITUDE: 122 15 W

[TEMPERATURE DATA]      [PRECIPITATION DATA]       SYMBOLS USED IN COLUMN 16

AVERAGE MONTHLY: 59.4   TOTAL FOR MONTH:   3.18    1 = FOG OR MIST
DPTR FM NORMAL:   1.1   DPTR FM NORMAL:    1.93    2 = FOG REDUCING VISIBILITY
HIGHEST:    87 ON 23,21 GRTST 24HR  2.14 ON  6- 6      TO 1/4 MILE OR LESS
LOWEST:     34 ON 17                               3 = THUNDER
                        SNOW, ICE PELLETS, HAIL    4 = ICE PELLETS
                        TOTAL MONTH:   0.0 INCH    5 = HAIL
                        GRTST 24HR     0.0         6 = FREEZING RAIN OR DRIZZLE
                        GRTST DEPTH:   0           7 = DUSTSTORM OR SANDSTORM:
                                                       VSBY 1/2 MILE OR LESS
                                                   8 = SMOKE OR HAZE
[NO. OF DAYS WITH]      [WEATHER - DAYS WITH]      9 = BLOWING SNOW
                                                   X = TORNADO
MAX 32 OR BELOW:   0    0.01 INCH OR MORE:   6
MAX 90 OR ABOVE:   0    0.10 INCH OR MORE:   4
MIN 32 OR BELOW:   0    0.50 INCH OR MORE:   2
MIN  0 OR BELOW:   0    1.00 INCH OR MORE:   1

[HDD (BASE 65) ]
TOTAL THIS MO.   144    CLEAR  (SCALE 0-3)  17
DPTR FM NORMAL   -32    PTCLDY (SCALE 4-7)   6
TOTAL FM JUL 1  2200    CLOUDY (SCALE 8-10)  1
DPTR FM NORMAL  -366

[CDD (BASE 65) ]
TOTAL THIS MO.    15
DPTR FM NORMAL    -4    [PRESSURE DATA]
TOTAL FM JAN 1    31    HIGHEST SLP M ON M
DPTR FM NORMAL     9    LOWEST  SLP 29.65 ON  7

[REMARKS]
