000
CXUS54 KJAN 241410
CF6TVR
PRELIMINARY LOCAL CLIMATOLOGICAL DATA (WS FORM: F-6)
STATION: VICKSBURG
MONTH: APRIL
YEAR: 2024
LATITUDE: 32 20 N
LONGITUDE: 91 2 W
TEMPERATURE IN F: :PCPN: SNOW: WIND :SUNSHINE: SKY :PK WND
================================================================================
1 2 3 4 5 6A 6B 7 8 9 10 11 12 13 14 15 16 17 18
12Z AVG MX 2MIN
DY MAX MIN AVG DEP HDD CDD WTR SNW DPTH SPD SPD DIR MIN PSBL S-S WX SPD DR
================================================================================
1 M M M M M M M M M M M M M M M M M
2 83 56 70 7 0 5 0.05 0.0 0 9.1 24 180 M M 4 13 33 170
3 73 47 60 -3 5 0 0.00 0.0 0 6.6 17 290 M M 2 31 280
4 77 39 58 -6 7 0 0.00 0.0 0 3.7 16 290 M M 0 31 300
5 76 41 59 -5 6 0 0.00 0.0 0 3.5 12 360 M M 0 17 20
6 79 51 65 1 0 0 0.00 0.0 0 7.3 15 110 M M 0 21 110
7 82 60 71 7 0 6 0.00 0.0 M 10.2 20 180 M M 3 1 30 170
8 78 59 69 5 0 4 0.97 0.0 0 9.7 24 160 M M 8 13 30 160
9 70 60 65 0 0 0 2.05 0.0 0 M 29 360 M M 8 13 56 330
10 M M M M M M M 0.0 0 M M M M M M 3 M M
11 76 59 68 3 0 3 M 0.0 0 M M M M M 0 M M
12 76 50 63 -2 2 0 0.00 0.0 0 2.3 12 360 M M 0 18 310
13 84 54 69 3 0 4 0.00 0.0 0 1.9 8 190 M M 0 14 230
14 M 59 M M M M 0.00 0.0 0 M M M M M 0 M M
15 83 M M M M M 0.00 0.0 0 7.1 14 170 M M 2 19 160
16 85 67 76 10 0 11 0.00 0.0 M 9.0 21 140 M M 3 29 170
17 78 70 74 8 0 9 T 0.0 M 6.7 13 170 M M 8 1 19 170
18 83 69 76 9 0 11 T 0.0 M 7.7 17 150 M M 5 13 24 160
19 86 65 76 9 0 11 T 0.0 0 4.5 17 360 M M 6 1 23 360
20 65 53 59 -8 6 0 0.49 0.0 0 9.5 21 20 M M 9 13 29 10
21 67 50 59 -8 6 0 0.26 0.0 0 8.4 20 360 M M 2 1 29 360
22 71 45 58 -10 7 0 0.00 0.0 0 2.3 12 20 M M 0 19 50
23 77 44 61 -7 4 0 0.00 0.0 0 4.3 16 170 M M 1 12 22 170
================================================================================
SM 1549 1098 43 64 3.82 0.0 113.8 M 61
================================================================================
AV 77.5 54.9 6.3 FASTST M M 3 MAX(MPH)
MISC ----> 29 360 56 330
================================================================================
NOTES:
# LAST OF SEVERAL OCCURRENCES
COLUMN 17 PEAK WIND IN M.P.H.
PRELIMINARY LOCAL CLIMATOLOGICAL DATA (WS FORM: F-6) , PAGE 2
STATION: VICKSBURG
MONTH: APRIL
YEAR: 2024
LATITUDE: 32 20 N
LONGITUDE: 91 2 W
[TEMPERATURE DATA] [PRECIPITATION DATA] SYMBOLS USED IN COLUMN 16
AVERAGE MONTHLY: 66.2 TOTAL FOR MONTH: 3.82 1 = FOG OR MIST
DPTR FM NORMAL: 0.8 DPTR FM NORMAL: -0.99 2 = FOG REDUCING VISIBILITY
HIGHEST: 86 ON 19 GRTST 24HR 2.05 ON 9- 9 TO 1/4 MILE OR LESS
LOWEST: 39 ON 4 3 = THUNDER
SNOW, ICE PELLETS, HAIL 4 = ICE PELLETS
TOTAL MONTH: 0.0 INCH 5 = HAIL
GRTST 24HR 0.0 6 = FREEZING RAIN OR DRIZZLE
GRTST DEPTH: 0 7 = DUSTSTORM OR SANDSTORM:
VSBY 1/2 MILE OR LESS
8 = SMOKE OR HAZE
[NO. OF DAYS WITH] [WEATHER - DAYS WITH] 9 = BLOWING SNOW
X = TORNADO
MAX 32 OR BELOW: 0 0.01 INCH OR MORE: 5
MAX 90 OR ABOVE: 0 0.10 INCH OR MORE: 4
MIN 32 OR BELOW: 0 0.50 INCH OR MORE: 2
MIN 0 OR BELOW: 0 1.00 INCH OR MORE: 1
[HDD (BASE 65) ]
TOTAL THIS MO. 43 CLEAR (SCALE 0-3) 13
DPTR FM NORMAL -24 PTCLDY (SCALE 4-7) 7
TOTAL FM JUL 1 1874 CLOUDY (SCALE 8-10) 2
DPTR FM NORMAL -210
[CDD (BASE 65) ]
TOTAL THIS MO. 64
DPTR FM NORMAL -11 [PRESSURE DATA]
TOTAL FM JAN 1 104 HIGHEST SLP M ON M
DPTR FM NORMAL -27 LOWEST SLP 29.64 ON 2
[REMARKS]