000
CXUS53 KBIS 180830
CF6XWA
PRELIMINARY LOCAL CLIMATOLOGICAL DATA (WS FORM: F-6)
STATION: WILLISTON BASIN AIRPORT
MONTH: APRIL
YEAR: 2024
LATITUDE: 48 15 N
LONGITUDE: 103 45 W
TEMPERATURE IN F: :PCPN: SNOW: WIND :SUNSHINE: SKY :PK WND
================================================================================
1 2 3 4 5 6A 6B 7 8 9 10 11 12 13 14 15 16 17 18
12Z AVG MX 2MIN
DY MAX MIN AVG DEP HDD CDD WTR SNW DPTH SPD SPD DIR MIN PSBL S-S WX SPD DR
================================================================================
1 50 22 36 M 29 0 0.00 M M 12.3 21 190 M M 2 1 25 240
2 52 32 42 M 23 0 0.00 M M 10.1 18 330 M M 0 27 350
3 64 30 47 M 18 0 0.00 M M 12.4 21 150 M M 0 28 140
4 63 36 50 M 15 0 0.00 M M 16.9 29 140 M M 0 38 140
5 64 41 53 M 12 0 0.00 M M 26.7 39 140 M M 0 54 140
6 61 37 49 M 16 0 0.00 M M 15.4 26 140 M M 1 36 140
7 50 37 44 M 21 0 0.04 M M 9.5 17 100 M M 8 22 110
8 52 32 42 M 23 0 0.00 M M 9.8 20 280 M M 8 1 27 270
9 63 35 49 M 16 0 0.00 M M 13.8 24 280 M M 5 35 250
10 56 34 45 M 20 0 T M M 19.4 39 330 M M 4 51 330
11 56 29 43 M 22 0 0.00 M M 11.7 21 310 M M 0 30 310
12 75 32 54 M 11 0 0.00 M M 12.6 28 160 M M 1 37 160
13 74 46 60 M 5 0 0.00 M M 11.7 30 280 M M 2 39 270
14 72 41 57 M 8 0 0.00 M M 11.9 24 110 M M 2 35 130
15 63 43 53 M 12 0 0.00 M M 18.6 31 100 M M 2 39 100
16 61 37 49 M 16 0 T M M 10.0 26 310 M M 7 35 310
17 43 28 36 M 29 0 T M M 24.6 37 300 M M 8 49 290
================================================================================
SM 1019 592 296 0 0.04 M 247.4 M 50
================================================================================
AV 59.9 34.8 14.6 FASTST M M 3 MAX(MPH)
MISC ----> # 39 140 54 140
================================================================================
NOTES:
# LAST OF SEVERAL OCCURRENCES
COLUMN 17 PEAK WIND IN M.P.H.
PRELIMINARY LOCAL CLIMATOLOGICAL DATA (WS FORM: F-6) , PAGE 2
STATION: WILLISTON BASIN AIRPORT
MONTH: APRIL
YEAR: 2024
LATITUDE: 48 15 N
LONGITUDE: 103 45 W
[TEMPERATURE DATA] [PRECIPITATION DATA] SYMBOLS USED IN COLUMN 16
AVERAGE MONTHLY: 47.4 TOTAL FOR MONTH: 0.04 1 = FOG OR MIST
DPTR FM NORMAL: 0.0 DPTR FM NORMAL: 0.04 2 = FOG REDUCING VISIBILITY
HIGHEST: 75 ON 12 GRTST 24HR 0.04 ON 7- 7 TO 1/4 MILE OR LESS
LOWEST: 22 ON 1 3 = THUNDER
SNOW, ICE PELLETS, HAIL 4 = ICE PELLETS
TOTAL MONTH: M 5 = HAIL
GRTST 24HR M ON M 6 = FREEZING RAIN OR DRIZZLE
GRTST DEPTH: M ON M 7 = DUSTSTORM OR SANDSTORM:
VSBY 1/2 MILE OR LESS
8 = SMOKE OR HAZE
[NO. OF DAYS WITH] [WEATHER - DAYS WITH] 9 = BLOWING SNOW
X = TORNADO
MAX 32 OR BELOW: 0 0.01 INCH OR MORE: 1
MAX 90 OR ABOVE: 0 0.10 INCH OR MORE: 0
MIN 32 OR BELOW: 7 0.50 INCH OR MORE: 0
MIN 0 OR BELOW: 0 1.00 INCH OR MORE: 0
[HDD (BASE 65) ]
TOTAL THIS MO. 296 CLEAR (SCALE 0-3) 11
DPTR FM NORMAL M PTCLDY (SCALE 4-7) 5
TOTAL FM JUL 1 6831 CLOUDY (SCALE 8-10) 1
DPTR FM NORMAL M
[CDD (BASE 65) ]
TOTAL THIS MO. 0
DPTR FM NORMAL M [PRESSURE DATA]
TOTAL FM JAN 1 0 HIGHEST SLP M ON M
DPTR FM NORMAL M LOWEST SLP 29.62 ON 6
[REMARKS]