000
CDUS43 KUNR 260833
CLI2WX


CLIMATE REPORT
NATIONAL WEATHER SERVICE RAPID CITY SD
232 AM MDT SAT MAY 26 2018


...................................

...THE BUFFALO SD CLIMATE SUMMARY FOR MAY 25 2018...

CLIMATE NORMAL PERIOD 1981 TO 2010
CLIMATE RECORD PERIOD 9999 TO 9999


WEATHER ITEM   OBSERVED TIME   NORMAL DEPARTURE LAST
                VALUE   (LST)  VALUE  FROM      YEAR
                                      NORMAL
......................................................
TEMPERATURE (F)
 YESTERDAY
  MAXIMUM         84    439 PM  68     16       68
  MINIMUM         58    500 AM  45     13       44
  AVERAGE         71            56     15       56

PRECIPITATION (IN)
  YESTERDAY        0.00          0.15  -0.15     0.00
  MONTH TO DATE    1.61          2.25  -0.64     1.64
  SINCE MAR 1      4.50          4.57  -0.07     6.35
  SINCE JAN 1      5.98          5.14   0.84     6.65

DEGREE DAYS
 HEATING
  YESTERDAY        0             9     -9        9
  MONTH TO DATE  171           314   -143      248
  SINCE MAR 1   2119          1970    149     1665
  SINCE JUL 1   8054          7767    287     7016

 COOLING
  YESTERDAY        6             0      6        0
  MONTH TO DATE   25             0     25       13
  SINCE MAR 1     25             0     25       13
  SINCE JAN 1     25             0     25       13
......................................................


WIND (MPH)
  HIGHEST WIND SPEED    25   HIGHEST WIND DIRECTION     W (290)
  HIGHEST GUST SPEED    34   HIGHEST GUST DIRECTION     W (290)
  AVERAGE WIND SPEED    13.4




RELATIVE HUMIDITY (PERCENT)
 HIGHEST    77           500 AM
 LOWEST     29           300 PM
 AVERAGE    53

..........................................................




SUNRISE AND SUNSET
MAY 26 2018...........SUNRISE   513 AM MDT   SUNSET   831 PM MDT
MAY 27 2018...........SUNRISE   512 AM MDT   SUNSET   832 PM MDT


-  INDICATES NEGATIVE NUMBERS.
R  INDICATES RECORD WAS SET OR TIED.
MM INDICATES DATA IS MISSING.
T  INDICATES TRACE AMOUNT.




$$
