000
CDUS41 KPHI 262132
CLIABE


CLIMATE REPORT
NATIONAL WEATHER SERVICE MOUNT HOLLY NJ
531 PM EDT THU APR 26 2018


...................................

...THE ALLENTOWN PA CLIMATE SUMMARY FOR APRIL 26 2018...
VALID TODAY AS OF 0500 PM LOCAL TIME.

CLIMATE NORMAL PERIOD 1981 TO 2010
CLIMATE RECORD PERIOD 1922 TO 2018


WEATHER ITEM   OBSERVED TIME   RECORD YEAR NORMAL DEPARTURE LAST
                VALUE   (LST)  VALUE       VALUE  FROM      YEAR
                                                  NORMAL
..................................................................
TEMPERATURE (F)
 TODAY
  MAXIMUM         66    359 PM  92    1990  65      1       71
  MINIMUM         49    557 AM  30    2001  42      7       53
                                      1967
                                      1934
  AVERAGE         58                        54      4       62

PRECIPITATION (IN)
  TODAY            0.00          2.08 1929   0.12  -0.12     0.09
  MONTH TO DATE    3.34                      3.09   0.25     2.56
  SINCE MAR 1      6.57                      6.48   0.09     7.82
  SINCE JAN 1     15.24                     12.21   3.03    12.91

SNOWFALL (IN)
  TODAY            0.0           0.0    MM   0.0    0.0      0.0
  MONTH TO DATE    3.9                       1.0    2.9      0.0
  SINCE MAR 1     24.6                       5.9   18.7     18.3
  SINCE JUL 1     49.9                      32.9   17.0     28.3
  SNOW DEPTH       0

DEGREE DAYS
 HEATING
  TODAY            7                        12     -5        3
  MONTH TO DATE  482                       413     69      253
  SINCE MAR 1   1325                      1216    109     1088
  SINCE JUL 1   5148                      5525   -377     4590

 COOLING
  TODAY            0                         0      0        0
  MONTH TO DATE    4                         0      4        2
  SINCE MAR 1      4                         0      4        2
  SINCE JAN 1      4                         0      4        2
..................................................................


WIND (MPH)
  HIGHEST WIND SPEED    21   HIGHEST WIND DIRECTION    NW (300)
  HIGHEST GUST SPEED    26   HIGHEST GUST DIRECTION    NW (300)
  AVERAGE WIND SPEED    10.8


SKY COVER
  POSSIBLE SUNSHINE  MM
  AVERAGE SKY COVER 0.6


WEATHER CONDITIONS
 THE FOLLOWING WEATHER WAS RECORDED TODAY.
  NO SIGNIFICANT WEATHER WAS OBSERVED.


RELATIVE HUMIDITY (PERCENT)
 HIGHEST    86           100 AM
 LOWEST     40           400 PM
 AVERAGE    63

..........................................................


THE ALLENTOWN PA CLIMATE NORMALS FOR TOMORROW
                         NORMAL    RECORD    YEAR
 MAXIMUM TEMPERATURE (F)   66        92      1990
 MINIMUM TEMPERATURE (F)   42        30      1933


SUNRISE AND SUNSET
APRIL 26 2018.........SUNRISE   607 AM EDT   SUNSET   753 PM EDT
APRIL 27 2018.........SUNRISE   606 AM EDT   SUNSET   754 PM EDT


-  INDICATES NEGATIVE NUMBERS.
R  INDICATES RECORD WAS SET OR TIED.
MM INDICATES DATA IS MISSING.
T  INDICATES TRACE AMOUNT.




$$
