000
CDUS45 KABQ 260018
CLIABQ


CLIMATE REPORT
NATIONAL WEATHER SERVICE ALBUQUERQUE NM
618 PM MDT FRI MAY 25 2018


...................................

...THE ALBUQUERQUE  NM CLIMATE SUMMARY FOR MAY 25 2018...
VALID TODAY AS OF 0500 PM LOCAL TIME.

CLIMATE NORMAL PERIOD 1981 TO 2010
CLIMATE RECORD PERIOD 1891 TO 2018


WEATHER ITEM   OBSERVED TIME   RECORD YEAR NORMAL DEPARTURE LAST
                VALUE   (LST)  VALUE       VALUE  FROM      YEAR
                                                  NORMAL
..................................................................
TEMPERATURE (F)
 TODAY
  MAXIMUM         90    436 PM  92    2013  82      8       86
                                      2006
                                      1984
  MINIMUM         59    250 AM  33    1980  55      4       67
  AVERAGE         75                        68      7       77

PRECIPITATION (IN)
  TODAY            0.00          0.77 1994   0.02  -0.02
  MONTH TO DATE    0.12                      0.40  -0.28
  SINCE MAR 1      0.30                      1.58  -1.28
  SINCE JAN 1      0.84                      2.44  -1.60

SNOWFALL (IN)
  TODAY            0.0
  MONTH TO DATE    T
  SINCE MAR 1      T
  SINCE JUL 1      0.3
  SNOW DEPTH       0

DEGREE DAYS
 HEATING
  TODAY            0                         1     -1        0
  MONTH TO DATE   24                        66    -42       72
  SINCE MAR 1    626                       867   -241      618
  SINCE JUL 1   3329                      4170   -841     3300

 COOLING
  TODAY           10                         5      5       12
  MONTH TO DATE  131                        60     71       51
  SINCE MAR 1    145                        67     78       56
  SINCE JAN 1    145                        67     78       56
..................................................................


WIND (MPH)
  HIGHEST WIND SPEED    14   HIGHEST WIND DIRECTION     W (260)
  HIGHEST GUST SPEED    22   HIGHEST GUST DIRECTION     W (260)
  AVERAGE WIND SPEED     6.5


SKY COVER
  POSSIBLE SUNSHINE  MM
  AVERAGE SKY COVER 0.1



RELATIVE HUMIDITY (PERCENT)
 HIGHEST    20           500 AM
 LOWEST      8           200 PM
 AVERAGE    14

..........................................................


THE ALBUQUERQUE  NM CLIMATE NORMALS FOR TOMORROW
                         NORMAL    RECORD    YEAR
 MAXIMUM TEMPERATURE (F)   82        95      1951
 MINIMUM TEMPERATURE (F)   55        34      1917


SUNRISE AND SUNSET
MAY 25 2018...........SUNRISE   556 AM MDT   SUNSET   811 PM MDT
MAY 26 2018...........SUNRISE   556 AM MDT   SUNSET   811 PM MDT


-  INDICATES NEGATIVE NUMBERS.
R  INDICATES RECORD WAS SET OR TIED.
MM INDICATES DATA IS MISSING.
T  INDICATES TRACE AMOUNT.




$$
