000
CDAK48 PAFC 211304
CLIADQ


CLIMATE REPORT
NATIONAL WEATHER SERVICE ANCHORAGE, AK
504 AM AKDT MON MAY 21 2018


...................................

...THE KODIAK CLIMATE SUMMARY FOR MAY 20 2018...

CLIMATE NORMAL PERIOD 1981 TO 2010
CLIMATE RECORD PERIOD 1913 TO 2018


WEATHER ITEM   OBSERVED TIME   RECORD YEAR NORMAL DEPARTURE LAST
                VALUE   (LST)  VALUE       VALUE  FROM      YEAR
                                                  NORMAL
..................................................................
TEMPERATURE (F)
 YESTERDAY
  MAXIMUM         45    837 PM  69    1993  51     -6       48
  MINIMUM         44   1159 PM  30    1985  40      4       41
  AVERAGE         45                        45      0       45

PRECIPITATION (IN)
  YESTERDAY        0.89          2.30 1924   0.19   0.70     0.05
  MONTH TO DATE    6.64                      3.49   3.15     6.36
  SINCE MAR 1     14.41                     14.83  -0.42    14.41
  SINCE JAN 1     25.34                     29.26  -3.92    19.95

SNOWFALL (IN)
  YESTERDAY        0.0          MM      MM   0.0    0.0      0.0
  MONTH TO DATE    0.0                       0.2   -0.2      0.0
  SINCE MAR 1      1.1                      19.5  -18.4      2.6
  SINCE JUL 1     17.9                      68.9  -51.0     28.4
  SNOW DEPTH       0

DEGREE DAYS
 HEATING
  YESTERDAY       20                        20      0       20
  MONTH TO DATE  435                       434      1      397
  SINCE MAR 1   2037                      2254   -217     2257
  SINCE JUL 1   7338                      8126   -788     7598

 COOLING
  YESTERDAY        0                         0      0        0
  MONTH TO DATE    0                         0      0        0
  SINCE MAR 1      0                         0      0        0
  SINCE JAN 1      0                         0      0        0
..................................................................


WIND (MPH)
  RESULTANT WIND SPEED  18   RESULTANT WIND DIRECTION  NE (50)
  HIGHEST WIND SPEED    26   HIGHEST WIND DIRECTION    NE (40)
  HIGHEST GUST SPEED    32   HIGHEST GUST DIRECTION    NE (30)
  AVERAGE WIND SPEED    18.2



WEATHER CONDITIONS
 THE FOLLOWING WEATHER WAS RECORDED YESTERDAY.
  LIGHT RAIN
  FOG


RELATIVE HUMIDITY (PERCENT)
 HIGHEST    92
 LOWEST     89
 AVERAGE    91

..........................................................


THE KODIAK CLIMATE NORMALS FOR TODAY
                         NORMAL    RECORD    YEAR
 MAXIMUM TEMPERATURE (F)   51        66      1949
 MINIMUM TEMPERATURE (F)   40        30      1985
                                             1977


SUNRISE AND SUNSET
MAY 21 2018...........SUNRISE   535 AM AKDT  SUNSET  1039 PM AKDT
MAY 22 2018...........SUNRISE   534 AM AKDT  SUNSET  1041 PM AKDT


-  INDICATES NEGATIVE NUMBERS.
R  INDICATES RECORD WAS SET OR TIED.
MM INDICATES DATA IS MISSING.
T  INDICATES TRACE AMOUNT.




$$
