000
CDUS44 KLCH 200859
CLIAEX


CLIMATE REPORT
NATIONAL WEATHER SERVICE LAKE CHARLES, LA
348 AM CDT FRI APR 20 2018


...................................

...THE ALEXANDRIA CLIMATE SUMMARY FOR APRIL 19 2018...

CLIMATE NORMAL PERIOD 1981 TO 2010
CLIMATE RECORD PERIOD 1892 TO 2018


WEATHER ITEM   OBSERVED TIME   RECORD YEAR NORMAL DEPARTURE LAST
                VALUE   (LST)  VALUE       VALUE  FROM      YEAR
                                                  NORMAL
..................................................................
TEMPERATURE (F)
 YESTERDAY
  MAXIMUM         71    216 PM  94    1987  79     -8       83
  MINIMUM         50   1159 PM  38    1901  55     -5       65
  AVERAGE         61                        67     -6       74

PRECIPITATION (IN)
  YESTERDAY        0.00          4.20 1914   0.14  -0.14     0.00
  MONTH TO DATE    2.70                      3.19  -0.49     9.82
  SINCE MAR 1     12.28                      8.24   4.04    11.97
  SINCE JAN 1     28.77                     17.92  10.85    19.68

SNOWFALL (IN)
  YESTERDAY        0.0           0.0    MM  MM     MM        0.0
  MONTH TO DATE    0.0                      MM     MM        0.0
  SINCE MAR 1      0.0                      MM     MM        0.0
  SINCE JUL 1      2.9                      MM     MM        0.5
  SNOW DEPTH       0

DEGREE DAYS
 HEATING
  YESTERDAY        4                         1      3        0
  MONTH TO DATE   86                        57     29       14
  SINCE MAR 1    227                       272    -45      143
  SINCE JUL 1   1849                      1937    -88     1119

 COOLING
  YESTERDAY        0                         4     -4        9
  MONTH TO DATE   37                        54    -17       89
  SINCE MAR 1    108                        90     18      194
  SINCE JAN 1    167                       107     60      276
..................................................................


WIND (MPH)
  HIGHEST WIND SPEED    16   HIGHEST WIND DIRECTION    NE (60)
  HIGHEST GUST SPEED    21   HIGHEST GUST DIRECTION     N (350)
  AVERAGE WIND SPEED     8.9


SKY COVER
  POSSIBLE SUNSHINE  MM
  AVERAGE SKY COVER 0.1


WEATHER CONDITIONS
 THE FOLLOWING WEATHER WAS RECORDED YESTERDAY.
  FOG
  HAZE


RELATIVE HUMIDITY (PERCENT)
 HIGHEST    93          1200 AM
 LOWEST     35          1200 PM
 AVERAGE    64

..........................................................


THE ALEXANDRIA CLIMATE NORMALS FOR TODAY
                         NORMAL    RECORD    YEAR
 MAXIMUM TEMPERATURE (F)   79        94      1987
 MINIMUM TEMPERATURE (F)   56        36      1893


SUNRISE AND SUNSET
APRIL 20 2018.........SUNRISE   636 AM CDT   SUNSET   742 PM CDT
APRIL 21 2018.........SUNRISE   635 AM CDT   SUNSET   743 PM CDT


-  INDICATES NEGATIVE NUMBERS.
R  INDICATES RECORD WAS SET OR TIED.
MM INDICATES DATA IS MISSING.
T  INDICATES TRACE AMOUNT.




$$
