000
CDUS45 KPUB 191041
CLIALS


CLIMATE REPORT
NATIONAL WEATHER SERVICE PUEBLO
441 AM MDT THU APR 19 2018


...................................

...THE ALAMOSA CO CLIMATE SUMMARY FOR APRIL 18 2018...

CLIMATE NORMAL PERIOD 1981 TO 2010
CLIMATE RECORD PERIOD 1932 TO 2018


WEATHER ITEM   OBSERVED TIME   RECORD YEAR NORMAL DEPARTURE LAST
                VALUE   (LST)  VALUE       VALUE  FROM      YEAR
                                                  NORMAL
..................................................................
TEMPERATURE (F)
 YESTERDAY
  MAXIMUM         58    541 PM  74    2017  60     -2       74
                                      2001
  MINIMUM         13    529 AM   8    2013  25    -12       28
  AVERAGE         36                        42     -6       51

PRECIPITATION (IN)
  YESTERDAY        0.00          0.42 1942   0.02  -0.02     0.00
  MONTH TO DATE    0.10                      0.34  -0.24     0.35
  SINCE MAR 1      0.25                      0.87  -0.62     1.08
  SINCE JAN 1      0.56                      1.39  -0.83     2.73

SNOWFALL (IN)
  YESTERDAY        0.0           4.8  1998   0.1   -0.1      0.0
  MONTH TO DATE    T                         2.4   -2.4      3.2
  SINCE MAR 1      1.8                       7.4   -5.6      3.9
  SINCE JUL 1      8.8                      25.5  -16.7     39.4
  SNOW DEPTH       0

DEGREE DAYS
 HEATING
  YESTERDAY       29                        23      6       14
  MONTH TO DATE  381                       449    -68      369
  SINCE MAR 1   1317                      1426   -109     1108
  SINCE JUL 1   6592                      7755  -1163     6897

 COOLING
  YESTERDAY        0                         0      0        0
  MONTH TO DATE    0                         0      0        0
  SINCE MAR 1      0                         0      0        0
  SINCE JAN 1      0                         0      0        0
..................................................................


WIND (MPH)
  HIGHEST WIND SPEED    20   HIGHEST WIND DIRECTION    SW (230)
  HIGHEST GUST SPEED    23   HIGHEST GUST DIRECTION    SW (220)
  AVERAGE WIND SPEED     7.9


SKY COVER
  POSSIBLE SUNSHINE  MM
  AVERAGE SKY COVER 0.0


WEATHER CONDITIONS
 THE FOLLOWING WEATHER WAS RECORDED YESTERDAY.
  NO SIGNIFICANT WEATHER WAS OBSERVED.


RELATIVE HUMIDITY (PERCENT)
 HIGHEST    61           500 AM
 LOWEST      7           600 PM
 AVERAGE    34

..........................................................


THE ALAMOSA CO CLIMATE NORMALS FOR TODAY
                         NORMAL    RECORD    YEAR
 MAXIMUM TEMPERATURE (F)   60        74      1989
                                             1962
 MINIMUM TEMPERATURE (F)   25         6      2013


SUNRISE AND SUNSET
APRIL 19 2018.........SUNRISE   623 AM MDT   SUNSET   743 PM MDT
APRIL 20 2018.........SUNRISE   622 AM MDT   SUNSET   743 PM MDT


-  INDICATES NEGATIVE NUMBERS.
R  INDICATES RECORD WAS SET OR TIED.
MM INDICATES DATA IS MISSING.
T  INDICATES TRACE AMOUNT.




$$
