000
CDAK48 PAFC 230040
CLIANC


CLIMATE REPORT
NATIONAL WEATHER SERVICE ANCHORAGE, AK
439 PM AKDT SUN APR 22 2018


...................................

...THE ANCHORAGE AK CLIMATE SUMMARY FOR APRIL 22 2018...
VALID TODAY AS OF 0400 PM LOCAL TIME.

CLIMATE NORMAL PERIOD 1981 TO 2010
CLIMATE RECORD PERIOD 1952 TO 2018


WEATHER ITEM   OBSERVED TIME   RECORD YEAR NORMAL DEPARTURE LAST
                VALUE   (LST)  VALUE       VALUE  FROM      YEAR
                                                  NORMAL
..................................................................
TEMPERATURE (F)
 TODAY
  MAXIMUM         49    242 PM  56    2017  47      2       56
                                      2016
                                      2014
  MINIMUM         31    454 AM  18    1972  32     -1       30
  AVERAGE         40                        39      1       43

PRECIPITATION (IN)
  TODAY            0.00          0.18 2010   0.01  -0.01     0.00
  MONTH TO DATE    0.08                      0.33  -0.25     0.02
  SINCE MAR 1      0.90                      0.93  -0.03     0.69
  SINCE JAN 1      4.04                      2.38   1.66     3.39

SNOWFALL (IN)
  TODAY            0.0           1.7  2010   0.1   -0.1      0.0
  MONTH TO DATE    T                         3.4   -3.4       T
  SINCE MAR 1     10.8                      13.3   -2.5     10.3
  SINCE JUL 1     59.1                      73.6  -14.5     82.4
  SNOW DEPTH       0

DEGREE DAYS
 HEATING
  TODAY           25                        26     -1       22
  MONTH TO DATE  582                       655    -73      577
  SINCE MAR 1   1730                      1847   -117     1986
  SINCE JUL 1   8454                      9176   -722     9024

 COOLING
  TODAY            0                         0      0        0
  MONTH TO DATE    0                         0      0        0
  SINCE MAR 1      0                         0      0        0
  SINCE JAN 1      0                         0      0        0
..................................................................


WIND (MPH)
  RESULTANT WIND SPEED   3   RESULTANT WIND DIRECTION   W (270)
  HIGHEST WIND SPEED    10   HIGHEST WIND DIRECTION     S (200)
  HIGHEST GUST SPEED    13   HIGHEST GUST DIRECTION     S (200)
  AVERAGE WIND SPEED     5.3


SKY COVER
  POSSIBLE SUNSHINE  MM
  AVERAGE SKY COVER 0.8


WEATHER CONDITIONS
 THE FOLLOWING WEATHER WAS RECORDED TODAY.
  NO SIGNIFICANT WEATHER WAS OBSERVED.


RELATIVE HUMIDITY (PERCENT)
 HIGHEST    92           500 AM
 LOWEST     53           200 PM
 AVERAGE    73

..........................................................


THE ANCHORAGE AK CLIMATE NORMALS FOR TOMORROW
                         NORMAL    RECORD    YEAR
 MAXIMUM TEMPERATURE (F)   48        57      1977
                                             1956
 MINIMUM TEMPERATURE (F)   32        18      1972


SUNRISE AND SUNSET
APRIL 22 2018.........SUNRISE   617 AM AKDT  SUNSET   941 PM AKDT
APRIL 23 2018.........SUNRISE   614 AM AKDT  SUNSET   944 PM AKDT


-  INDICATES NEGATIVE NUMBERS.
R  INDICATES RECORD WAS SET OR TIED.
MM INDICATES DATA IS MISSING.
T  INDICATES TRACE AMOUNT.




$$
